INSERT INTO `wpva_followup_email_orders` (`id`, `user_id`, `user_email`, `order_id`, `product_id`, `email_id`, `send_on`, `is_cart`, `is_sent`, `date_sent`, `email_trigger`, `meta`, `status`) VALUES
(1514, 0, 'info@kids.shweetproducts.com', 0, 0, '0', 1555048800, 0, 0, '0000-00-00 00:00:00', 'Daily summary', 'a:5:{s:13:\"daily_summary\";b:1;s:5:\"email\";s:28:\"info@kids.shweetproducts.com\";s:7:\"subject\";s:24:\"Follow-up emails summary\";s:7:\"message\";s:0:\"\";s:5:\"notes\";a:3:{i:0;a:2:{s:4:\"date\";s:19:\"2019-04-11 06:36:25\";s:7:\"message\";s:50:\"Email has been added to the queue (Queue ID #1514)\";}i:1;a:2:{s:4:\"date\";s:19:\"2019-04-11 06:36:25\";s:7:\"message\";s:52:\"Email is scheduled to be sent on 2019-04-12 06:00:00\";}i:2;a:2:{s:4:\"date\";s:19:\"2019-04-12 06:14:08\";s:7:\"message\";s:55:\"Skipped sending because there was no message to be sent\";}}}', -1),
(1515, 0, 'info@kids.shweetproducts.com', 0, 0, '0', 1555048800, 0, 0, '0000-00-00 00:00:00', 'Daily summary', 'a:5:{s:13:\"daily_summary\";b:1;s:5:\"email\";s:28:\"info@kids.shweetproducts.com\";s:7:\"subject\";s:24:\"Follow-up emails summary\";s:7:\"message\";s:0:\"\";s:5:\"notes\";a:3:{i:0;a:2:{s:4:\"date\";s:19:\"2019-04-12 06:14:08\";s:7:\"message\";s:50:\"Email has been added to the queue (Queue ID #1515)\";}i:1;a:2:{s:4:\"date\";s:19:\"2019-04-12 06:14:08\";s:7:\"message\";s:52:\"Email is scheduled to be sent on 2019-04-12 06:00:00\";}i:2;a:2:{s:4:\"date\";s:19:\"2019-04-12 06:14:08\";s:7:\"message\";s:55:\"Skipped sending because there was no message to be sent\";}}}', -1),
(1516, 0, 'info@kids.shweetproducts.com', 0, 0, '0', 1555135200, 0, 0, '0000-00-00 00:00:00', 'Daily summary', 'a:5:{s:13:\"daily_summary\";b:1;s:5:\"email\";s:28:\"info@kids.shweetproducts.com\";s:7:\"subject\";s:24:\"Follow-up emails summary\";s:7:\"message\";s:0:\"\";s:5:\"notes\";a:3:{i:0;a:2:{s:4:\"date\";s:19:\"2019-04-12 06:14:08\";s:7:\"message\";s:50:\"Email has been added to the queue (Queue ID #1516)\";}i:1;a:2:{s:4:\"date\";s:19:\"2019-04-12 06:14:08\";s:7:\"message\";s:52:\"Email is scheduled to be sent on 2019-04-13 06:00:00\";}i:2;a:2:{s:4:\"date\";s:19:\"2019-04-13 06:11:46\";s:7:\"message\";s:55:\"Skipped sending because there was no message to be sent\";}}}', -1),
(1517, 0, 'info@kids.shweetproducts.com', 0, 0, '0', 1555135200, 0, 0, '0000-00-00 00:00:00', 'Daily summary', 'a:5:{s:13:\"daily_summary\";b:1;s:5:\"email\";s:28:\"info@kids.shweetproducts.com\";s:7:\"subject\";s:24:\"Follow-up emails summary\";s:7:\"message\";s:0:\"\";s:5:\"notes\";a:3:{i:0;a:2:{s:4:\"date\";s:19:\"2019-04-13 06:11:46\";s:7:\"message\";s:50:\"Email has been added to the queue (Queue ID #1517)\";}i:1;a:2:{s:4:\"date\";s:19:\"2019-04-13 06:11:46\";s:7:\"message\";s:52:\"Email is scheduled to be sent on 2019-04-13 06:00:00\";}i:2;a:2:{s:4:\"date\";s:19:\"2019-04-13 06:11:46\";s:7:\"message\";s:55:\"Skipped sending because there was no message to be sent\";}}}', -1),
(1518, 0, 'info@kids.shweetproducts.com', 0, 0, '0', 1555221600, 0, 0, '0000-00-00 00:00:00', 'Daily summary', 'a:5:{s:13:\"daily_summary\";b:1;s:5:\"email\";s:28:\"info@kids.shweetproducts.com\";s:7:\"subject\";s:24:\"Follow-up emails summary\";s:7:\"message\";s:0:\"\";s:5:\"notes\";a:3:{i:0;a:2:{s:4:\"date\";s:19:\"2019-04-13 06:11:46\";s:7:\"message\";s:50:\"Email has been added to the queue (Queue ID #1518)\";}i:1;a:2:{s:4:\"date\";s:19:\"2019-04-13 06:11:46\";s:7:\"message\";s:52:\"Email is scheduled to be sent on 2019-04-14 06:00:00\";}i:2;a:2:{s:4:\"date\";s:19:\"2019-04-14 06:04:37\";s:7:\"message\";s:55:\"Skipped sending because there was no message to be sent\";}}}', -1),
(1519, 0, 'info@kids.shweetproducts.com', 0, 0, '0', 1555221600, 0, 0, '0000-00-00 00:00:00', 'Daily summary', 'a:5:{s:13:\"daily_summary\";b:1;s:5:\"email\";s:28:\"info@kids.shweetproducts.com\";s:7:\"subject\";s:24:\"Follow-up emails summary\";s:7:\"message\";s:0:\"\";s:5:\"notes\";a:3:{i:0;a:2:{s:4:\"date\";s:19:\"2019-04-14 06:04:37\";s:7:\"message\";s:50:\"Email has been added to the queue (Queue ID #1519)\";}i:1;a:2:{s:4:\"date\";s:19:\"2019-04-14 06:04:37\";s:7:\"message\";s:52:\"Email is scheduled to be sent on 2019-04-14 06:00:00\";}i:2;a:2:{s:4:\"date\";s:19:\"2019-04-14 06:04:37\";s:7:\"message\";s:55:\"Skipped sending because there was no message to be sent\";}}}', -1),
(1520, 0, 'info@kids.shweetproducts.com', 0, 0, '0', 1555308000, 0, 0, '0000-00-00 00:00:00', 'Daily summary', 'a:5:{s:13:\"daily_summary\";b:1;s:5:\"email\";s:28:\"info@kids.shweetproducts.com\";s:7:\"subject\";s:24:\"Follow-up emails summary\";s:7:\"message\";s:0:\"\";s:5:\"notes\";a:3:{i:0;a:2:{s:4:\"date\";s:19:\"2019-04-14 06:04:37\";s:7:\"message\";s:50:\"Email has been added to the queue (Queue ID #1520)\";}i:1;a:2:{s:4:\"date\";s:19:\"2019-04-14 06:04:37\";s:7:\"message\";s:52:\"Email is scheduled to be sent on 2019-04-15 06:00:00\";}i:2;a:2:{s:4:\"date\";s:19:\"2019-04-15 06:07:29\";s:7:\"message\";s:55:\"Skipped sending because there was no message to be sent\";}}}', -1),
(1521, 0, 'info@kids.shweetproducts.com', 0, 0, '0', 1555308000, 0, 0, '0000-00-00 00:00:00', 'Daily summary', 'a:5:{s:13:\"daily_summary\";b:1;s:5:\"email\";s:28:\"info@kids.shweetproducts.com\";s:7:\"subject\";s:24:\"Follow-up emails summary\";s:7:\"message\";s:0:\"\";s:5:\"notes\";a:3:{i:0;a:2:{s:4:\"date\";s:19:\"2019-04-15 06:07:29\";s:7:\"message\";s:50:\"Email has been added to the queue (Queue ID #1521)\";}i:1;a:2:{s:4:\"date\";s:19:\"2019-04-15 06:07:29\";s:7:\"message\";s:52:\"Email is scheduled to be sent on 2019-04-15 06:00:00\";}i:2;a:2:{s:4:\"date\";s:19:\"2019-04-15 06:07:30\";s:7:\"message\";s:55:\"Skipped sending because there was no message to be sent\";}}}', -1),
(1522, 0, 'info@kids.shweetproducts.com', 0, 0, '0', 1555394400, 0, 0, '0000-00-00 00:00:00', 'Daily summary', 'a:5:{s:13:\"daily_summary\";b:1;s:5:\"email\";s:28:\"info@kids.shweetproducts.com\";s:7:\"subject\";s:24:\"Follow-up emails summary\";s:7:\"message\";s:0:\"\";s:5:\"notes\";a:3:{i:0;a:2:{s:4:\"date\";s:19:\"2019-04-15 06:07:30\";s:7:\"message\";s:50:\"Email has been added to the queue (Queue ID #1522)\";}i:1;a:2:{s:4:\"date\";s:19:\"2019-04-15 06:07:30\";s:7:\"message\";s:52:\"Email is scheduled to be sent on 2019-04-16 06:00:00\";}i:2;a:2:{s:4:\"date\";s:19:\"2019-04-16 06:03:29\";s:7:\"message\";s:55:\"Skipped sending because there was no message to be sent\";}}}', -1),
(1523, 0, 'info@kids.shweetproducts.com', 0, 0, '0', 1555394400, 0, 0, '0000-00-00 00:00:00', 'Daily summary', 'a:5:{s:13:\"daily_summary\";b:1;s:5:\"email\";s:28:\"info@kids.shweetproducts.com\";s:7:\"subject\";s:24:\"Follow-up emails summary\";s:7:\"message\";s:0:\"\";s:5:\"notes\";a:3:{i:0;a:2:{s:4:\"date\";s:19:\"2019-04-16 06:03:29\";s:7:\"message\";s:50:\"Email has been added to the queue (Queue ID #1523)\";}i:1;a:2:{s:4:\"date\";s:19:\"2019-04-16 06:03:29\";s:7:\"message\";s:52:\"Email is scheduled to be sent on 2019-04-16 06:00:00\";}i:2;a:2:{s:4:\"date\";s:19:\"2019-04-16 06:03:29\";s:7:\"message\";s:55:\"Skipped sending because there was no message to be sent\";}}}', -1),
(1524, 0, 'info@kids.shweetproducts.com', 0, 0, '0', 1555480800, 0, 0, '0000-00-00 00:00:00', 'Daily summary', 'a:5:{s:13:\"daily_summary\";b:1;s:5:\"email\";s:28:\"info@kids.shweetproducts.com\";s:7:\"subject\";s:24:\"Follow-up emails summary\";s:7:\"message\";s:0:\"\";s:5:\"notes\";a:3:{i:0;a:2:{s:4:\"date\";s:19:\"2019-04-16 06:03:29\";s:7:\"message\";s:50:\"Email has been added to the queue (Queue ID #1524)\";}i:1;a:2:{s:4:\"date\";s:19:\"2019-04-16 06:03:29\";s:7:\"message\";s:52:\"Email is scheduled to be sent on 2019-04-17 06:00:00\";}i:2;a:2:{s:4:\"date\";s:19:\"2019-04-17 06:08:51\";s:7:\"message\";s:55:\"Skipped sending because there was no message to be sent\";}}}', -1),
(1525, 0, 'info@kids.shweetproducts.com', 0, 0, '0', 1555480800, 0, 0, '0000-00-00 00:00:00', 'Daily summary', 'a:5:{s:13:\"daily_summary\";b:1;s:5:\"email\";s:28:\"info@kids.shweetproducts.com\";s:7:\"subject\";s:24:\"Follow-up emails summary\";s:7:\"message\";s:0:\"\";s:5:\"notes\";a:3:{i:0;a:2:{s:4:\"date\";s:19:\"2019-04-17 06:08:51\";s:7:\"message\";s:50:\"Email has been added to the queue (Queue ID #1525)\";}i:1;a:2:{s:4:\"date\";s:19:\"2019-04-17 06:08:51\";s:7:\"message\";s:52:\"Email is scheduled to be sent on 2019-04-17 06:00:00\";}i:2;a:2:{s:4:\"date\";s:19:\"2019-04-17 06:08:52\";s:7:\"message\";s:55:\"Skipped sending because there was no message to be sent\";}}}', -1),
(1526, 0, 'info@kids.shweetproducts.com', 0, 0, '0', 1555567200, 0, 0, '0000-00-00 00:00:00', 'Daily summary', 'a:5:{s:13:\"daily_summary\";b:1;s:5:\"email\";s:28:\"info@kids.shweetproducts.com\";s:7:\"subject\";s:24:\"Follow-up emails summary\";s:7:\"message\";s:0:\"\";s:5:\"notes\";a:3:{i:0;a:2:{s:4:\"date\";s:19:\"2019-04-17 06:08:51\";s:7:\"message\";s:50:\"Email has been added to the queue (Queue ID #1526)\";}i:1;a:2:{s:4:\"date\";s:19:\"2019-04-17 06:08:51\";s:7:\"message\";s:52:\"Email is scheduled to be sent on 2019-04-18 06:00:00\";}i:2;a:2:{s:4:\"date\";s:19:\"2019-04-18 06:58:11\";s:7:\"message\";s:55:\"Skipped sending because there was no message to be sent\";}}}', -1),
(1527, 0, 'info@kids.shweetproducts.com', 0, 0, '0', 1555567200, 0, 0, '0000-00-00 00:00:00', 'Daily summary', 'a:5:{s:13:\"daily_summary\";b:1;s:5:\"email\";s:28:\"info@kids.shweetproducts.com\";s:7:\"subject\";s:24:\"Follow-up emails summary\";s:7:\"message\";s:0:\"\";s:5:\"notes\";a:3:{i:0;a:2:{s:4:\"date\";s:19:\"2019-04-18 06:58:11\";s:7:\"message\";s:50:\"Email has been added to the queue (Queue ID #1527)\";}i:1;a:2:{s:4:\"date\";s:19:\"2019-04-18 06:58:11\";s:7:\"message\";s:52:\"Email is scheduled to be sent on 2019-04-18 06:00:00\";}i:2;a:2:{s:4:\"date\";s:19:\"2019-04-18 06:58:11\";s:7:\"message\";s:55:\"Skipped sending because there was no message to be sent\";}}}', -1),
(1528, 0, 'info@kids.shweetproducts.com', 0, 0, '0', 1555653600, 0, 0, '0000-00-00 00:00:00', 'Daily summary', 'a:5:{s:13:\"daily_summary\";b:1;s:5:\"email\";s:28:\"info@kids.shweetproducts.com\";s:7:\"subject\";s:24:\"Follow-up emails summary\";s:7:\"message\";s:0:\"\";s:5:\"notes\";a:3:{i:0;a:2:{s:4:\"date\";s:19:\"2019-04-18 06:58:11\";s:7:\"message\";s:50:\"Email has been added to the queue (Queue ID #1528)\";}i:1;a:2:{s:4:\"date\";s:19:\"2019-04-18 06:58:11\";s:7:\"message\";s:52:\"Email is scheduled to be sent on 2019-04-19 06:00:00\";}i:2;a:2:{s:4:\"date\";s:19:\"2019-04-19 07:14:28\";s:7:\"message\";s:55:\"Skipped sending because there was no message to be sent\";}}}', -1),
(1529, 0, 'info@kids.shweetproducts.com', 0, 0, '0', 1555653600, 0, 0, '0000-00-00 00:00:00', 'Daily summary', 'a:5:{s:13:\"daily_summary\";b:1;s:5:\"email\";s:28:\"info@kids.shweetproducts.com\";s:7:\"subject\";s:24:\"Follow-up emails summary\";s:7:\"message\";s:0:\"\";s:5:\"notes\";a:3:{i:0;a:2:{s:4:\"date\";s:19:\"2019-04-19 07:14:28\";s:7:\"message\";s:50:\"Email has been added to the queue (Queue ID #1529)\";}i:1;a:2:{s:4:\"date\";s:19:\"2019-04-19 07:14:28\";s:7:\"message\";s:52:\"Email is scheduled to be sent on 2019-04-19 06:00:00\";}i:2;a:2:{s:4:\"date\";s:19:\"2019-04-19 07:14:28\";s:7:\"message\";s:55:\"Skipped sending because there was no message to be sent\";}}}', -1),
(1530, 0, 'info@kids.shweetproducts.com', 0, 0, '0', 1555740000, 0, 0, '0000-00-00 00:00:00', 'Daily summary', 'a:5:{s:13:\"daily_summary\";b:1;s:5:\"email\";s:28:\"info@kids.shweetproducts.com\";s:7:\"subject\";s:24:\"Follow-up emails summary\";s:7:\"message\";s:0:\"\";s:5:\"notes\";a:3:{i:0;a:2:{s:4:\"date\";s:19:\"2019-04-19 07:14:28\";s:7:\"message\";s:50:\"Email has been added to the queue (Queue ID #1530)\";}i:1;a:2:{s:4:\"date\";s:19:\"2019-04-19 07:14:28\";s:7:\"message\";s:52:\"Email is scheduled to be sent on 2019-04-20 06:00:00\";}i:2;a:2:{s:4:\"date\";s:19:\"2019-04-20 06:14:13\";s:7:\"message\";s:55:\"Skipped sending because there was no message to be sent\";}}}', -1),
(1531, 0, 'info@kids.shweetproducts.com', 0, 0, '0', 1555740000, 0, 0, '0000-00-00 00:00:00', 'Daily summary', 'a:5:{s:13:\"daily_summary\";b:1;s:5:\"email\";s:28:\"info@kids.shweetproducts.com\";s:7:\"subject\";s:24:\"Follow-up emails summary\";s:7:\"message\";s:0:\"\";s:5:\"notes\";a:3:{i:0;a:2:{s:4:\"date\";s:19:\"2019-04-20 06:14:13\";s:7:\"message\";s:50:\"Email has been added to the queue (Queue ID #1531)\";}i:1;a:2:{s:4:\"date\";s:19:\"2019-04-20 06:14:13\";s:7:\"message\";s:52:\"Email is scheduled to be sent on 2019-04-20 06:00:00\";}i:2;a:2:{s:4:\"date\";s:19:\"2019-04-20 06:14:13\";s:7:\"message\";s:55:\"Skipped sending because there was no message to be sent\";}}}', -1),
(1532, 0, 'info@kids.shweetproducts.com', 0, 0, '0', 1555826400, 0, 0, '0000-00-00 00:00:00', 'Daily summary', 'a:5:{s:13:\"daily_summary\";b:1;s:5:\"email\";s:28:\"info@kids.shweetproducts.com\";s:7:\"subject\";s:24:\"Follow-up emails summary\";s:7:\"message\";s:0:\"\";s:5:\"notes\";a:3:{i:0;a:2:{s:4:\"date\";s:19:\"2019-04-20 06:14:13\";s:7:\"message\";s:50:\"Email has been added to the queue (Queue ID #1532)\";}i:1;a:2:{s:4:\"date\";s:19:\"2019-04-20 06:14:13\";s:7:\"message\";s:52:\"Email is scheduled to be sent on 2019-04-21 06:00:00\";}i:2;a:2:{s:4:\"date\";s:19:\"2019-04-21 06:04:06\";s:7:\"message\";s:55:\"Skipped sending because there was no message to be sent\";}}}', -1),
(1533, 0, 'info@kids.shweetproducts.com', 0, 0, '0', 1555826400, 0, 0, '0000-00-00 00:00:00', 'Daily summary', 'a:5:{s:13:\"daily_summary\";b:1;s:5:\"email\";s:28:\"info@kids.shweetproducts.com\";s:7:\"subject\";s:24:\"Follow-up emails summary\";s:7:\"message\";s:0:\"\";s:5:\"notes\";a:3:{i:0;a:2:{s:4:\"date\";s:19:\"2019-04-21 06:04:06\";s:7:\"message\";s:50:\"Email has been added to the queue (Queue ID #1533)\";}i:1;a:2:{s:4:\"date\";s:19:\"2019-04-21 06:04:06\";s:7:\"message\";s:52:\"Email is scheduled to be sent on 2019-04-21 06:00:00\";}i:2;a:2:{s:4:\"date\";s:19:\"2019-04-21 06:04:06\";s:7:\"message\";s:55:\"Skipped sending because there was no message to be sent\";}}}', -1),
(1534, 0, 'info@kids.shweetproducts.com', 0, 0, '0', 1555912800, 0, 0, '0000-00-00 00:00:00', 'Daily summary', 'a:5:{s:13:\"daily_summary\";b:1;s:5:\"email\";s:28:\"info@kids.shweetproducts.com\";s:7:\"subject\";s:24:\"Follow-up emails summary\";s:7:\"message\";s:0:\"\";s:5:\"notes\";a:3:{i:0;a:2:{s:4:\"date\";s:19:\"2019-04-21 06:04:06\";s:7:\"message\";s:50:\"Email has been added to the queue (Queue ID #1534)\";}i:1;a:2:{s:4:\"date\";s:19:\"2019-04-21 06:04:06\";s:7:\"message\";s:52:\"Email is scheduled to be sent on 2019-04-22 06:00:00\";}i:2;a:2:{s:4:\"date\";s:19:\"2019-04-22 06:16:20\";s:7:\"message\";s:55:\"Skipped sending because there was no message to be sent\";}}}', -1),
(1535, 0, 'info@kids.shweetproducts.com', 0, 0, '0', 1555912800, 0, 0, '0000-00-00 00:00:00', 'Daily summary', 'a:5:{s:13:\"daily_summary\";b:1;s:5:\"email\";s:28:\"info@kids.shweetproducts.com\";s:7:\"subject\";s:24:\"Follow-up emails summary\";s:7:\"message\";s:0:\"\";s:5:\"notes\";a:3:{i:0;a:2:{s:4:\"date\";s:19:\"2019-04-22 06:16:20\";s:7:\"message\";s:50:\"Email has been added to the queue (Queue ID #1535)\";}i:1;a:2:{s:4:\"date\";s:19:\"2019-04-22 06:16:20\";s:7:\"message\";s:52:\"Email is scheduled to be sent on 2019-04-22 06:00:00\";}i:2;a:2:{s:4:\"date\";s:19:\"2019-04-22 06:16:20\";s:7:\"message\";s:55:\"Skipped sending because there was no message to be sent\";}}}', -1),
(1536, 0, 'info@kids.shweetproducts.com', 0, 0, '0', 1555999200, 0, 0, '0000-00-00 00:00:00', 'Daily summary', 'a:5:{s:13:\"daily_summary\";b:1;s:5:\"email\";s:28:\"info@kids.shweetproducts.com\";s:7:\"subject\";s:24:\"Follow-up emails summary\";s:7:\"message\";s:0:\"\";s:5:\"notes\";a:3:{i:0;a:2:{s:4:\"date\";s:19:\"2019-04-22 06:16:20\";s:7:\"message\";s:50:\"Email has been added to the queue (Queue ID #1536)\";}i:1;a:2:{s:4:\"date\";s:19:\"2019-04-22 06:16:20\";s:7:\"message\";s:52:\"Email is scheduled to be sent on 2019-04-23 06:00:00\";}i:2;a:2:{s:4:\"date\";s:19:\"2019-04-23 06:27:45\";s:7:\"message\";s:55:\"Skipped sending because there was no message to be sent\";}}}', -1),
(1537, 0, 'info@kids.shweetproducts.com', 0, 0, '0', 1555999200, 0, 0, '0000-00-00 00:00:00', 'Daily summary', 'a:5:{s:13:\"daily_summary\";b:1;s:5:\"email\";s:28:\"info@kids.shweetproducts.com\";s:7:\"subject\";s:24:\"Follow-up emails summary\";s:7:\"message\";s:0:\"\";s:5:\"notes\";a:3:{i:0;a:2:{s:4:\"date\";s:19:\"2019-04-23 06:27:44\";s:7:\"message\";s:50:\"Email has been added to the queue (Queue ID #1537)\";}i:1;a:2:{s:4:\"date\";s:19:\"2019-04-23 06:27:45\";s:7:\"message\";s:52:\"Email is scheduled to be sent on 2019-04-23 06:00:00\";}i:2;a:2:{s:4:\"date\";s:19:\"2019-04-23 06:27:45\";s:7:\"message\";s:55:\"Skipped sending because there was no message to be sent\";}}}', -1),
(1538, 0, 'info@kids.shweetproducts.com', 0, 0, '0', 1556085600, 0, 0, '0000-00-00 00:00:00', 'Daily summary', 'a:5:{s:13:\"daily_summary\";b:1;s:5:\"email\";s:28:\"info@kids.shweetproducts.com\";s:7:\"subject\";s:24:\"Follow-up emails summary\";s:7:\"message\";s:0:\"\";s:5:\"notes\";a:3:{i:0;a:2:{s:4:\"date\";s:19:\"2019-04-23 06:27:45\";s:7:\"message\";s:50:\"Email has been added to the queue (Queue ID #1538)\";}i:1;a:2:{s:4:\"date\";s:19:\"2019-04-23 06:27:45\";s:7:\"message\";s:52:\"Email is scheduled to be sent on 2019-04-24 06:00:00\";}i:2;a:2:{s:4:\"date\";s:19:\"2019-04-24 06:02:07\";s:7:\"message\";s:55:\"Skipped sending because there was no message to be sent\";}}}', -1),
(1539, 0, 'info@kids.shweetproducts.com', 0, 0, '0', 1556085600, 0, 0, '0000-00-00 00:00:00', 'Daily summary', 'a:5:{s:13:\"daily_summary\";b:1;s:5:\"email\";s:28:\"info@kids.shweetproducts.com\";s:7:\"subject\";s:24:\"Follow-up emails summary\";s:7:\"message\";s:0:\"\";s:5:\"notes\";a:3:{i:0;a:2:{s:4:\"date\";s:19:\"2019-04-24 06:02:07\";s:7:\"message\";s:50:\"Email has been added to the queue (Queue ID #1539)\";}i:1;a:2:{s:4:\"date\";s:19:\"2019-04-24 06:02:07\";s:7:\"message\";s:52:\"Email is scheduled to be sent on 2019-04-24 06:00:00\";}i:2;a:2:{s:4:\"date\";s:19:\"2019-04-24 06:02:07\";s:7:\"message\";s:55:\"Skipped sending because there was no message to be sent\";}}}', -1),
(1540, 0, 'info@kids.shweetproducts.com', 0, 0, '0', 1556172000, 0, 0, '0000-00-00 00:00:00', 'Daily summary', 'a:5:{s:13:\"daily_summary\";b:1;s:5:\"email\";s:28:\"info@kids.shweetproducts.com\";s:7:\"subject\";s:24:\"Follow-up emails summary\";s:7:\"message\";s:0:\"\";s:5:\"notes\";a:3:{i:0;a:2:{s:4:\"date\";s:19:\"2019-04-24 06:02:07\";s:7:\"message\";s:50:\"Email has been added to the queue (Queue ID #1540)\";}i:1;a:2:{s:4:\"date\";s:19:\"2019-04-24 06:02:07\";s:7:\"message\";s:52:\"Email is scheduled to be sent on 2019-04-25 06:00:00\";}i:2;a:2:{s:4:\"date\";s:19:\"2019-04-25 06:57:27\";s:7:\"message\";s:55:\"Skipped sending because there was no message to be sent\";}}}', -1),
(1541, 0, 'info@kids.shweetproducts.com', 0, 0, '0', 1556172000, 0, 0, '0000-00-00 00:00:00', 'Daily summary', 'a:5:{s:13:\"daily_summary\";b:1;s:5:\"email\";s:28:\"info@kids.shweetproducts.com\";s:7:\"subject\";s:24:\"Follow-up emails summary\";s:7:\"message\";s:0:\"\";s:5:\"notes\";a:3:{i:0;a:2:{s:4:\"date\";s:19:\"2019-04-25 06:57:27\";s:7:\"message\";s:50:\"Email has been added to the queue (Queue ID #1541)\";}i:1;a:2:{s:4:\"date\";s:19:\"2019-04-25 06:57:27\";s:7:\"message\";s:52:\"Email is scheduled to be sent on 2019-04-25 06:00:00\";}i:2;a:2:{s:4:\"date\";s:19:\"2019-04-25 06:57:27\";s:7:\"message\";s:55:\"Skipped sending because there was no message to be sent\";}}}', -1),
(1542, 0, 'info@kids.shweetproducts.com', 0, 0, '0', 1556258400, 0, 0, '0000-00-00 00:00:00', 'Daily summary', 'a:5:{s:13:\"daily_summary\";b:1;s:5:\"email\";s:28:\"info@kids.shweetproducts.com\";s:7:\"subject\";s:24:\"Follow-up emails summary\";s:7:\"message\";s:0:\"\";s:5:\"notes\";a:3:{i:0;a:2:{s:4:\"date\";s:19:\"2019-04-25 06:57:27\";s:7:\"message\";s:50:\"Email has been added to the queue (Queue ID #1542)\";}i:1;a:2:{s:4:\"date\";s:19:\"2019-04-25 06:57:27\";s:7:\"message\";s:52:\"Email is scheduled to be sent on 2019-04-26 06:00:00\";}i:2;a:2:{s:4:\"date\";s:19:\"2019-04-26 06:02:14\";s:7:\"message\";s:55:\"Skipped sending because there was no message to be sent\";}}}', -1),
(1543, 0, 'info@kids.shweetproducts.com', 0, 0, '0', 1556258400, 0, 0, '0000-00-00 00:00:00', 'Daily summary', 'a:5:{s:13:\"daily_summary\";b:1;s:5:\"email\";s:28:\"info@kids.shweetproducts.com\";s:7:\"subject\";s:24:\"Follow-up emails summary\";s:7:\"message\";s:0:\"\";s:5:\"notes\";a:3:{i:0;a:2:{s:4:\"date\";s:19:\"2019-04-26 06:02:14\";s:7:\"message\";s:50:\"Email has been added to the queue (Queue ID #1543)\";}i:1;a:2:{s:4:\"date\";s:19:\"2019-04-26 06:02:14\";s:7:\"message\";s:52:\"Email is scheduled to be sent on 2019-04-26 06:00:00\";}i:2;a:2:{s:4:\"date\";s:19:\"2019-04-26 06:02:14\";s:7:\"message\";s:55:\"Skipped sending because there was no message to be sent\";}}}', -1),
(1544, 0, 'info@kids.shweetproducts.com', 0, 0, '0', 1556344800, 0, 0, '0000-00-00 00:00:00', 'Daily summary', 'a:5:{s:13:\"daily_summary\";b:1;s:5:\"email\";s:28:\"info@kids.shweetproducts.com\";s:7:\"subject\";s:24:\"Follow-up emails summary\";s:7:\"message\";s:0:\"\";s:5:\"notes\";a:3:{i:0;a:2:{s:4:\"date\";s:19:\"2019-04-26 06:02:14\";s:7:\"message\";s:50:\"Email has been added to the queue (Queue ID #1544)\";}i:1;a:2:{s:4:\"date\";s:19:\"2019-04-26 06:02:14\";s:7:\"message\";s:52:\"Email is scheduled to be sent on 2019-04-27 06:00:00\";}i:2;a:2:{s:4:\"date\";s:19:\"2019-04-27 06:02:48\";s:7:\"message\";s:55:\"Skipped sending because there was no message to be sent\";}}}', -1),
(1545, 0, 'info@kids.shweetproducts.com', 0, 0, '0', 1556344800, 0, 0, '0000-00-00 00:00:00', 'Daily summary', 'a:5:{s:13:\"daily_summary\";b:1;s:5:\"email\";s:28:\"info@kids.shweetproducts.com\";s:7:\"subject\";s:24:\"Follow-up emails summary\";s:7:\"message\";s:0:\"\";s:5:\"notes\";a:3:{i:0;a:2:{s:4:\"date\";s:19:\"2019-04-27 06:02:48\";s:7:\"message\";s:50:\"Email has been added to the queue (Queue ID #1545)\";}i:1;a:2:{s:4:\"date\";s:19:\"2019-04-27 06:02:48\";s:7:\"message\";s:52:\"Email is scheduled to be sent on 2019-04-27 06:00:00\";}i:2;a:2:{s:4:\"date\";s:19:\"2019-04-27 06:02:48\";s:7:\"message\";s:55:\"Skipped sending because there was no message to be sent\";}}}', -1),
(1546, 0, 'info@kids.shweetproducts.com', 0, 0, '0', 1556431200, 0, 0, '0000-00-00 00:00:00', 'Daily summary', 'a:5:{s:13:\"daily_summary\";b:1;s:5:\"email\";s:28:\"info@kids.shweetproducts.com\";s:7:\"subject\";s:24:\"Follow-up emails summary\";s:7:\"message\";s:0:\"\";s:5:\"notes\";a:3:{i:0;a:2:{s:4:\"date\";s:19:\"2019-04-27 06:02:48\";s:7:\"message\";s:50:\"Email has been added to the queue (Queue ID #1546)\";}i:1;a:2:{s:4:\"date\";s:19:\"2019-04-27 06:02:48\";s:7:\"message\";s:52:\"Email is scheduled to be sent on 2019-04-28 06:00:00\";}i:2;a:2:{s:4:\"date\";s:19:\"2019-04-28 06:16:11\";s:7:\"message\";s:55:\"Skipped sending because there was no message to be sent\";}}}', -1),
(1547, 0, 'info@kids.shweetproducts.com', 0, 0, '0', 1556431200, 0, 0, '0000-00-00 00:00:00', 'Daily summary', 'a:5:{s:13:\"daily_summary\";b:1;s:5:\"email\";s:28:\"info@kids.shweetproducts.com\";s:7:\"subject\";s:24:\"Follow-up emails summary\";s:7:\"message\";s:0:\"\";s:5:\"notes\";a:3:{i:0;a:2:{s:4:\"date\";s:19:\"2019-04-28 06:16:10\";s:7:\"message\";s:50:\"Email has been added to the queue (Queue ID #1547)\";}i:1;a:2:{s:4:\"date\";s:19:\"2019-04-28 06:16:11\";s:7:\"message\";s:52:\"Email is scheduled to be sent on 2019-04-28 06:00:00\";}i:2;a:2:{s:4:\"date\";s:19:\"2019-04-28 06:16:11\";s:7:\"message\";s:55:\"Skipped sending because there was no message to be sent\";}}}', -1),
(1548, 0, 'info@kids.shweetproducts.com', 0, 0, '0', 1556517600, 0, 0, '0000-00-00 00:00:00', 'Daily summary', 'a:5:{s:13:\"daily_summary\";b:1;s:5:\"email\";s:28:\"info@kids.shweetproducts.com\";s:7:\"subject\";s:24:\"Follow-up emails summary\";s:7:\"message\";s:0:\"\";s:5:\"notes\";a:3:{i:0;a:2:{s:4:\"date\";s:19:\"2019-04-28 06:16:11\";s:7:\"message\";s:50:\"Email has been added to the queue (Queue ID #1548)\";}i:1;a:2:{s:4:\"date\";s:19:\"2019-04-28 06:16:11\";s:7:\"message\";s:52:\"Email is scheduled to be sent on 2019-04-29 06:00:00\";}i:2;a:2:{s:4:\"date\";s:19:\"2019-04-29 06:17:16\";s:7:\"message\";s:55:\"Skipped sending because there was no message to be sent\";}}}', -1),
(1549, 0, 'info@kids.shweetproducts.com', 0, 0, '0', 1556517600, 0, 0, '0000-00-00 00:00:00', 'Daily summary', 'a:5:{s:13:\"daily_summary\";b:1;s:5:\"email\";s:28:\"info@kids.shweetproducts.com\";s:7:\"subject\";s:24:\"Follow-up emails summary\";s:7:\"message\";s:0:\"\";s:5:\"notes\";a:3:{i:0;a:2:{s:4:\"date\";s:19:\"2019-04-29 06:17:16\";s:7:\"message\";s:50:\"Email has been added to the queue (Queue ID #1549)\";}i:1;a:2:{s:4:\"date\";s:19:\"2019-04-29 06:17:16\";s:7:\"message\";s:52:\"Email is scheduled to be sent on 2019-04-29 06:00:00\";}i:2;a:2:{s:4:\"date\";s:19:\"2019-04-29 06:17:16\";s:7:\"message\";s:55:\"Skipped sending because there was no message to be sent\";}}}', -1),
(1550, 0, 'info@kids.shweetproducts.com', 0, 0, '0', 1556604000, 0, 0, '0000-00-00 00:00:00', 'Daily summary', 'a:5:{s:13:\"daily_summary\";b:1;s:5:\"email\";s:28:\"info@kids.shweetproducts.com\";s:7:\"subject\";s:24:\"Follow-up emails summary\";s:7:\"message\";s:0:\"\";s:5:\"notes\";a:3:{i:0;a:2:{s:4:\"date\";s:19:\"2019-04-29 06:17:16\";s:7:\"message\";s:50:\"Email has been added to the queue (Queue ID #1550)\";}i:1;a:2:{s:4:\"date\";s:19:\"2019-04-29 06:17:16\";s:7:\"message\";s:52:\"Email is scheduled to be sent on 2019-04-30 06:00:00\";}i:2;a:2:{s:4:\"date\";s:19:\"2019-04-30 06:07:41\";s:7:\"message\";s:55:\"Skipped sending because there was no message to be sent\";}}}', -1),
(1551, 0, 'info@kids.shweetproducts.com', 0, 0, '0', 1556604000, 0, 0, '0000-00-00 00:00:00', 'Daily summary', 'a:5:{s:13:\"daily_summary\";b:1;s:5:\"email\";s:28:\"info@kids.shweetproducts.com\";s:7:\"subject\";s:24:\"Follow-up emails summary\";s:7:\"message\";s:0:\"\";s:5:\"notes\";a:3:{i:0;a:2:{s:4:\"date\";s:19:\"2019-04-30 06:07:40\";s:7:\"message\";s:50:\"Email has been added to the queue (Queue ID #1551)\";}i:1;a:2:{s:4:\"date\";s:19:\"2019-04-30 06:07:41\";s:7:\"message\";s:52:\"Email is scheduled to be sent on 2019-04-30 06:00:00\";}i:2;a:2:{s:4:\"date\";s:19:\"2019-04-30 06:07:41\";s:7:\"message\";s:55:\"Skipped sending because there was no message to be sent\";}}}', -1),
(1552, 0, 'info@kids.shweetproducts.com', 0, 0, '0', 1556690400, 0, 0, '0000-00-00 00:00:00', 'Daily summary', 'a:5:{s:13:\"daily_summary\";b:1;s:5:\"email\";s:28:\"info@kids.shweetproducts.com\";s:7:\"subject\";s:24:\"Follow-up emails summary\";s:7:\"message\";s:0:\"\";s:5:\"notes\";a:3:{i:0;a:2:{s:4:\"date\";s:19:\"2019-04-30 06:07:41\";s:7:\"message\";s:50:\"Email has been added to the queue (Queue ID #1552)\";}i:1;a:2:{s:4:\"date\";s:19:\"2019-04-30 06:07:41\";s:7:\"message\";s:52:\"Email is scheduled to be sent on 2019-05-01 06:00:00\";}i:2;a:2:{s:4:\"date\";s:19:\"2019-05-01 06:38:52\";s:7:\"message\";s:55:\"Skipped sending because there was no message to be sent\";}}}', -1),
(1553, 0, 'info@kids.shweetproducts.com', 0, 0, '0', 1556690400, 0, 0, '0000-00-00 00:00:00', 'Daily summary', 'a:5:{s:13:\"daily_summary\";b:1;s:5:\"email\";s:28:\"info@kids.shweetproducts.com\";s:7:\"subject\";s:24:\"Follow-up emails summary\";s:7:\"message\";s:0:\"\";s:5:\"notes\";a:3:{i:0;a:2:{s:4:\"date\";s:19:\"2019-05-01 06:38:52\";s:7:\"message\";s:50:\"Email has been added to the queue (Queue ID #1553)\";}i:1;a:2:{s:4:\"date\";s:19:\"2019-05-01 06:38:52\";s:7:\"message\";s:52:\"Email is scheduled to be sent on 2019-05-01 06:00:00\";}i:2;a:2:{s:4:\"date\";s:19:\"2019-05-01 06:38:52\";s:7:\"message\";s:55:\"Skipped sending because there was no message to be sent\";}}}', -1),
(1554, 0, 'info@kids.shweetproducts.com', 0, 0, '0', 1556776800, 0, 0, '0000-00-00 00:00:00', 'Daily summary', 'a:5:{s:13:\"daily_summary\";b:1;s:5:\"email\";s:28:\"info@kids.shweetproducts.com\";s:7:\"subject\";s:24:\"Follow-up emails summary\";s:7:\"message\";s:0:\"\";s:5:\"notes\";a:3:{i:0;a:2:{s:4:\"date\";s:19:\"2019-05-01 06:38:52\";s:7:\"message\";s:50:\"Email has been added to the queue (Queue ID #1554)\";}i:1;a:2:{s:4:\"date\";s:19:\"2019-05-01 06:38:52\";s:7:\"message\";s:52:\"Email is scheduled to be sent on 2019-05-02 06:00:00\";}i:2;a:2:{s:4:\"date\";s:19:\"2019-05-02 06:10:14\";s:7:\"message\";s:55:\"Skipped sending because there was no message to be sent\";}}}', -1),
(1555, 0, 'info@kids.shweetproducts.com', 0, 0, '0', 1556776800, 0, 0, '0000-00-00 00:00:00', 'Daily summary', 'a:5:{s:13:\"daily_summary\";b:1;s:5:\"email\";s:28:\"info@kids.shweetproducts.com\";s:7:\"subject\";s:24:\"Follow-up emails summary\";s:7:\"message\";s:0:\"\";s:5:\"notes\";a:3:{i:0;a:2:{s:4:\"date\";s:19:\"2019-05-02 06:10:14\";s:7:\"message\";s:50:\"Email has been added to the queue (Queue ID #1555)\";}i:1;a:2:{s:4:\"date\";s:19:\"2019-05-02 06:10:14\";s:7:\"message\";s:52:\"Email is scheduled to be sent on 2019-05-02 06:00:00\";}i:2;a:2:{s:4:\"date\";s:19:\"2019-05-02 06:10:14\";s:7:\"message\";s:55:\"Skipped sending because there was no message to be sent\";}}}', -1),
(1556, 0, 'info@kids.shweetproducts.com', 0, 0, '0', 1556863200, 0, 0, '0000-00-00 00:00:00', 'Daily summary', 'a:5:{s:13:\"daily_summary\";b:1;s:5:\"email\";s:28:\"info@kids.shweetproducts.com\";s:7:\"subject\";s:24:\"Follow-up emails summary\";s:7:\"message\";s:0:\"\";s:5:\"notes\";a:3:{i:0;a:2:{s:4:\"date\";s:19:\"2019-05-02 06:10:14\";s:7:\"message\";s:50:\"Email has been added to the queue (Queue ID #1556)\";}i:1;a:2:{s:4:\"date\";s:19:\"2019-05-02 06:10:14\";s:7:\"message\";s:52:\"Email is scheduled to be sent on 2019-05-03 06:00:00\";}i:2;a:2:{s:4:\"date\";s:19:\"2019-05-03 06:07:40\";s:7:\"message\";s:55:\"Skipped sending because there was no message to be sent\";}}}', -1),
(1557, 0, 'info@kids.shweetproducts.com', 0, 0, '0', 1556863200, 0, 0, '0000-00-00 00:00:00', 'Daily summary', 'a:5:{s:13:\"daily_summary\";b:1;s:5:\"email\";s:28:\"info@kids.shweetproducts.com\";s:7:\"subject\";s:24:\"Follow-up emails summary\";s:7:\"message\";s:0:\"\";s:5:\"notes\";a:3:{i:0;a:2:{s:4:\"date\";s:19:\"2019-05-03 06:07:40\";s:7:\"message\";s:50:\"Email has been added to the queue (Queue ID #1557)\";}i:1;a:2:{s:4:\"date\";s:19:\"2019-05-03 06:07:40\";s:7:\"message\";s:52:\"Email is scheduled to be sent on 2019-05-03 06:00:00\";}i:2;a:2:{s:4:\"date\";s:19:\"2019-05-03 06:07:40\";s:7:\"message\";s:55:\"Skipped sending because there was no message to be sent\";}}}', -1),
(1558, 0, 'info@kids.shweetproducts.com', 0, 0, '0', 1556949600, 0, 0, '0000-00-00 00:00:00', 'Daily summary', 'a:5:{s:13:\"daily_summary\";b:1;s:5:\"email\";s:28:\"info@kids.shweetproducts.com\";s:7:\"subject\";s:24:\"Follow-up emails summary\";s:7:\"message\";s:0:\"\";s:5:\"notes\";a:3:{i:0;a:2:{s:4:\"date\";s:19:\"2019-05-03 06:07:40\";s:7:\"message\";s:50:\"Email has been added to the queue (Queue ID #1558)\";}i:1;a:2:{s:4:\"date\";s:19:\"2019-05-03 06:07:40\";s:7:\"message\";s:52:\"Email is scheduled to be sent on 2019-05-04 06:00:00\";}i:2;a:2:{s:4:\"date\";s:19:\"2019-05-04 06:00:43\";s:7:\"message\";s:55:\"Skipped sending because there was no message to be sent\";}}}', -1),
(1559, 0, 'info@kids.shweetproducts.com', 0, 0, '0', 1556949600, 0, 0, '0000-00-00 00:00:00', 'Daily summary', 'a:5:{s:13:\"daily_summary\";b:1;s:5:\"email\";s:28:\"info@kids.shweetproducts.com\";s:7:\"subject\";s:24:\"Follow-up emails summary\";s:7:\"message\";s:0:\"\";s:5:\"notes\";a:3:{i:0;a:2:{s:4:\"date\";s:19:\"2019-05-04 06:00:43\";s:7:\"message\";s:50:\"Email has been added to the queue (Queue ID #1559)\";}i:1;a:2:{s:4:\"date\";s:19:\"2019-05-04 06:00:43\";s:7:\"message\";s:52:\"Email is scheduled to be sent on 2019-05-04 06:00:00\";}i:2;a:2:{s:4:\"date\";s:19:\"2019-05-04 06:00:43\";s:7:\"message\";s:55:\"Skipped sending because there was no message to be sent\";}}}', -1),
(1560, 0, 'info@kids.shweetproducts.com', 0, 0, '0', 1557036000, 0, 0, '0000-00-00 00:00:00', 'Daily summary', 'a:5:{s:13:\"daily_summary\";b:1;s:5:\"email\";s:28:\"info@kids.shweetproducts.com\";s:7:\"subject\";s:24:\"Follow-up emails summary\";s:7:\"message\";s:0:\"\";s:5:\"notes\";a:3:{i:0;a:2:{s:4:\"date\";s:19:\"2019-05-04 06:00:43\";s:7:\"message\";s:50:\"Email has been added to the queue (Queue ID #1560)\";}i:1;a:2:{s:4:\"date\";s:19:\"2019-05-04 06:00:43\";s:7:\"message\";s:52:\"Email is scheduled to be sent on 2019-05-05 06:00:00\";}i:2;a:2:{s:4:\"date\";s:19:\"2019-05-05 06:01:14\";s:7:\"message\";s:55:\"Skipped sending because there was no message to be sent\";}}}', -1),
(1561, 0, 'info@kids.shweetproducts.com', 0, 0, '0', 1557036000, 0, 0, '0000-00-00 00:00:00', 'Daily summary', 'a:5:{s:13:\"daily_summary\";b:1;s:5:\"email\";s:28:\"info@kids.shweetproducts.com\";s:7:\"subject\";s:24:\"Follow-up emails summary\";s:7:\"message\";s:0:\"\";s:5:\"notes\";a:3:{i:0;a:2:{s:4:\"date\";s:19:\"2019-05-05 06:01:14\";s:7:\"message\";s:50:\"Email has been added to the queue (Queue ID #1561)\";}i:1;a:2:{s:4:\"date\";s:19:\"2019-05-05 06:01:14\";s:7:\"message\";s:52:\"Email is scheduled to be sent on 2019-05-05 06:00:00\";}i:2;a:2:{s:4:\"date\";s:19:\"2019-05-05 06:01:14\";s:7:\"message\";s:55:\"Skipped sending because there was no message to be sent\";}}}', -1),
(1562, 0, 'info@kids.shweetproducts.com', 0, 0, '0', 1557122400, 0, 0, '0000-00-00 00:00:00', 'Daily summary', 'a:5:{s:13:\"daily_summary\";b:1;s:5:\"email\";s:28:\"info@kids.shweetproducts.com\";s:7:\"subject\";s:24:\"Follow-up emails summary\";s:7:\"message\";s:0:\"\";s:5:\"notes\";a:3:{i:0;a:2:{s:4:\"date\";s:19:\"2019-05-05 06:01:14\";s:7:\"message\";s:50:\"Email has been added to the queue (Queue ID #1562)\";}i:1;a:2:{s:4:\"date\";s:19:\"2019-05-05 06:01:14\";s:7:\"message\";s:52:\"Email is scheduled to be sent on 2019-05-06 06:00:00\";}i:2;a:2:{s:4:\"date\";s:19:\"2019-05-06 06:02:10\";s:7:\"message\";s:55:\"Skipped sending because there was no message to be sent\";}}}', -1),
(1563, 0, 'info@kids.shweetproducts.com', 0, 0, '0', 1557122400, 0, 0, '0000-00-00 00:00:00', 'Daily summary', 'a:5:{s:13:\"daily_summary\";b:1;s:5:\"email\";s:28:\"info@kids.shweetproducts.com\";s:7:\"subject\";s:24:\"Follow-up emails summary\";s:7:\"message\";s:0:\"\";s:5:\"notes\";a:3:{i:0;a:2:{s:4:\"date\";s:19:\"2019-05-06 06:02:10\";s:7:\"message\";s:50:\"Email has been added to the queue (Queue ID #1563)\";}i:1;a:2:{s:4:\"date\";s:19:\"2019-05-06 06:02:10\";s:7:\"message\";s:52:\"Email is scheduled to be sent on 2019-05-06 06:00:00\";}i:2;a:2:{s:4:\"date\";s:19:\"2019-05-06 06:02:10\";s:7:\"message\";s:55:\"Skipped sending because there was no message to be sent\";}}}', -1),
(1564, 0, 'info@kids.shweetproducts.com', 0, 0, '0', 1557208800, 0, 0, '0000-00-00 00:00:00', 'Daily summary', 'a:5:{s:13:\"daily_summary\";b:1;s:5:\"email\";s:28:\"info@kids.shweetproducts.com\";s:7:\"subject\";s:24:\"Follow-up emails summary\";s:7:\"message\";s:0:\"\";s:5:\"notes\";a:3:{i:0;a:2:{s:4:\"date\";s:19:\"2019-05-06 06:02:10\";s:7:\"message\";s:50:\"Email has been added to the queue (Queue ID #1564)\";}i:1;a:2:{s:4:\"date\";s:19:\"2019-05-06 06:02:10\";s:7:\"message\";s:52:\"Email is scheduled to be sent on 2019-05-07 06:00:00\";}i:2;a:2:{s:4:\"date\";s:19:\"2019-05-07 06:03:15\";s:7:\"message\";s:55:\"Skipped sending because there was no message to be sent\";}}}', -1),
(1565, 0, 'info@kids.shweetproducts.com', 0, 0, '0', 1557208800, 0, 0, '0000-00-00 00:00:00', 'Daily summary', 'a:5:{s:13:\"daily_summary\";b:1;s:5:\"email\";s:28:\"info@kids.shweetproducts.com\";s:7:\"subject\";s:24:\"Follow-up emails summary\";s:7:\"message\";s:0:\"\";s:5:\"notes\";a:3:{i:0;a:2:{s:4:\"date\";s:19:\"2019-05-07 06:03:15\";s:7:\"message\";s:50:\"Email has been added to the queue (Queue ID #1565)\";}i:1;a:2:{s:4:\"date\";s:19:\"2019-05-07 06:03:15\";s:7:\"message\";s:52:\"Email is scheduled to be sent on 2019-05-07 06:00:00\";}i:2;a:2:{s:4:\"date\";s:19:\"2019-05-07 06:03:15\";s:7:\"message\";s:55:\"Skipped sending because there was no message to be sent\";}}}', -1),
(1566, 0, 'info@kids.shweetproducts.com', 0, 0, '0', 1557295200, 0, 0, '0000-00-00 00:00:00', 'Daily summary', 'a:5:{s:13:\"daily_summary\";b:1;s:5:\"email\";s:28:\"info@kids.shweetproducts.com\";s:7:\"subject\";s:24:\"Follow-up emails summary\";s:7:\"message\";s:0:\"\";s:5:\"notes\";a:3:{i:0;a:2:{s:4:\"date\";s:19:\"2019-05-07 06:03:15\";s:7:\"message\";s:50:\"Email has been added to the queue (Queue ID #1566)\";}i:1;a:2:{s:4:\"date\";s:19:\"2019-05-07 06:03:15\";s:7:\"message\";s:52:\"Email is scheduled to be sent on 2019-05-08 06:00:00\";}i:2;a:2:{s:4:\"date\";s:19:\"2019-05-08 06:54:48\";s:7:\"message\";s:55:\"Skipped sending because there was no message to be sent\";}}}', -1),
(1567, 0, 'info@kids.shweetproducts.com', 0, 0, '0', 1557295200, 0, 0, '0000-00-00 00:00:00', 'Daily summary', 'a:5:{s:13:\"daily_summary\";b:1;s:5:\"email\";s:28:\"info@kids.shweetproducts.com\";s:7:\"subject\";s:24:\"Follow-up emails summary\";s:7:\"message\";s:0:\"\";s:5:\"notes\";a:3:{i:0;a:2:{s:4:\"date\";s:19:\"2019-05-08 06:54:48\";s:7:\"message\";s:50:\"Email has been added to the queue (Queue ID #1567)\";}i:1;a:2:{s:4:\"date\";s:19:\"2019-05-08 06:54:48\";s:7:\"message\";s:52:\"Email is scheduled to be sent on 2019-05-08 06:00:00\";}i:2;a:2:{s:4:\"date\";s:19:\"2019-05-08 06:54:48\";s:7:\"message\";s:55:\"Skipped sending because there was no message to be sent\";}}}', -1),
(1568, 0, 'info@kids.shweetproducts.com', 0, 0, '0', 1557381600, 0, 0, '0000-00-00 00:00:00', 'Daily summary', 'a:5:{s:13:\"daily_summary\";b:1;s:5:\"email\";s:28:\"info@kids.shweetproducts.com\";s:7:\"subject\";s:24:\"Follow-up emails summary\";s:7:\"message\";s:0:\"\";s:5:\"notes\";a:3:{i:0;a:2:{s:4:\"date\";s:19:\"2019-05-08 06:54:48\";s:7:\"message\";s:50:\"Email has been added to the queue (Queue ID #1568)\";}i:1;a:2:{s:4:\"date\";s:19:\"2019-05-08 06:54:48\";s:7:\"message\";s:52:\"Email is scheduled to be sent on 2019-05-09 06:00:00\";}i:2;a:2:{s:4:\"date\";s:19:\"2019-05-09 06:04:33\";s:7:\"message\";s:55:\"Skipped sending because there was no message to be sent\";}}}', -1),
(1569, 0, 'info@kids.shweetproducts.com', 0, 0, '0', 1557381600, 0, 0, '0000-00-00 00:00:00', 'Daily summary', 'a:5:{s:13:\"daily_summary\";b:1;s:5:\"email\";s:28:\"info@kids.shweetproducts.com\";s:7:\"subject\";s:24:\"Follow-up emails summary\";s:7:\"message\";s:0:\"\";s:5:\"notes\";a:3:{i:0;a:2:{s:4:\"date\";s:19:\"2019-05-09 06:04:33\";s:7:\"message\";s:50:\"Email has been added to the queue (Queue ID #1569)\";}i:1;a:2:{s:4:\"date\";s:19:\"2019-05-09 06:04:33\";s:7:\"message\";s:52:\"Email is scheduled to be sent on 2019-05-09 06:00:00\";}i:2;a:2:{s:4:\"date\";s:19:\"2019-05-09 06:04:33\";s:7:\"message\";s:55:\"Skipped sending because there was no message to be sent\";}}}', -1),
(1570, 0, 'info@kids.shweetproducts.com', 0, 0, '0', 1557468000, 0, 0, '0000-00-00 00:00:00', 'Daily summary', 'a:5:{s:13:\"daily_summary\";b:1;s:5:\"email\";s:28:\"info@kids.shweetproducts.com\";s:7:\"subject\";s:24:\"Follow-up emails summary\";s:7:\"message\";s:0:\"\";s:5:\"notes\";a:3:{i:0;a:2:{s:4:\"date\";s:19:\"2019-05-09 06:04:33\";s:7:\"message\";s:50:\"Email has been added to the queue (Queue ID #1570)\";}i:1;a:2:{s:4:\"date\";s:19:\"2019-05-09 06:04:33\";s:7:\"message\";s:52:\"Email is scheduled to be sent on 2019-05-10 06:00:00\";}i:2;a:2:{s:4:\"date\";s:19:\"2019-05-10 06:00:50\";s:7:\"message\";s:55:\"Skipped sending because there was no message to be sent\";}}}', -1),
(1571, 0, 'info@kids.shweetproducts.com', 0, 0, '0', 1557468000, 0, 0, '0000-00-00 00:00:00', 'Daily summary', 'a:5:{s:13:\"daily_summary\";b:1;s:5:\"email\";s:28:\"info@kids.shweetproducts.com\";s:7:\"subject\";s:24:\"Follow-up emails summary\";s:7:\"message\";s:0:\"\";s:5:\"notes\";a:3:{i:0;a:2:{s:4:\"date\";s:19:\"2019-05-10 06:00:50\";s:7:\"message\";s:50:\"Email has been added to the queue (Queue ID #1571)\";}i:1;a:2:{s:4:\"date\";s:19:\"2019-05-10 06:00:50\";s:7:\"message\";s:52:\"Email is scheduled to be sent on 2019-05-10 06:00:00\";}i:2;a:2:{s:4:\"date\";s:19:\"2019-05-10 06:00:51\";s:7:\"message\";s:55:\"Skipped sending because there was no message to be sent\";}}}', -1),
(1572, 0, 'info@kids.shweetproducts.com', 0, 0, '0', 1557554400, 0, 0, '0000-00-00 00:00:00', 'Daily summary', 'a:5:{s:13:\"daily_summary\";b:1;s:5:\"email\";s:28:\"info@kids.shweetproducts.com\";s:7:\"subject\";s:24:\"Follow-up emails summary\";s:7:\"message\";s:0:\"\";s:5:\"notes\";a:3:{i:0;a:2:{s:4:\"date\";s:19:\"2019-05-10 06:00:50\";s:7:\"message\";s:50:\"Email has been added to the queue (Queue ID #1572)\";}i:1;a:2:{s:4:\"date\";s:19:\"2019-05-10 06:00:51\";s:7:\"message\";s:52:\"Email is scheduled to be sent on 2019-05-11 06:00:00\";}i:2;a:2:{s:4:\"date\";s:19:\"2019-05-11 06:15:52\";s:7:\"message\";s:55:\"Skipped sending because there was no message to be sent\";}}}', -1),
(1573, 0, 'info@kids.shweetproducts.com', 0, 0, '0', 1557554400, 0, 0, '0000-00-00 00:00:00', 'Daily summary', 'a:5:{s:13:\"daily_summary\";b:1;s:5:\"email\";s:28:\"info@kids.shweetproducts.com\";s:7:\"subject\";s:24:\"Follow-up emails summary\";s:7:\"message\";s:0:\"\";s:5:\"notes\";a:3:{i:0;a:2:{s:4:\"date\";s:19:\"2019-05-11 06:15:52\";s:7:\"message\";s:50:\"Email has been added to the queue (Queue ID #1573)\";}i:1;a:2:{s:4:\"date\";s:19:\"2019-05-11 06:15:52\";s:7:\"message\";s:52:\"Email is scheduled to be sent on 2019-05-11 06:00:00\";}i:2;a:2:{s:4:\"date\";s:19:\"2019-05-11 06:15:52\";s:7:\"message\";s:55:\"Skipped sending because there was no message to be sent\";}}}', -1),
(1574, 0, 'info@kids.shweetproducts.com', 0, 0, '0', 1557640800, 0, 0, '0000-00-00 00:00:00', 'Daily summary', 'a:5:{s:13:\"daily_summary\";b:1;s:5:\"email\";s:28:\"info@kids.shweetproducts.com\";s:7:\"subject\";s:24:\"Follow-up emails summary\";s:7:\"message\";s:0:\"\";s:5:\"notes\";a:3:{i:0;a:2:{s:4:\"date\";s:19:\"2019-05-11 06:15:52\";s:7:\"message\";s:50:\"Email has been added to the queue (Queue ID #1574)\";}i:1;a:2:{s:4:\"date\";s:19:\"2019-05-11 06:15:52\";s:7:\"message\";s:52:\"Email is scheduled to be sent on 2019-05-12 06:00:00\";}i:2;a:2:{s:4:\"date\";s:19:\"2019-05-12 06:12:21\";s:7:\"message\";s:55:\"Skipped sending because there was no message to be sent\";}}}', -1),
(1575, 0, 'info@kids.shweetproducts.com', 0, 0, '0', 1557640800, 0, 0, '0000-00-00 00:00:00', 'Daily summary', 'a:5:{s:13:\"daily_summary\";b:1;s:5:\"email\";s:28:\"info@kids.shweetproducts.com\";s:7:\"subject\";s:24:\"Follow-up emails summary\";s:7:\"message\";s:0:\"\";s:5:\"notes\";a:3:{i:0;a:2:{s:4:\"date\";s:19:\"2019-05-12 06:12:21\";s:7:\"message\";s:50:\"Email has been added to the queue (Queue ID #1575)\";}i:1;a:2:{s:4:\"date\";s:19:\"2019-05-12 06:12:21\";s:7:\"message\";s:52:\"Email is scheduled to be sent on 2019-05-12 06:00:00\";}i:2;a:2:{s:4:\"date\";s:19:\"2019-05-12 06:12:21\";s:7:\"message\";s:55:\"Skipped sending because there was no message to be sent\";}}}', -1),
(1576, 0, 'info@kids.shweetproducts.com', 0, 0, '0', 1557727200, 0, 0, '0000-00-00 00:00:00', 'Daily summary', 'a:5:{s:13:\"daily_summary\";b:1;s:5:\"email\";s:28:\"info@kids.shweetproducts.com\";s:7:\"subject\";s:24:\"Follow-up emails summary\";s:7:\"message\";s:0:\"\";s:5:\"notes\";a:3:{i:0;a:2:{s:4:\"date\";s:19:\"2019-05-12 06:12:21\";s:7:\"message\";s:50:\"Email has been added to the queue (Queue ID #1576)\";}i:1;a:2:{s:4:\"date\";s:19:\"2019-05-12 06:12:21\";s:7:\"message\";s:52:\"Email is scheduled to be sent on 2019-05-13 06:00:00\";}i:2;a:2:{s:4:\"date\";s:19:\"2019-05-13 06:06:46\";s:7:\"message\";s:55:\"Skipped sending because there was no message to be sent\";}}}', -1),
(1577, 0, 'info@kids.shweetproducts.com', 0, 0, '0', 1557727200, 0, 0, '0000-00-00 00:00:00', 'Daily summary', 'a:5:{s:13:\"daily_summary\";b:1;s:5:\"email\";s:28:\"info@kids.shweetproducts.com\";s:7:\"subject\";s:24:\"Follow-up emails summary\";s:7:\"message\";s:0:\"\";s:5:\"notes\";a:3:{i:0;a:2:{s:4:\"date\";s:19:\"2019-05-13 06:06:46\";s:7:\"message\";s:50:\"Email has been added to the queue (Queue ID #1577)\";}i:1;a:2:{s:4:\"date\";s:19:\"2019-05-13 06:06:46\";s:7:\"message\";s:52:\"Email is scheduled to be sent on 2019-05-13 06:00:00\";}i:2;a:2:{s:4:\"date\";s:19:\"2019-05-13 06:06:46\";s:7:\"message\";s:55:\"Skipped sending because there was no message to be sent\";}}}', -1),
(1578, 0, 'info@kids.shweetproducts.com', 0, 0, '0', 1557813600, 0, 0, '0000-00-00 00:00:00', 'Daily summary', 'a:5:{s:13:\"daily_summary\";b:1;s:5:\"email\";s:28:\"info@kids.shweetproducts.com\";s:7:\"subject\";s:24:\"Follow-up emails summary\";s:7:\"message\";s:0:\"\";s:5:\"notes\";a:3:{i:0;a:2:{s:4:\"date\";s:19:\"2019-05-13 06:06:46\";s:7:\"message\";s:50:\"Email has been added to the queue (Queue ID #1578)\";}i:1;a:2:{s:4:\"date\";s:19:\"2019-05-13 06:06:46\";s:7:\"message\";s:52:\"Email is scheduled to be sent on 2019-05-14 06:00:00\";}i:2;a:2:{s:4:\"date\";s:19:\"2019-05-14 06:00:09\";s:7:\"message\";s:55:\"Skipped sending because there was no message to be sent\";}}}', -1),
(1579, 0, 'info@kids.shweetproducts.com', 0, 0, '0', 1557813600, 0, 0, '0000-00-00 00:00:00', 'Daily summary', 'a:5:{s:13:\"daily_summary\";b:1;s:5:\"email\";s:28:\"info@kids.shweetproducts.com\";s:7:\"subject\";s:24:\"Follow-up emails summary\";s:7:\"message\";s:0:\"\";s:5:\"notes\";a:3:{i:0;a:2:{s:4:\"date\";s:19:\"2019-05-14 06:00:09\";s:7:\"message\";s:50:\"Email has been added to the queue (Queue ID #1579)\";}i:1;a:2:{s:4:\"date\";s:19:\"2019-05-14 06:00:09\";s:7:\"message\";s:52:\"Email is scheduled to be sent on 2019-05-14 06:00:00\";}i:2;a:2:{s:4:\"date\";s:19:\"2019-05-14 06:00:09\";s:7:\"message\";s:55:\"Skipped sending because there was no message to be sent\";}}}', -1),
(1580, 0, 'info@kids.shweetproducts.com', 0, 0, '0', 1557900000, 0, 0, '0000-00-00 00:00:00', 'Daily summary', 'a:5:{s:13:\"daily_summary\";b:1;s:5:\"email\";s:28:\"info@kids.shweetproducts.com\";s:7:\"subject\";s:24:\"Follow-up emails summary\";s:7:\"message\";s:0:\"\";s:5:\"notes\";a:3:{i:0;a:2:{s:4:\"date\";s:19:\"2019-05-14 06:00:09\";s:7:\"message\";s:50:\"Email has been added to the queue (Queue ID #1580)\";}i:1;a:2:{s:4:\"date\";s:19:\"2019-05-14 06:00:09\";s:7:\"message\";s:52:\"Email is scheduled to be sent on 2019-05-15 06:00:00\";}i:2;a:2:{s:4:\"date\";s:19:\"2019-05-15 06:01:41\";s:7:\"message\";s:55:\"Skipped sending because there was no message to be sent\";}}}', -1),
(1581, 0, 'info@kids.shweetproducts.com', 0, 0, '0', 1557900000, 0, 0, '0000-00-00 00:00:00', 'Daily summary', 'a:5:{s:13:\"daily_summary\";b:1;s:5:\"email\";s:28:\"info@kids.shweetproducts.com\";s:7:\"subject\";s:24:\"Follow-up emails summary\";s:7:\"message\";s:0:\"\";s:5:\"notes\";a:3:{i:0;a:2:{s:4:\"date\";s:19:\"2019-05-15 06:01:41\";s:7:\"message\";s:50:\"Email has been added to the queue (Queue ID #1581)\";}i:1;a:2:{s:4:\"date\";s:19:\"2019-05-15 06:01:41\";s:7:\"message\";s:52:\"Email is scheduled to be sent on 2019-05-15 06:00:00\";}i:2;a:2:{s:4:\"date\";s:19:\"2019-05-15 06:01:41\";s:7:\"message\";s:55:\"Skipped sending because there was no message to be sent\";}}}', -1),
(1582, 0, 'info@kids.shweetproducts.com', 0, 0, '0', 1557986400, 0, 0, '0000-00-00 00:00:00', 'Daily summary', 'a:5:{s:13:\"daily_summary\";b:1;s:5:\"email\";s:28:\"info@kids.shweetproducts.com\";s:7:\"subject\";s:24:\"Follow-up emails summary\";s:7:\"message\";s:0:\"\";s:5:\"notes\";a:3:{i:0;a:2:{s:4:\"date\";s:19:\"2019-05-15 06:01:41\";s:7:\"message\";s:50:\"Email has been added to the queue (Queue ID #1582)\";}i:1;a:2:{s:4:\"date\";s:19:\"2019-05-15 06:01:41\";s:7:\"message\";s:52:\"Email is scheduled to be sent on 2019-05-16 06:00:00\";}i:2;a:2:{s:4:\"date\";s:19:\"2019-05-16 06:01:59\";s:7:\"message\";s:55:\"Skipped sending because there was no message to be sent\";}}}', -1),
(1583, 0, 'info@kids.shweetproducts.com', 0, 0, '0', 1557986400, 0, 0, '0000-00-00 00:00:00', 'Daily summary', 'a:5:{s:13:\"daily_summary\";b:1;s:5:\"email\";s:28:\"info@kids.shweetproducts.com\";s:7:\"subject\";s:24:\"Follow-up emails summary\";s:7:\"message\";s:0:\"\";s:5:\"notes\";a:3:{i:0;a:2:{s:4:\"date\";s:19:\"2019-05-16 06:01:59\";s:7:\"message\";s:50:\"Email has been added to the queue (Queue ID #1583)\";}i:1;a:2:{s:4:\"date\";s:19:\"2019-05-16 06:01:59\";s:7:\"message\";s:52:\"Email is scheduled to be sent on 2019-05-16 06:00:00\";}i:2;a:2:{s:4:\"date\";s:19:\"2019-05-16 06:01:59\";s:7:\"message\";s:55:\"Skipped sending because there was no message to be sent\";}}}', -1),
(1584, 0, 'info@kids.shweetproducts.com', 0, 0, '0', 1558072800, 0, 0, '0000-00-00 00:00:00', 'Daily summary', 'a:5:{s:13:\"daily_summary\";b:1;s:5:\"email\";s:28:\"info@kids.shweetproducts.com\";s:7:\"subject\";s:24:\"Follow-up emails summary\";s:7:\"message\";s:0:\"\";s:5:\"notes\";a:3:{i:0;a:2:{s:4:\"date\";s:19:\"2019-05-16 06:01:59\";s:7:\"message\";s:50:\"Email has been added to the queue (Queue ID #1584)\";}i:1;a:2:{s:4:\"date\";s:19:\"2019-05-16 06:01:59\";s:7:\"message\";s:52:\"Email is scheduled to be sent on 2019-05-17 06:00:00\";}i:2;a:2:{s:4:\"date\";s:19:\"2019-05-17 06:43:38\";s:7:\"message\";s:55:\"Skipped sending because there was no message to be sent\";}}}', -1),
(1585, 0, 'info@kids.shweetproducts.com', 0, 0, '0', 1558072800, 0, 0, '0000-00-00 00:00:00', 'Daily summary', 'a:5:{s:13:\"daily_summary\";b:1;s:5:\"email\";s:28:\"info@kids.shweetproducts.com\";s:7:\"subject\";s:24:\"Follow-up emails summary\";s:7:\"message\";s:0:\"\";s:5:\"notes\";a:3:{i:0;a:2:{s:4:\"date\";s:19:\"2019-05-17 06:43:38\";s:7:\"message\";s:50:\"Email has been added to the queue (Queue ID #1585)\";}i:1;a:2:{s:4:\"date\";s:19:\"2019-05-17 06:43:38\";s:7:\"message\";s:52:\"Email is scheduled to be sent on 2019-05-17 06:00:00\";}i:2;a:2:{s:4:\"date\";s:19:\"2019-05-17 06:43:38\";s:7:\"message\";s:55:\"Skipped sending because there was no message to be sent\";}}}', -1);
INSERT INTO `wpva_followup_email_orders` (`id`, `user_id`, `user_email`, `order_id`, `product_id`, `email_id`, `send_on`, `is_cart`, `is_sent`, `date_sent`, `email_trigger`, `meta`, `status`) VALUES
(1586, 0, 'info@kids.shweetproducts.com', 0, 0, '0', 1558159200, 0, 0, '0000-00-00 00:00:00', 'Daily summary', 'a:5:{s:13:\"daily_summary\";b:1;s:5:\"email\";s:28:\"info@kids.shweetproducts.com\";s:7:\"subject\";s:24:\"Follow-up emails summary\";s:7:\"message\";s:0:\"\";s:5:\"notes\";a:3:{i:0;a:2:{s:4:\"date\";s:19:\"2019-05-17 06:43:38\";s:7:\"message\";s:50:\"Email has been added to the queue (Queue ID #1586)\";}i:1;a:2:{s:4:\"date\";s:19:\"2019-05-17 06:43:38\";s:7:\"message\";s:52:\"Email is scheduled to be sent on 2019-05-18 06:00:00\";}i:2;a:2:{s:4:\"date\";s:19:\"2019-05-18 06:07:41\";s:7:\"message\";s:55:\"Skipped sending because there was no message to be sent\";}}}', -1),
(1587, 0, 'info@kids.shweetproducts.com', 0, 0, '0', 1558159200, 0, 0, '0000-00-00 00:00:00', 'Daily summary', 'a:5:{s:13:\"daily_summary\";b:1;s:5:\"email\";s:28:\"info@kids.shweetproducts.com\";s:7:\"subject\";s:24:\"Follow-up emails summary\";s:7:\"message\";s:0:\"\";s:5:\"notes\";a:3:{i:0;a:2:{s:4:\"date\";s:19:\"2019-05-18 06:07:40\";s:7:\"message\";s:50:\"Email has been added to the queue (Queue ID #1587)\";}i:1;a:2:{s:4:\"date\";s:19:\"2019-05-18 06:07:41\";s:7:\"message\";s:52:\"Email is scheduled to be sent on 2019-05-18 06:00:00\";}i:2;a:2:{s:4:\"date\";s:19:\"2019-05-18 06:07:41\";s:7:\"message\";s:55:\"Skipped sending because there was no message to be sent\";}}}', -1),
(1588, 0, 'info@kids.shweetproducts.com', 0, 0, '0', 1558245600, 0, 0, '0000-00-00 00:00:00', 'Daily summary', 'a:5:{s:13:\"daily_summary\";b:1;s:5:\"email\";s:28:\"info@kids.shweetproducts.com\";s:7:\"subject\";s:24:\"Follow-up emails summary\";s:7:\"message\";s:0:\"\";s:5:\"notes\";a:3:{i:0;a:2:{s:4:\"date\";s:19:\"2019-05-18 06:07:41\";s:7:\"message\";s:50:\"Email has been added to the queue (Queue ID #1588)\";}i:1;a:2:{s:4:\"date\";s:19:\"2019-05-18 06:07:41\";s:7:\"message\";s:52:\"Email is scheduled to be sent on 2019-05-19 06:00:00\";}i:2;a:2:{s:4:\"date\";s:19:\"2019-05-19 06:03:19\";s:7:\"message\";s:55:\"Skipped sending because there was no message to be sent\";}}}', -1),
(1589, 0, 'info@kids.shweetproducts.com', 0, 0, '0', 1558245600, 0, 0, '0000-00-00 00:00:00', 'Daily summary', 'a:5:{s:13:\"daily_summary\";b:1;s:5:\"email\";s:28:\"info@kids.shweetproducts.com\";s:7:\"subject\";s:24:\"Follow-up emails summary\";s:7:\"message\";s:0:\"\";s:5:\"notes\";a:3:{i:0;a:2:{s:4:\"date\";s:19:\"2019-05-19 06:03:19\";s:7:\"message\";s:50:\"Email has been added to the queue (Queue ID #1589)\";}i:1;a:2:{s:4:\"date\";s:19:\"2019-05-19 06:03:19\";s:7:\"message\";s:52:\"Email is scheduled to be sent on 2019-05-19 06:00:00\";}i:2;a:2:{s:4:\"date\";s:19:\"2019-05-19 06:03:19\";s:7:\"message\";s:55:\"Skipped sending because there was no message to be sent\";}}}', -1),
(1590, 0, 'info@kids.shweetproducts.com', 0, 0, '0', 1558332000, 0, 0, '0000-00-00 00:00:00', 'Daily summary', 'a:5:{s:13:\"daily_summary\";b:1;s:5:\"email\";s:28:\"info@kids.shweetproducts.com\";s:7:\"subject\";s:24:\"Follow-up emails summary\";s:7:\"message\";s:0:\"\";s:5:\"notes\";a:3:{i:0;a:2:{s:4:\"date\";s:19:\"2019-05-19 06:03:19\";s:7:\"message\";s:50:\"Email has been added to the queue (Queue ID #1590)\";}i:1;a:2:{s:4:\"date\";s:19:\"2019-05-19 06:03:19\";s:7:\"message\";s:52:\"Email is scheduled to be sent on 2019-05-20 06:00:00\";}i:2;a:2:{s:4:\"date\";s:19:\"2019-05-20 06:28:44\";s:7:\"message\";s:55:\"Skipped sending because there was no message to be sent\";}}}', -1),
(1591, 0, 'info@kids.shweetproducts.com', 0, 0, '0', 1558332000, 0, 0, '0000-00-00 00:00:00', 'Daily summary', 'a:5:{s:13:\"daily_summary\";b:1;s:5:\"email\";s:28:\"info@kids.shweetproducts.com\";s:7:\"subject\";s:24:\"Follow-up emails summary\";s:7:\"message\";s:0:\"\";s:5:\"notes\";a:3:{i:0;a:2:{s:4:\"date\";s:19:\"2019-05-20 06:28:44\";s:7:\"message\";s:50:\"Email has been added to the queue (Queue ID #1591)\";}i:1;a:2:{s:4:\"date\";s:19:\"2019-05-20 06:28:44\";s:7:\"message\";s:52:\"Email is scheduled to be sent on 2019-05-20 06:00:00\";}i:2;a:2:{s:4:\"date\";s:19:\"2019-05-20 06:28:44\";s:7:\"message\";s:55:\"Skipped sending because there was no message to be sent\";}}}', -1),
(1592, 0, 'info@kids.shweetproducts.com', 0, 0, '0', 1558418400, 0, 0, '0000-00-00 00:00:00', 'Daily summary', 'a:5:{s:13:\"daily_summary\";b:1;s:5:\"email\";s:28:\"info@kids.shweetproducts.com\";s:7:\"subject\";s:24:\"Follow-up emails summary\";s:7:\"message\";s:0:\"\";s:5:\"notes\";a:3:{i:0;a:2:{s:4:\"date\";s:19:\"2019-05-20 06:28:44\";s:7:\"message\";s:50:\"Email has been added to the queue (Queue ID #1592)\";}i:1;a:2:{s:4:\"date\";s:19:\"2019-05-20 06:28:44\";s:7:\"message\";s:52:\"Email is scheduled to be sent on 2019-05-21 06:00:00\";}i:2;a:2:{s:4:\"date\";s:19:\"2019-05-21 06:26:59\";s:7:\"message\";s:55:\"Skipped sending because there was no message to be sent\";}}}', -1),
(1593, 0, 'info@kids.shweetproducts.com', 0, 0, '0', 1558418400, 0, 0, '0000-00-00 00:00:00', 'Daily summary', 'a:5:{s:13:\"daily_summary\";b:1;s:5:\"email\";s:28:\"info@kids.shweetproducts.com\";s:7:\"subject\";s:24:\"Follow-up emails summary\";s:7:\"message\";s:0:\"\";s:5:\"notes\";a:3:{i:0;a:2:{s:4:\"date\";s:19:\"2019-05-21 06:26:59\";s:7:\"message\";s:50:\"Email has been added to the queue (Queue ID #1593)\";}i:1;a:2:{s:4:\"date\";s:19:\"2019-05-21 06:26:59\";s:7:\"message\";s:52:\"Email is scheduled to be sent on 2019-05-21 06:00:00\";}i:2;a:2:{s:4:\"date\";s:19:\"2019-05-21 06:26:59\";s:7:\"message\";s:55:\"Skipped sending because there was no message to be sent\";}}}', -1),
(1594, 0, 'info@kids.shweetproducts.com', 0, 0, '0', 1558504800, 0, 0, '0000-00-00 00:00:00', 'Daily summary', 'a:5:{s:13:\"daily_summary\";b:1;s:5:\"email\";s:28:\"info@kids.shweetproducts.com\";s:7:\"subject\";s:24:\"Follow-up emails summary\";s:7:\"message\";s:0:\"\";s:5:\"notes\";a:3:{i:0;a:2:{s:4:\"date\";s:19:\"2019-05-21 06:26:59\";s:7:\"message\";s:50:\"Email has been added to the queue (Queue ID #1594)\";}i:1;a:2:{s:4:\"date\";s:19:\"2019-05-21 06:26:59\";s:7:\"message\";s:52:\"Email is scheduled to be sent on 2019-05-22 06:00:00\";}i:2;a:2:{s:4:\"date\";s:19:\"2019-05-22 06:16:41\";s:7:\"message\";s:55:\"Skipped sending because there was no message to be sent\";}}}', -1),
(1595, 0, 'info@kids.shweetproducts.com', 0, 0, '0', 1558504800, 0, 0, '0000-00-00 00:00:00', 'Daily summary', 'a:5:{s:13:\"daily_summary\";b:1;s:5:\"email\";s:28:\"info@kids.shweetproducts.com\";s:7:\"subject\";s:24:\"Follow-up emails summary\";s:7:\"message\";s:0:\"\";s:5:\"notes\";a:3:{i:0;a:2:{s:4:\"date\";s:19:\"2019-05-22 06:16:41\";s:7:\"message\";s:50:\"Email has been added to the queue (Queue ID #1595)\";}i:1;a:2:{s:4:\"date\";s:19:\"2019-05-22 06:16:41\";s:7:\"message\";s:52:\"Email is scheduled to be sent on 2019-05-22 06:00:00\";}i:2;a:2:{s:4:\"date\";s:19:\"2019-05-22 06:16:41\";s:7:\"message\";s:55:\"Skipped sending because there was no message to be sent\";}}}', -1),
(1596, 0, 'info@kids.shweetproducts.com', 0, 0, '0', 1558591200, 0, 0, '0000-00-00 00:00:00', 'Daily summary', 'a:5:{s:13:\"daily_summary\";b:1;s:5:\"email\";s:28:\"info@kids.shweetproducts.com\";s:7:\"subject\";s:24:\"Follow-up emails summary\";s:7:\"message\";s:0:\"\";s:5:\"notes\";a:3:{i:0;a:2:{s:4:\"date\";s:19:\"2019-05-22 06:16:41\";s:7:\"message\";s:50:\"Email has been added to the queue (Queue ID #1596)\";}i:1;a:2:{s:4:\"date\";s:19:\"2019-05-22 06:16:41\";s:7:\"message\";s:52:\"Email is scheduled to be sent on 2019-05-23 06:00:00\";}i:2;a:2:{s:4:\"date\";s:19:\"2019-05-23 06:18:32\";s:7:\"message\";s:55:\"Skipped sending because there was no message to be sent\";}}}', -1),
(1597, 0, 'info@kids.shweetproducts.com', 0, 0, '0', 1558591200, 0, 0, '0000-00-00 00:00:00', 'Daily summary', 'a:5:{s:13:\"daily_summary\";b:1;s:5:\"email\";s:28:\"info@kids.shweetproducts.com\";s:7:\"subject\";s:24:\"Follow-up emails summary\";s:7:\"message\";s:0:\"\";s:5:\"notes\";a:3:{i:0;a:2:{s:4:\"date\";s:19:\"2019-05-23 06:18:32\";s:7:\"message\";s:50:\"Email has been added to the queue (Queue ID #1597)\";}i:1;a:2:{s:4:\"date\";s:19:\"2019-05-23 06:18:32\";s:7:\"message\";s:52:\"Email is scheduled to be sent on 2019-05-23 06:00:00\";}i:2;a:2:{s:4:\"date\";s:19:\"2019-05-23 06:18:32\";s:7:\"message\";s:55:\"Skipped sending because there was no message to be sent\";}}}', -1),
(1598, 0, 'info@kids.shweetproducts.com', 0, 0, '0', 1558677600, 0, 0, '0000-00-00 00:00:00', 'Daily summary', 'a:5:{s:13:\"daily_summary\";b:1;s:5:\"email\";s:28:\"info@kids.shweetproducts.com\";s:7:\"subject\";s:24:\"Follow-up emails summary\";s:7:\"message\";s:0:\"\";s:5:\"notes\";a:3:{i:0;a:2:{s:4:\"date\";s:19:\"2019-05-23 06:18:32\";s:7:\"message\";s:50:\"Email has been added to the queue (Queue ID #1598)\";}i:1;a:2:{s:4:\"date\";s:19:\"2019-05-23 06:18:32\";s:7:\"message\";s:52:\"Email is scheduled to be sent on 2019-05-24 06:00:00\";}i:2;a:2:{s:4:\"date\";s:19:\"2019-05-24 06:15:31\";s:7:\"message\";s:55:\"Skipped sending because there was no message to be sent\";}}}', -1),
(1599, 0, 'info@kids.shweetproducts.com', 0, 0, '0', 1558677600, 0, 0, '0000-00-00 00:00:00', 'Daily summary', 'a:5:{s:13:\"daily_summary\";b:1;s:5:\"email\";s:28:\"info@kids.shweetproducts.com\";s:7:\"subject\";s:24:\"Follow-up emails summary\";s:7:\"message\";s:0:\"\";s:5:\"notes\";a:3:{i:0;a:2:{s:4:\"date\";s:19:\"2019-05-24 06:15:31\";s:7:\"message\";s:50:\"Email has been added to the queue (Queue ID #1599)\";}i:1;a:2:{s:4:\"date\";s:19:\"2019-05-24 06:15:31\";s:7:\"message\";s:52:\"Email is scheduled to be sent on 2019-05-24 06:00:00\";}i:2;a:2:{s:4:\"date\";s:19:\"2019-05-24 06:15:31\";s:7:\"message\";s:55:\"Skipped sending because there was no message to be sent\";}}}', -1),
(1600, 0, 'info@kids.shweetproducts.com', 0, 0, '0', 1558764000, 0, 0, '0000-00-00 00:00:00', 'Daily summary', 'a:5:{s:13:\"daily_summary\";b:1;s:5:\"email\";s:28:\"info@kids.shweetproducts.com\";s:7:\"subject\";s:24:\"Follow-up emails summary\";s:7:\"message\";s:0:\"\";s:5:\"notes\";a:3:{i:0;a:2:{s:4:\"date\";s:19:\"2019-05-24 06:15:31\";s:7:\"message\";s:50:\"Email has been added to the queue (Queue ID #1600)\";}i:1;a:2:{s:4:\"date\";s:19:\"2019-05-24 06:15:31\";s:7:\"message\";s:52:\"Email is scheduled to be sent on 2019-05-25 06:00:00\";}i:2;a:2:{s:4:\"date\";s:19:\"2019-05-25 06:16:37\";s:7:\"message\";s:55:\"Skipped sending because there was no message to be sent\";}}}', -1),
(1601, 0, 'info@kids.shweetproducts.com', 0, 0, '0', 1558764000, 0, 0, '0000-00-00 00:00:00', 'Daily summary', 'a:5:{s:13:\"daily_summary\";b:1;s:5:\"email\";s:28:\"info@kids.shweetproducts.com\";s:7:\"subject\";s:24:\"Follow-up emails summary\";s:7:\"message\";s:0:\"\";s:5:\"notes\";a:3:{i:0;a:2:{s:4:\"date\";s:19:\"2019-05-25 06:16:37\";s:7:\"message\";s:50:\"Email has been added to the queue (Queue ID #1601)\";}i:1;a:2:{s:4:\"date\";s:19:\"2019-05-25 06:16:37\";s:7:\"message\";s:52:\"Email is scheduled to be sent on 2019-05-25 06:00:00\";}i:2;a:2:{s:4:\"date\";s:19:\"2019-05-25 06:16:37\";s:7:\"message\";s:55:\"Skipped sending because there was no message to be sent\";}}}', -1),
(1602, 0, 'info@kids.shweetproducts.com', 0, 0, '0', 1558850400, 0, 0, '0000-00-00 00:00:00', 'Daily summary', 'a:5:{s:13:\"daily_summary\";b:1;s:5:\"email\";s:28:\"info@kids.shweetproducts.com\";s:7:\"subject\";s:24:\"Follow-up emails summary\";s:7:\"message\";s:0:\"\";s:5:\"notes\";a:3:{i:0;a:2:{s:4:\"date\";s:19:\"2019-05-25 06:16:37\";s:7:\"message\";s:50:\"Email has been added to the queue (Queue ID #1602)\";}i:1;a:2:{s:4:\"date\";s:19:\"2019-05-25 06:16:37\";s:7:\"message\";s:52:\"Email is scheduled to be sent on 2019-05-26 06:00:00\";}i:2;a:2:{s:4:\"date\";s:19:\"2019-05-26 06:15:06\";s:7:\"message\";s:55:\"Skipped sending because there was no message to be sent\";}}}', -1),
(1603, 0, 'info@kids.shweetproducts.com', 0, 0, '0', 1558850400, 0, 0, '0000-00-00 00:00:00', 'Daily summary', 'a:5:{s:13:\"daily_summary\";b:1;s:5:\"email\";s:28:\"info@kids.shweetproducts.com\";s:7:\"subject\";s:24:\"Follow-up emails summary\";s:7:\"message\";s:0:\"\";s:5:\"notes\";a:3:{i:0;a:2:{s:4:\"date\";s:19:\"2019-05-26 06:15:06\";s:7:\"message\";s:50:\"Email has been added to the queue (Queue ID #1603)\";}i:1;a:2:{s:4:\"date\";s:19:\"2019-05-26 06:15:06\";s:7:\"message\";s:52:\"Email is scheduled to be sent on 2019-05-26 06:00:00\";}i:2;a:2:{s:4:\"date\";s:19:\"2019-05-26 06:15:06\";s:7:\"message\";s:55:\"Skipped sending because there was no message to be sent\";}}}', -1),
(1604, 0, 'info@kids.shweetproducts.com', 0, 0, '0', 1558936800, 0, 0, '0000-00-00 00:00:00', 'Daily summary', 'a:5:{s:13:\"daily_summary\";b:1;s:5:\"email\";s:28:\"info@kids.shweetproducts.com\";s:7:\"subject\";s:24:\"Follow-up emails summary\";s:7:\"message\";s:0:\"\";s:5:\"notes\";a:3:{i:0;a:2:{s:4:\"date\";s:19:\"2019-05-26 06:15:06\";s:7:\"message\";s:50:\"Email has been added to the queue (Queue ID #1604)\";}i:1;a:2:{s:4:\"date\";s:19:\"2019-05-26 06:15:06\";s:7:\"message\";s:52:\"Email is scheduled to be sent on 2019-05-27 06:00:00\";}i:2;a:2:{s:4:\"date\";s:19:\"2019-05-27 06:34:58\";s:7:\"message\";s:55:\"Skipped sending because there was no message to be sent\";}}}', -1),
(1605, 0, 'info@kids.shweetproducts.com', 0, 0, '0', 1558936800, 0, 0, '0000-00-00 00:00:00', 'Daily summary', 'a:5:{s:13:\"daily_summary\";b:1;s:5:\"email\";s:28:\"info@kids.shweetproducts.com\";s:7:\"subject\";s:24:\"Follow-up emails summary\";s:7:\"message\";s:0:\"\";s:5:\"notes\";a:3:{i:0;a:2:{s:4:\"date\";s:19:\"2019-05-27 06:34:58\";s:7:\"message\";s:50:\"Email has been added to the queue (Queue ID #1605)\";}i:1;a:2:{s:4:\"date\";s:19:\"2019-05-27 06:34:58\";s:7:\"message\";s:52:\"Email is scheduled to be sent on 2019-05-27 06:00:00\";}i:2;a:2:{s:4:\"date\";s:19:\"2019-05-27 06:34:58\";s:7:\"message\";s:55:\"Skipped sending because there was no message to be sent\";}}}', -1),
(1606, 0, 'info@kids.shweetproducts.com', 0, 0, '0', 1559023200, 0, 0, '0000-00-00 00:00:00', 'Daily summary', 'a:5:{s:13:\"daily_summary\";b:1;s:5:\"email\";s:28:\"info@kids.shweetproducts.com\";s:7:\"subject\";s:24:\"Follow-up emails summary\";s:7:\"message\";s:0:\"\";s:5:\"notes\";a:3:{i:0;a:2:{s:4:\"date\";s:19:\"2019-05-27 06:34:58\";s:7:\"message\";s:50:\"Email has been added to the queue (Queue ID #1606)\";}i:1;a:2:{s:4:\"date\";s:19:\"2019-05-27 06:34:58\";s:7:\"message\";s:52:\"Email is scheduled to be sent on 2019-05-28 06:00:00\";}i:2;a:2:{s:4:\"date\";s:19:\"2019-05-28 06:12:06\";s:7:\"message\";s:55:\"Skipped sending because there was no message to be sent\";}}}', -1),
(1607, 0, 'info@kids.shweetproducts.com', 0, 0, '0', 1559023200, 0, 0, '0000-00-00 00:00:00', 'Daily summary', 'a:5:{s:13:\"daily_summary\";b:1;s:5:\"email\";s:28:\"info@kids.shweetproducts.com\";s:7:\"subject\";s:24:\"Follow-up emails summary\";s:7:\"message\";s:0:\"\";s:5:\"notes\";a:3:{i:0;a:2:{s:4:\"date\";s:19:\"2019-05-28 06:12:06\";s:7:\"message\";s:50:\"Email has been added to the queue (Queue ID #1607)\";}i:1;a:2:{s:4:\"date\";s:19:\"2019-05-28 06:12:06\";s:7:\"message\";s:52:\"Email is scheduled to be sent on 2019-05-28 06:00:00\";}i:2;a:2:{s:4:\"date\";s:19:\"2019-05-28 06:12:06\";s:7:\"message\";s:55:\"Skipped sending because there was no message to be sent\";}}}', -1),
(1608, 0, 'info@kids.shweetproducts.com', 0, 0, '0', 1559109600, 0, 0, '0000-00-00 00:00:00', 'Daily summary', 'a:5:{s:13:\"daily_summary\";b:1;s:5:\"email\";s:28:\"info@kids.shweetproducts.com\";s:7:\"subject\";s:24:\"Follow-up emails summary\";s:7:\"message\";s:0:\"\";s:5:\"notes\";a:3:{i:0;a:2:{s:4:\"date\";s:19:\"2019-05-28 06:12:06\";s:7:\"message\";s:50:\"Email has been added to the queue (Queue ID #1608)\";}i:1;a:2:{s:4:\"date\";s:19:\"2019-05-28 06:12:06\";s:7:\"message\";s:52:\"Email is scheduled to be sent on 2019-05-29 06:00:00\";}i:2;a:2:{s:4:\"date\";s:19:\"2019-05-29 06:21:36\";s:7:\"message\";s:55:\"Skipped sending because there was no message to be sent\";}}}', -1),
(1609, 0, 'info@kids.shweetproducts.com', 0, 0, '0', 1559109600, 0, 0, '0000-00-00 00:00:00', 'Daily summary', 'a:5:{s:13:\"daily_summary\";b:1;s:5:\"email\";s:28:\"info@kids.shweetproducts.com\";s:7:\"subject\";s:24:\"Follow-up emails summary\";s:7:\"message\";s:0:\"\";s:5:\"notes\";a:3:{i:0;a:2:{s:4:\"date\";s:19:\"2019-05-29 06:21:36\";s:7:\"message\";s:50:\"Email has been added to the queue (Queue ID #1609)\";}i:1;a:2:{s:4:\"date\";s:19:\"2019-05-29 06:21:36\";s:7:\"message\";s:52:\"Email is scheduled to be sent on 2019-05-29 06:00:00\";}i:2;a:2:{s:4:\"date\";s:19:\"2019-05-29 06:21:37\";s:7:\"message\";s:55:\"Skipped sending because there was no message to be sent\";}}}', -1),
(1610, 0, 'info@kids.shweetproducts.com', 0, 0, '0', 1559196000, 0, 0, '0000-00-00 00:00:00', 'Daily summary', 'a:5:{s:13:\"daily_summary\";b:1;s:5:\"email\";s:28:\"info@kids.shweetproducts.com\";s:7:\"subject\";s:24:\"Follow-up emails summary\";s:7:\"message\";s:0:\"\";s:5:\"notes\";a:3:{i:0;a:2:{s:4:\"date\";s:19:\"2019-05-29 06:21:37\";s:7:\"message\";s:50:\"Email has been added to the queue (Queue ID #1610)\";}i:1;a:2:{s:4:\"date\";s:19:\"2019-05-29 06:21:37\";s:7:\"message\";s:52:\"Email is scheduled to be sent on 2019-05-30 06:00:00\";}i:2;a:2:{s:4:\"date\";s:19:\"2019-05-30 06:04:18\";s:7:\"message\";s:55:\"Skipped sending because there was no message to be sent\";}}}', -1),
(1611, 0, 'info@kids.shweetproducts.com', 0, 0, '0', 1559196000, 0, 0, '0000-00-00 00:00:00', 'Daily summary', 'a:5:{s:13:\"daily_summary\";b:1;s:5:\"email\";s:28:\"info@kids.shweetproducts.com\";s:7:\"subject\";s:24:\"Follow-up emails summary\";s:7:\"message\";s:0:\"\";s:5:\"notes\";a:3:{i:0;a:2:{s:4:\"date\";s:19:\"2019-05-30 06:04:18\";s:7:\"message\";s:50:\"Email has been added to the queue (Queue ID #1611)\";}i:1;a:2:{s:4:\"date\";s:19:\"2019-05-30 06:04:18\";s:7:\"message\";s:52:\"Email is scheduled to be sent on 2019-05-30 06:00:00\";}i:2;a:2:{s:4:\"date\";s:19:\"2019-05-30 06:04:18\";s:7:\"message\";s:55:\"Skipped sending because there was no message to be sent\";}}}', -1),
(1612, 0, 'info@kids.shweetproducts.com', 0, 0, '0', 1559282400, 0, 0, '0000-00-00 00:00:00', 'Daily summary', 'a:5:{s:13:\"daily_summary\";b:1;s:5:\"email\";s:28:\"info@kids.shweetproducts.com\";s:7:\"subject\";s:24:\"Follow-up emails summary\";s:7:\"message\";s:0:\"\";s:5:\"notes\";a:3:{i:0;a:2:{s:4:\"date\";s:19:\"2019-05-30 06:04:18\";s:7:\"message\";s:50:\"Email has been added to the queue (Queue ID #1612)\";}i:1;a:2:{s:4:\"date\";s:19:\"2019-05-30 06:04:18\";s:7:\"message\";s:52:\"Email is scheduled to be sent on 2019-05-31 06:00:00\";}i:2;a:2:{s:4:\"date\";s:19:\"2019-05-31 06:14:08\";s:7:\"message\";s:55:\"Skipped sending because there was no message to be sent\";}}}', -1),
(1613, 0, 'info@kids.shweetproducts.com', 0, 0, '0', 1559282400, 0, 0, '0000-00-00 00:00:00', 'Daily summary', 'a:5:{s:13:\"daily_summary\";b:1;s:5:\"email\";s:28:\"info@kids.shweetproducts.com\";s:7:\"subject\";s:24:\"Follow-up emails summary\";s:7:\"message\";s:0:\"\";s:5:\"notes\";a:3:{i:0;a:2:{s:4:\"date\";s:19:\"2019-05-31 06:14:08\";s:7:\"message\";s:50:\"Email has been added to the queue (Queue ID #1613)\";}i:1;a:2:{s:4:\"date\";s:19:\"2019-05-31 06:14:08\";s:7:\"message\";s:52:\"Email is scheduled to be sent on 2019-05-31 06:00:00\";}i:2;a:2:{s:4:\"date\";s:19:\"2019-05-31 06:14:08\";s:7:\"message\";s:55:\"Skipped sending because there was no message to be sent\";}}}', -1),
(1614, 0, 'info@kids.shweetproducts.com', 0, 0, '0', 1559368800, 0, 0, '0000-00-00 00:00:00', 'Daily summary', 'a:5:{s:13:\"daily_summary\";b:1;s:5:\"email\";s:28:\"info@kids.shweetproducts.com\";s:7:\"subject\";s:24:\"Follow-up emails summary\";s:7:\"message\";s:0:\"\";s:5:\"notes\";a:3:{i:0;a:2:{s:4:\"date\";s:19:\"2019-05-31 06:14:08\";s:7:\"message\";s:50:\"Email has been added to the queue (Queue ID #1614)\";}i:1;a:2:{s:4:\"date\";s:19:\"2019-05-31 06:14:08\";s:7:\"message\";s:52:\"Email is scheduled to be sent on 2019-06-01 06:00:00\";}i:2;a:2:{s:4:\"date\";s:19:\"2019-06-01 06:04:30\";s:7:\"message\";s:55:\"Skipped sending because there was no message to be sent\";}}}', -1),
(1615, 0, 'info@kids.shweetproducts.com', 0, 0, '0', 1559368800, 0, 0, '0000-00-00 00:00:00', 'Daily summary', 'a:5:{s:13:\"daily_summary\";b:1;s:5:\"email\";s:28:\"info@kids.shweetproducts.com\";s:7:\"subject\";s:24:\"Follow-up emails summary\";s:7:\"message\";s:0:\"\";s:5:\"notes\";a:3:{i:0;a:2:{s:4:\"date\";s:19:\"2019-06-01 06:04:30\";s:7:\"message\";s:50:\"Email has been added to the queue (Queue ID #1615)\";}i:1;a:2:{s:4:\"date\";s:19:\"2019-06-01 06:04:30\";s:7:\"message\";s:52:\"Email is scheduled to be sent on 2019-06-01 06:00:00\";}i:2;a:2:{s:4:\"date\";s:19:\"2019-06-01 06:04:30\";s:7:\"message\";s:55:\"Skipped sending because there was no message to be sent\";}}}', -1),
(1616, 0, 'info@kids.shweetproducts.com', 0, 0, '0', 1559455200, 0, 0, '0000-00-00 00:00:00', 'Daily summary', 'a:5:{s:13:\"daily_summary\";b:1;s:5:\"email\";s:28:\"info@kids.shweetproducts.com\";s:7:\"subject\";s:24:\"Follow-up emails summary\";s:7:\"message\";s:0:\"\";s:5:\"notes\";a:3:{i:0;a:2:{s:4:\"date\";s:19:\"2019-06-01 06:04:30\";s:7:\"message\";s:50:\"Email has been added to the queue (Queue ID #1616)\";}i:1;a:2:{s:4:\"date\";s:19:\"2019-06-01 06:04:30\";s:7:\"message\";s:52:\"Email is scheduled to be sent on 2019-06-02 06:00:00\";}i:2;a:2:{s:4:\"date\";s:19:\"2019-06-02 06:13:49\";s:7:\"message\";s:55:\"Skipped sending because there was no message to be sent\";}}}', -1),
(1617, 0, 'info@kids.shweetproducts.com', 0, 0, '0', 1559455200, 0, 0, '0000-00-00 00:00:00', 'Daily summary', 'a:5:{s:13:\"daily_summary\";b:1;s:5:\"email\";s:28:\"info@kids.shweetproducts.com\";s:7:\"subject\";s:24:\"Follow-up emails summary\";s:7:\"message\";s:0:\"\";s:5:\"notes\";a:3:{i:0;a:2:{s:4:\"date\";s:19:\"2019-06-02 06:13:49\";s:7:\"message\";s:50:\"Email has been added to the queue (Queue ID #1617)\";}i:1;a:2:{s:4:\"date\";s:19:\"2019-06-02 06:13:49\";s:7:\"message\";s:52:\"Email is scheduled to be sent on 2019-06-02 06:00:00\";}i:2;a:2:{s:4:\"date\";s:19:\"2019-06-02 06:13:49\";s:7:\"message\";s:55:\"Skipped sending because there was no message to be sent\";}}}', -1),
(1618, 0, 'info@kids.shweetproducts.com', 0, 0, '0', 1559541600, 0, 0, '0000-00-00 00:00:00', 'Daily summary', 'a:5:{s:13:\"daily_summary\";b:1;s:5:\"email\";s:28:\"info@kids.shweetproducts.com\";s:7:\"subject\";s:24:\"Follow-up emails summary\";s:7:\"message\";s:0:\"\";s:5:\"notes\";a:3:{i:0;a:2:{s:4:\"date\";s:19:\"2019-06-02 06:13:49\";s:7:\"message\";s:50:\"Email has been added to the queue (Queue ID #1618)\";}i:1;a:2:{s:4:\"date\";s:19:\"2019-06-02 06:13:49\";s:7:\"message\";s:52:\"Email is scheduled to be sent on 2019-06-03 06:00:00\";}i:2;a:2:{s:4:\"date\";s:19:\"2019-06-03 06:08:02\";s:7:\"message\";s:55:\"Skipped sending because there was no message to be sent\";}}}', -1),
(1619, 0, 'info@kids.shweetproducts.com', 0, 0, '0', 1559541600, 0, 0, '0000-00-00 00:00:00', 'Daily summary', 'a:5:{s:13:\"daily_summary\";b:1;s:5:\"email\";s:28:\"info@kids.shweetproducts.com\";s:7:\"subject\";s:24:\"Follow-up emails summary\";s:7:\"message\";s:0:\"\";s:5:\"notes\";a:3:{i:0;a:2:{s:4:\"date\";s:19:\"2019-06-03 06:08:02\";s:7:\"message\";s:50:\"Email has been added to the queue (Queue ID #1619)\";}i:1;a:2:{s:4:\"date\";s:19:\"2019-06-03 06:08:02\";s:7:\"message\";s:52:\"Email is scheduled to be sent on 2019-06-03 06:00:00\";}i:2;a:2:{s:4:\"date\";s:19:\"2019-06-03 06:08:02\";s:7:\"message\";s:55:\"Skipped sending because there was no message to be sent\";}}}', -1),
(1620, 0, 'info@kids.shweetproducts.com', 0, 0, '0', 1559628000, 0, 0, '0000-00-00 00:00:00', 'Daily summary', 'a:5:{s:13:\"daily_summary\";b:1;s:5:\"email\";s:28:\"info@kids.shweetproducts.com\";s:7:\"subject\";s:24:\"Follow-up emails summary\";s:7:\"message\";s:0:\"\";s:5:\"notes\";a:3:{i:0;a:2:{s:4:\"date\";s:19:\"2019-06-03 06:08:02\";s:7:\"message\";s:50:\"Email has been added to the queue (Queue ID #1620)\";}i:1;a:2:{s:4:\"date\";s:19:\"2019-06-03 06:08:02\";s:7:\"message\";s:52:\"Email is scheduled to be sent on 2019-06-04 06:00:00\";}i:2;a:2:{s:4:\"date\";s:19:\"2019-06-04 06:09:00\";s:7:\"message\";s:55:\"Skipped sending because there was no message to be sent\";}}}', -1),
(1621, 0, 'info@kids.shweetproducts.com', 0, 0, '0', 1559628000, 0, 0, '0000-00-00 00:00:00', 'Daily summary', 'a:5:{s:13:\"daily_summary\";b:1;s:5:\"email\";s:28:\"info@kids.shweetproducts.com\";s:7:\"subject\";s:24:\"Follow-up emails summary\";s:7:\"message\";s:0:\"\";s:5:\"notes\";a:3:{i:0;a:2:{s:4:\"date\";s:19:\"2019-06-04 06:09:00\";s:7:\"message\";s:50:\"Email has been added to the queue (Queue ID #1621)\";}i:1;a:2:{s:4:\"date\";s:19:\"2019-06-04 06:09:00\";s:7:\"message\";s:52:\"Email is scheduled to be sent on 2019-06-04 06:00:00\";}i:2;a:2:{s:4:\"date\";s:19:\"2019-06-04 06:09:00\";s:7:\"message\";s:55:\"Skipped sending because there was no message to be sent\";}}}', -1),
(1622, 0, 'info@kids.shweetproducts.com', 0, 0, '0', 1559714400, 0, 0, '0000-00-00 00:00:00', 'Daily summary', 'a:5:{s:13:\"daily_summary\";b:1;s:5:\"email\";s:28:\"info@kids.shweetproducts.com\";s:7:\"subject\";s:24:\"Follow-up emails summary\";s:7:\"message\";s:0:\"\";s:5:\"notes\";a:3:{i:0;a:2:{s:4:\"date\";s:19:\"2019-06-04 06:09:00\";s:7:\"message\";s:50:\"Email has been added to the queue (Queue ID #1622)\";}i:1;a:2:{s:4:\"date\";s:19:\"2019-06-04 06:09:00\";s:7:\"message\";s:52:\"Email is scheduled to be sent on 2019-06-05 06:00:00\";}i:2;a:2:{s:4:\"date\";s:19:\"2019-06-05 06:01:08\";s:7:\"message\";s:55:\"Skipped sending because there was no message to be sent\";}}}', -1),
(1623, 0, 'info@kids.shweetproducts.com', 0, 0, '0', 1559714400, 0, 0, '0000-00-00 00:00:00', 'Daily summary', 'a:5:{s:13:\"daily_summary\";b:1;s:5:\"email\";s:28:\"info@kids.shweetproducts.com\";s:7:\"subject\";s:24:\"Follow-up emails summary\";s:7:\"message\";s:0:\"\";s:5:\"notes\";a:3:{i:0;a:2:{s:4:\"date\";s:19:\"2019-06-05 06:01:08\";s:7:\"message\";s:50:\"Email has been added to the queue (Queue ID #1623)\";}i:1;a:2:{s:4:\"date\";s:19:\"2019-06-05 06:01:08\";s:7:\"message\";s:52:\"Email is scheduled to be sent on 2019-06-05 06:00:00\";}i:2;a:2:{s:4:\"date\";s:19:\"2019-06-05 06:01:08\";s:7:\"message\";s:55:\"Skipped sending because there was no message to be sent\";}}}', -1),
(1624, 0, 'info@kids.shweetproducts.com', 0, 0, '0', 1559800800, 0, 0, '0000-00-00 00:00:00', 'Daily summary', 'a:5:{s:13:\"daily_summary\";b:1;s:5:\"email\";s:28:\"info@kids.shweetproducts.com\";s:7:\"subject\";s:24:\"Follow-up emails summary\";s:7:\"message\";s:0:\"\";s:5:\"notes\";a:3:{i:0;a:2:{s:4:\"date\";s:19:\"2019-06-05 06:01:08\";s:7:\"message\";s:50:\"Email has been added to the queue (Queue ID #1624)\";}i:1;a:2:{s:4:\"date\";s:19:\"2019-06-05 06:01:08\";s:7:\"message\";s:52:\"Email is scheduled to be sent on 2019-06-06 06:00:00\";}i:2;a:2:{s:4:\"date\";s:19:\"2019-06-06 06:00:47\";s:7:\"message\";s:55:\"Skipped sending because there was no message to be sent\";}}}', -1),
(1625, 0, 'info@kids.shweetproducts.com', 0, 0, '0', 1559800800, 0, 0, '0000-00-00 00:00:00', 'Daily summary', 'a:5:{s:13:\"daily_summary\";b:1;s:5:\"email\";s:28:\"info@kids.shweetproducts.com\";s:7:\"subject\";s:24:\"Follow-up emails summary\";s:7:\"message\";s:0:\"\";s:5:\"notes\";a:3:{i:0;a:2:{s:4:\"date\";s:19:\"2019-06-06 06:00:47\";s:7:\"message\";s:50:\"Email has been added to the queue (Queue ID #1625)\";}i:1;a:2:{s:4:\"date\";s:19:\"2019-06-06 06:00:47\";s:7:\"message\";s:52:\"Email is scheduled to be sent on 2019-06-06 06:00:00\";}i:2;a:2:{s:4:\"date\";s:19:\"2019-06-06 06:00:48\";s:7:\"message\";s:55:\"Skipped sending because there was no message to be sent\";}}}', -1),
(1626, 0, 'info@kids.shweetproducts.com', 0, 0, '0', 1559887200, 0, 0, '0000-00-00 00:00:00', 'Daily summary', 'a:5:{s:13:\"daily_summary\";b:1;s:5:\"email\";s:28:\"info@kids.shweetproducts.com\";s:7:\"subject\";s:24:\"Follow-up emails summary\";s:7:\"message\";s:0:\"\";s:5:\"notes\";a:3:{i:0;a:2:{s:4:\"date\";s:19:\"2019-06-06 06:00:48\";s:7:\"message\";s:50:\"Email has been added to the queue (Queue ID #1626)\";}i:1;a:2:{s:4:\"date\";s:19:\"2019-06-06 06:00:48\";s:7:\"message\";s:52:\"Email is scheduled to be sent on 2019-06-07 06:00:00\";}i:2;a:2:{s:4:\"date\";s:19:\"2019-06-07 06:34:50\";s:7:\"message\";s:55:\"Skipped sending because there was no message to be sent\";}}}', -1),
(1627, 0, 'info@kids.shweetproducts.com', 0, 0, '0', 1559887200, 0, 0, '0000-00-00 00:00:00', 'Daily summary', 'a:5:{s:13:\"daily_summary\";b:1;s:5:\"email\";s:28:\"info@kids.shweetproducts.com\";s:7:\"subject\";s:24:\"Follow-up emails summary\";s:7:\"message\";s:0:\"\";s:5:\"notes\";a:3:{i:0;a:2:{s:4:\"date\";s:19:\"2019-06-07 06:34:50\";s:7:\"message\";s:50:\"Email has been added to the queue (Queue ID #1627)\";}i:1;a:2:{s:4:\"date\";s:19:\"2019-06-07 06:34:50\";s:7:\"message\";s:52:\"Email is scheduled to be sent on 2019-06-07 06:00:00\";}i:2;a:2:{s:4:\"date\";s:19:\"2019-06-07 06:34:50\";s:7:\"message\";s:55:\"Skipped sending because there was no message to be sent\";}}}', -1),
(1628, 0, 'info@kids.shweetproducts.com', 0, 0, '0', 1559973600, 0, 0, '0000-00-00 00:00:00', 'Daily summary', 'a:5:{s:13:\"daily_summary\";b:1;s:5:\"email\";s:28:\"info@kids.shweetproducts.com\";s:7:\"subject\";s:24:\"Follow-up emails summary\";s:7:\"message\";s:0:\"\";s:5:\"notes\";a:3:{i:0;a:2:{s:4:\"date\";s:19:\"2019-06-07 06:34:50\";s:7:\"message\";s:50:\"Email has been added to the queue (Queue ID #1628)\";}i:1;a:2:{s:4:\"date\";s:19:\"2019-06-07 06:34:50\";s:7:\"message\";s:52:\"Email is scheduled to be sent on 2019-06-08 06:00:00\";}i:2;a:2:{s:4:\"date\";s:19:\"2019-06-08 06:04:58\";s:7:\"message\";s:55:\"Skipped sending because there was no message to be sent\";}}}', -1),
(1629, 0, 'info@kids.shweetproducts.com', 0, 0, '0', 1559973600, 0, 0, '0000-00-00 00:00:00', 'Daily summary', 'a:5:{s:13:\"daily_summary\";b:1;s:5:\"email\";s:28:\"info@kids.shweetproducts.com\";s:7:\"subject\";s:24:\"Follow-up emails summary\";s:7:\"message\";s:0:\"\";s:5:\"notes\";a:3:{i:0;a:2:{s:4:\"date\";s:19:\"2019-06-08 06:04:58\";s:7:\"message\";s:50:\"Email has been added to the queue (Queue ID #1629)\";}i:1;a:2:{s:4:\"date\";s:19:\"2019-06-08 06:04:58\";s:7:\"message\";s:52:\"Email is scheduled to be sent on 2019-06-08 06:00:00\";}i:2;a:2:{s:4:\"date\";s:19:\"2019-06-08 06:04:58\";s:7:\"message\";s:55:\"Skipped sending because there was no message to be sent\";}}}', -1),
(1630, 0, 'info@kids.shweetproducts.com', 0, 0, '0', 1560060000, 0, 0, '0000-00-00 00:00:00', 'Daily summary', 'a:5:{s:13:\"daily_summary\";b:1;s:5:\"email\";s:28:\"info@kids.shweetproducts.com\";s:7:\"subject\";s:24:\"Follow-up emails summary\";s:7:\"message\";s:0:\"\";s:5:\"notes\";a:3:{i:0;a:2:{s:4:\"date\";s:19:\"2019-06-08 06:04:58\";s:7:\"message\";s:50:\"Email has been added to the queue (Queue ID #1630)\";}i:1;a:2:{s:4:\"date\";s:19:\"2019-06-08 06:04:58\";s:7:\"message\";s:52:\"Email is scheduled to be sent on 2019-06-09 06:00:00\";}i:2;a:2:{s:4:\"date\";s:19:\"2019-06-09 06:07:13\";s:7:\"message\";s:55:\"Skipped sending because there was no message to be sent\";}}}', -1),
(1631, 0, 'info@kids.shweetproducts.com', 0, 0, '0', 1560060000, 0, 0, '0000-00-00 00:00:00', 'Daily summary', 'a:5:{s:13:\"daily_summary\";b:1;s:5:\"email\";s:28:\"info@kids.shweetproducts.com\";s:7:\"subject\";s:24:\"Follow-up emails summary\";s:7:\"message\";s:0:\"\";s:5:\"notes\";a:3:{i:0;a:2:{s:4:\"date\";s:19:\"2019-06-09 06:07:13\";s:7:\"message\";s:50:\"Email has been added to the queue (Queue ID #1631)\";}i:1;a:2:{s:4:\"date\";s:19:\"2019-06-09 06:07:13\";s:7:\"message\";s:52:\"Email is scheduled to be sent on 2019-06-09 06:00:00\";}i:2;a:2:{s:4:\"date\";s:19:\"2019-06-09 06:07:13\";s:7:\"message\";s:55:\"Skipped sending because there was no message to be sent\";}}}', -1),
(1632, 0, 'info@kids.shweetproducts.com', 0, 0, '0', 1560146400, 0, 0, '0000-00-00 00:00:00', 'Daily summary', 'a:5:{s:13:\"daily_summary\";b:1;s:5:\"email\";s:28:\"info@kids.shweetproducts.com\";s:7:\"subject\";s:24:\"Follow-up emails summary\";s:7:\"message\";s:0:\"\";s:5:\"notes\";a:3:{i:0;a:2:{s:4:\"date\";s:19:\"2019-06-09 06:07:13\";s:7:\"message\";s:50:\"Email has been added to the queue (Queue ID #1632)\";}i:1;a:2:{s:4:\"date\";s:19:\"2019-06-09 06:07:13\";s:7:\"message\";s:52:\"Email is scheduled to be sent on 2019-06-10 06:00:00\";}i:2;a:2:{s:4:\"date\";s:19:\"2019-06-10 06:19:43\";s:7:\"message\";s:55:\"Skipped sending because there was no message to be sent\";}}}', -1),
(1633, 0, 'info@kids.shweetproducts.com', 0, 0, '0', 1560146400, 0, 0, '0000-00-00 00:00:00', 'Daily summary', 'a:5:{s:13:\"daily_summary\";b:1;s:5:\"email\";s:28:\"info@kids.shweetproducts.com\";s:7:\"subject\";s:24:\"Follow-up emails summary\";s:7:\"message\";s:0:\"\";s:5:\"notes\";a:3:{i:0;a:2:{s:4:\"date\";s:19:\"2019-06-10 06:19:43\";s:7:\"message\";s:50:\"Email has been added to the queue (Queue ID #1633)\";}i:1;a:2:{s:4:\"date\";s:19:\"2019-06-10 06:19:43\";s:7:\"message\";s:52:\"Email is scheduled to be sent on 2019-06-10 06:00:00\";}i:2;a:2:{s:4:\"date\";s:19:\"2019-06-10 06:19:43\";s:7:\"message\";s:55:\"Skipped sending because there was no message to be sent\";}}}', -1),
(1634, 0, 'info@kids.shweetproducts.com', 0, 0, '0', 1560232800, 0, 0, '0000-00-00 00:00:00', 'Daily summary', 'a:5:{s:13:\"daily_summary\";b:1;s:5:\"email\";s:28:\"info@kids.shweetproducts.com\";s:7:\"subject\";s:24:\"Follow-up emails summary\";s:7:\"message\";s:0:\"\";s:5:\"notes\";a:3:{i:0;a:2:{s:4:\"date\";s:19:\"2019-06-10 06:19:43\";s:7:\"message\";s:50:\"Email has been added to the queue (Queue ID #1634)\";}i:1;a:2:{s:4:\"date\";s:19:\"2019-06-10 06:19:43\";s:7:\"message\";s:52:\"Email is scheduled to be sent on 2019-06-11 06:00:00\";}i:2;a:2:{s:4:\"date\";s:19:\"2019-06-11 06:00:31\";s:7:\"message\";s:55:\"Skipped sending because there was no message to be sent\";}}}', -1),
(1635, 0, 'info@kids.shweetproducts.com', 0, 0, '0', 1560232800, 0, 0, '0000-00-00 00:00:00', 'Daily summary', 'a:5:{s:13:\"daily_summary\";b:1;s:5:\"email\";s:28:\"info@kids.shweetproducts.com\";s:7:\"subject\";s:24:\"Follow-up emails summary\";s:7:\"message\";s:0:\"\";s:5:\"notes\";a:3:{i:0;a:2:{s:4:\"date\";s:19:\"2019-06-11 06:00:31\";s:7:\"message\";s:50:\"Email has been added to the queue (Queue ID #1635)\";}i:1;a:2:{s:4:\"date\";s:19:\"2019-06-11 06:00:31\";s:7:\"message\";s:52:\"Email is scheduled to be sent on 2019-06-11 06:00:00\";}i:2;a:2:{s:4:\"date\";s:19:\"2019-06-11 06:00:31\";s:7:\"message\";s:55:\"Skipped sending because there was no message to be sent\";}}}', -1),
(1636, 0, 'info@kids.shweetproducts.com', 0, 0, '0', 1560319200, 0, 0, '0000-00-00 00:00:00', 'Daily summary', 'a:5:{s:13:\"daily_summary\";b:1;s:5:\"email\";s:28:\"info@kids.shweetproducts.com\";s:7:\"subject\";s:24:\"Follow-up emails summary\";s:7:\"message\";s:0:\"\";s:5:\"notes\";a:3:{i:0;a:2:{s:4:\"date\";s:19:\"2019-06-11 06:00:31\";s:7:\"message\";s:50:\"Email has been added to the queue (Queue ID #1636)\";}i:1;a:2:{s:4:\"date\";s:19:\"2019-06-11 06:00:31\";s:7:\"message\";s:52:\"Email is scheduled to be sent on 2019-06-12 06:00:00\";}i:2;a:2:{s:4:\"date\";s:19:\"2019-06-12 06:08:03\";s:7:\"message\";s:55:\"Skipped sending because there was no message to be sent\";}}}', -1),
(1637, 0, 'info@kids.shweetproducts.com', 0, 0, '0', 1560319200, 0, 0, '0000-00-00 00:00:00', 'Daily summary', 'a:5:{s:13:\"daily_summary\";b:1;s:5:\"email\";s:28:\"info@kids.shweetproducts.com\";s:7:\"subject\";s:24:\"Follow-up emails summary\";s:7:\"message\";s:0:\"\";s:5:\"notes\";a:3:{i:0;a:2:{s:4:\"date\";s:19:\"2019-06-12 06:08:03\";s:7:\"message\";s:50:\"Email has been added to the queue (Queue ID #1637)\";}i:1;a:2:{s:4:\"date\";s:19:\"2019-06-12 06:08:03\";s:7:\"message\";s:52:\"Email is scheduled to be sent on 2019-06-12 06:00:00\";}i:2;a:2:{s:4:\"date\";s:19:\"2019-06-12 06:08:03\";s:7:\"message\";s:55:\"Skipped sending because there was no message to be sent\";}}}', -1),
(1638, 0, 'info@kids.shweetproducts.com', 0, 0, '0', 1560405600, 0, 0, '0000-00-00 00:00:00', 'Daily summary', 'a:5:{s:13:\"daily_summary\";b:1;s:5:\"email\";s:28:\"info@kids.shweetproducts.com\";s:7:\"subject\";s:24:\"Follow-up emails summary\";s:7:\"message\";s:0:\"\";s:5:\"notes\";a:3:{i:0;a:2:{s:4:\"date\";s:19:\"2019-06-12 06:08:03\";s:7:\"message\";s:50:\"Email has been added to the queue (Queue ID #1638)\";}i:1;a:2:{s:4:\"date\";s:19:\"2019-06-12 06:08:03\";s:7:\"message\";s:52:\"Email is scheduled to be sent on 2019-06-13 06:00:00\";}i:2;a:2:{s:4:\"date\";s:19:\"2019-06-13 06:10:06\";s:7:\"message\";s:55:\"Skipped sending because there was no message to be sent\";}}}', -1),
(1639, 0, 'info@kids.shweetproducts.com', 0, 0, '0', 1560405600, 0, 0, '0000-00-00 00:00:00', 'Daily summary', 'a:5:{s:13:\"daily_summary\";b:1;s:5:\"email\";s:28:\"info@kids.shweetproducts.com\";s:7:\"subject\";s:24:\"Follow-up emails summary\";s:7:\"message\";s:0:\"\";s:5:\"notes\";a:3:{i:0;a:2:{s:4:\"date\";s:19:\"2019-06-13 06:10:06\";s:7:\"message\";s:50:\"Email has been added to the queue (Queue ID #1639)\";}i:1;a:2:{s:4:\"date\";s:19:\"2019-06-13 06:10:06\";s:7:\"message\";s:52:\"Email is scheduled to be sent on 2019-06-13 06:00:00\";}i:2;a:2:{s:4:\"date\";s:19:\"2019-06-13 06:10:06\";s:7:\"message\";s:55:\"Skipped sending because there was no message to be sent\";}}}', -1),
(1640, 0, 'info@kids.shweetproducts.com', 0, 0, '0', 1560492000, 0, 0, '0000-00-00 00:00:00', 'Daily summary', 'a:5:{s:13:\"daily_summary\";b:1;s:5:\"email\";s:28:\"info@kids.shweetproducts.com\";s:7:\"subject\";s:24:\"Follow-up emails summary\";s:7:\"message\";s:0:\"\";s:5:\"notes\";a:3:{i:0;a:2:{s:4:\"date\";s:19:\"2019-06-13 06:10:06\";s:7:\"message\";s:50:\"Email has been added to the queue (Queue ID #1640)\";}i:1;a:2:{s:4:\"date\";s:19:\"2019-06-13 06:10:06\";s:7:\"message\";s:52:\"Email is scheduled to be sent on 2019-06-14 06:00:00\";}i:2;a:2:{s:4:\"date\";s:19:\"2019-06-14 06:13:13\";s:7:\"message\";s:55:\"Skipped sending because there was no message to be sent\";}}}', -1),
(1641, 0, 'info@kids.shweetproducts.com', 0, 0, '0', 1560492000, 0, 0, '0000-00-00 00:00:00', 'Daily summary', 'a:5:{s:13:\"daily_summary\";b:1;s:5:\"email\";s:28:\"info@kids.shweetproducts.com\";s:7:\"subject\";s:24:\"Follow-up emails summary\";s:7:\"message\";s:0:\"\";s:5:\"notes\";a:3:{i:0;a:2:{s:4:\"date\";s:19:\"2019-06-14 06:13:13\";s:7:\"message\";s:50:\"Email has been added to the queue (Queue ID #1641)\";}i:1;a:2:{s:4:\"date\";s:19:\"2019-06-14 06:13:13\";s:7:\"message\";s:52:\"Email is scheduled to be sent on 2019-06-14 06:00:00\";}i:2;a:2:{s:4:\"date\";s:19:\"2019-06-14 06:13:13\";s:7:\"message\";s:55:\"Skipped sending because there was no message to be sent\";}}}', -1),
(1642, 0, 'info@kids.shweetproducts.com', 0, 0, '0', 1560578400, 0, 0, '0000-00-00 00:00:00', 'Daily summary', 'a:5:{s:13:\"daily_summary\";b:1;s:5:\"email\";s:28:\"info@kids.shweetproducts.com\";s:7:\"subject\";s:24:\"Follow-up emails summary\";s:7:\"message\";s:0:\"\";s:5:\"notes\";a:3:{i:0;a:2:{s:4:\"date\";s:19:\"2019-06-14 06:13:13\";s:7:\"message\";s:50:\"Email has been added to the queue (Queue ID #1642)\";}i:1;a:2:{s:4:\"date\";s:19:\"2019-06-14 06:13:13\";s:7:\"message\";s:52:\"Email is scheduled to be sent on 2019-06-15 06:00:00\";}i:2;a:2:{s:4:\"date\";s:19:\"2019-06-15 06:49:28\";s:7:\"message\";s:55:\"Skipped sending because there was no message to be sent\";}}}', -1),
(1643, 0, 'info@kids.shweetproducts.com', 0, 0, '0', 1560578400, 0, 0, '0000-00-00 00:00:00', 'Daily summary', 'a:5:{s:13:\"daily_summary\";b:1;s:5:\"email\";s:28:\"info@kids.shweetproducts.com\";s:7:\"subject\";s:24:\"Follow-up emails summary\";s:7:\"message\";s:0:\"\";s:5:\"notes\";a:3:{i:0;a:2:{s:4:\"date\";s:19:\"2019-06-15 06:49:28\";s:7:\"message\";s:50:\"Email has been added to the queue (Queue ID #1643)\";}i:1;a:2:{s:4:\"date\";s:19:\"2019-06-15 06:49:28\";s:7:\"message\";s:52:\"Email is scheduled to be sent on 2019-06-15 06:00:00\";}i:2;a:2:{s:4:\"date\";s:19:\"2019-06-15 06:49:28\";s:7:\"message\";s:55:\"Skipped sending because there was no message to be sent\";}}}', -1),
(1644, 0, 'info@kids.shweetproducts.com', 0, 0, '0', 1560664800, 0, 0, '0000-00-00 00:00:00', 'Daily summary', 'a:5:{s:13:\"daily_summary\";b:1;s:5:\"email\";s:28:\"info@kids.shweetproducts.com\";s:7:\"subject\";s:24:\"Follow-up emails summary\";s:7:\"message\";s:0:\"\";s:5:\"notes\";a:3:{i:0;a:2:{s:4:\"date\";s:19:\"2019-06-15 06:49:28\";s:7:\"message\";s:50:\"Email has been added to the queue (Queue ID #1644)\";}i:1;a:2:{s:4:\"date\";s:19:\"2019-06-15 06:49:28\";s:7:\"message\";s:52:\"Email is scheduled to be sent on 2019-06-16 06:00:00\";}i:2;a:2:{s:4:\"date\";s:19:\"2019-06-16 06:07:51\";s:7:\"message\";s:55:\"Skipped sending because there was no message to be sent\";}}}', -1),
(1645, 0, 'info@kids.shweetproducts.com', 0, 0, '0', 1560664800, 0, 0, '0000-00-00 00:00:00', 'Daily summary', 'a:5:{s:13:\"daily_summary\";b:1;s:5:\"email\";s:28:\"info@kids.shweetproducts.com\";s:7:\"subject\";s:24:\"Follow-up emails summary\";s:7:\"message\";s:0:\"\";s:5:\"notes\";a:3:{i:0;a:2:{s:4:\"date\";s:19:\"2019-06-16 06:07:51\";s:7:\"message\";s:50:\"Email has been added to the queue (Queue ID #1645)\";}i:1;a:2:{s:4:\"date\";s:19:\"2019-06-16 06:07:51\";s:7:\"message\";s:52:\"Email is scheduled to be sent on 2019-06-16 06:00:00\";}i:2;a:2:{s:4:\"date\";s:19:\"2019-06-16 06:07:51\";s:7:\"message\";s:55:\"Skipped sending because there was no message to be sent\";}}}', -1),
(1646, 0, 'info@kids.shweetproducts.com', 0, 0, '0', 1560751200, 0, 0, '0000-00-00 00:00:00', 'Daily summary', 'a:5:{s:13:\"daily_summary\";b:1;s:5:\"email\";s:28:\"info@kids.shweetproducts.com\";s:7:\"subject\";s:24:\"Follow-up emails summary\";s:7:\"message\";s:0:\"\";s:5:\"notes\";a:3:{i:0;a:2:{s:4:\"date\";s:19:\"2019-06-16 06:07:51\";s:7:\"message\";s:50:\"Email has been added to the queue (Queue ID #1646)\";}i:1;a:2:{s:4:\"date\";s:19:\"2019-06-16 06:07:51\";s:7:\"message\";s:52:\"Email is scheduled to be sent on 2019-06-17 06:00:00\";}i:2;a:2:{s:4:\"date\";s:19:\"2019-06-17 06:02:06\";s:7:\"message\";s:55:\"Skipped sending because there was no message to be sent\";}}}', -1),
(1647, 0, 'info@kids.shweetproducts.com', 0, 0, '0', 1560751200, 0, 0, '0000-00-00 00:00:00', 'Daily summary', 'a:5:{s:13:\"daily_summary\";b:1;s:5:\"email\";s:28:\"info@kids.shweetproducts.com\";s:7:\"subject\";s:24:\"Follow-up emails summary\";s:7:\"message\";s:0:\"\";s:5:\"notes\";a:3:{i:0;a:2:{s:4:\"date\";s:19:\"2019-06-17 06:02:06\";s:7:\"message\";s:50:\"Email has been added to the queue (Queue ID #1647)\";}i:1;a:2:{s:4:\"date\";s:19:\"2019-06-17 06:02:06\";s:7:\"message\";s:52:\"Email is scheduled to be sent on 2019-06-17 06:00:00\";}i:2;a:2:{s:4:\"date\";s:19:\"2019-06-17 06:02:06\";s:7:\"message\";s:55:\"Skipped sending because there was no message to be sent\";}}}', -1),
(1648, 0, 'info@kids.shweetproducts.com', 0, 0, '0', 1560837600, 0, 0, '0000-00-00 00:00:00', 'Daily summary', 'a:5:{s:13:\"daily_summary\";b:1;s:5:\"email\";s:28:\"info@kids.shweetproducts.com\";s:7:\"subject\";s:24:\"Follow-up emails summary\";s:7:\"message\";s:0:\"\";s:5:\"notes\";a:3:{i:0;a:2:{s:4:\"date\";s:19:\"2019-06-17 06:02:06\";s:7:\"message\";s:50:\"Email has been added to the queue (Queue ID #1648)\";}i:1;a:2:{s:4:\"date\";s:19:\"2019-06-17 06:02:06\";s:7:\"message\";s:52:\"Email is scheduled to be sent on 2019-06-18 06:00:00\";}i:2;a:2:{s:4:\"date\";s:19:\"2019-06-18 06:01:11\";s:7:\"message\";s:55:\"Skipped sending because there was no message to be sent\";}}}', -1),
(1649, 0, 'info@kids.shweetproducts.com', 0, 0, '0', 1560837600, 0, 0, '0000-00-00 00:00:00', 'Daily summary', 'a:5:{s:13:\"daily_summary\";b:1;s:5:\"email\";s:28:\"info@kids.shweetproducts.com\";s:7:\"subject\";s:24:\"Follow-up emails summary\";s:7:\"message\";s:0:\"\";s:5:\"notes\";a:3:{i:0;a:2:{s:4:\"date\";s:19:\"2019-06-18 06:01:11\";s:7:\"message\";s:50:\"Email has been added to the queue (Queue ID #1649)\";}i:1;a:2:{s:4:\"date\";s:19:\"2019-06-18 06:01:11\";s:7:\"message\";s:52:\"Email is scheduled to be sent on 2019-06-18 06:00:00\";}i:2;a:2:{s:4:\"date\";s:19:\"2019-06-18 06:01:11\";s:7:\"message\";s:55:\"Skipped sending because there was no message to be sent\";}}}', -1),
(1650, 0, 'info@kids.shweetproducts.com', 0, 0, '0', 1560924000, 0, 0, '0000-00-00 00:00:00', 'Daily summary', 'a:5:{s:13:\"daily_summary\";b:1;s:5:\"email\";s:28:\"info@kids.shweetproducts.com\";s:7:\"subject\";s:24:\"Follow-up emails summary\";s:7:\"message\";s:0:\"\";s:5:\"notes\";a:3:{i:0;a:2:{s:4:\"date\";s:19:\"2019-06-18 06:01:11\";s:7:\"message\";s:50:\"Email has been added to the queue (Queue ID #1650)\";}i:1;a:2:{s:4:\"date\";s:19:\"2019-06-18 06:01:11\";s:7:\"message\";s:52:\"Email is scheduled to be sent on 2019-06-19 06:00:00\";}i:2;a:2:{s:4:\"date\";s:19:\"2019-06-19 06:06:45\";s:7:\"message\";s:55:\"Skipped sending because there was no message to be sent\";}}}', -1),
(1651, 0, 'info@kids.shweetproducts.com', 0, 0, '0', 1560924000, 0, 0, '0000-00-00 00:00:00', 'Daily summary', 'a:5:{s:13:\"daily_summary\";b:1;s:5:\"email\";s:28:\"info@kids.shweetproducts.com\";s:7:\"subject\";s:24:\"Follow-up emails summary\";s:7:\"message\";s:0:\"\";s:5:\"notes\";a:3:{i:0;a:2:{s:4:\"date\";s:19:\"2019-06-19 06:06:44\";s:7:\"message\";s:50:\"Email has been added to the queue (Queue ID #1651)\";}i:1;a:2:{s:4:\"date\";s:19:\"2019-06-19 06:06:45\";s:7:\"message\";s:52:\"Email is scheduled to be sent on 2019-06-19 06:00:00\";}i:2;a:2:{s:4:\"date\";s:19:\"2019-06-19 06:06:45\";s:7:\"message\";s:55:\"Skipped sending because there was no message to be sent\";}}}', -1),
(1652, 0, 'info@kids.shweetproducts.com', 0, 0, '0', 1561010400, 0, 0, '0000-00-00 00:00:00', 'Daily summary', 'a:5:{s:13:\"daily_summary\";b:1;s:5:\"email\";s:28:\"info@kids.shweetproducts.com\";s:7:\"subject\";s:24:\"Follow-up emails summary\";s:7:\"message\";s:0:\"\";s:5:\"notes\";a:3:{i:0;a:2:{s:4:\"date\";s:19:\"2019-06-19 06:06:45\";s:7:\"message\";s:50:\"Email has been added to the queue (Queue ID #1652)\";}i:1;a:2:{s:4:\"date\";s:19:\"2019-06-19 06:06:45\";s:7:\"message\";s:52:\"Email is scheduled to be sent on 2019-06-20 06:00:00\";}i:2;a:2:{s:4:\"date\";s:19:\"2019-06-20 06:21:34\";s:7:\"message\";s:55:\"Skipped sending because there was no message to be sent\";}}}', -1),
(1653, 0, 'info@kids.shweetproducts.com', 0, 0, '0', 1561010400, 0, 0, '0000-00-00 00:00:00', 'Daily summary', 'a:5:{s:13:\"daily_summary\";b:1;s:5:\"email\";s:28:\"info@kids.shweetproducts.com\";s:7:\"subject\";s:24:\"Follow-up emails summary\";s:7:\"message\";s:0:\"\";s:5:\"notes\";a:3:{i:0;a:2:{s:4:\"date\";s:19:\"2019-06-20 06:21:34\";s:7:\"message\";s:50:\"Email has been added to the queue (Queue ID #1653)\";}i:1;a:2:{s:4:\"date\";s:19:\"2019-06-20 06:21:34\";s:7:\"message\";s:52:\"Email is scheduled to be sent on 2019-06-20 06:00:00\";}i:2;a:2:{s:4:\"date\";s:19:\"2019-06-20 06:21:34\";s:7:\"message\";s:55:\"Skipped sending because there was no message to be sent\";}}}', -1),
(1654, 0, 'info@kids.shweetproducts.com', 0, 0, '0', 1561096800, 0, 0, '0000-00-00 00:00:00', 'Daily summary', 'a:5:{s:13:\"daily_summary\";b:1;s:5:\"email\";s:28:\"info@kids.shweetproducts.com\";s:7:\"subject\";s:24:\"Follow-up emails summary\";s:7:\"message\";s:0:\"\";s:5:\"notes\";a:3:{i:0;a:2:{s:4:\"date\";s:19:\"2019-06-20 06:21:34\";s:7:\"message\";s:50:\"Email has been added to the queue (Queue ID #1654)\";}i:1;a:2:{s:4:\"date\";s:19:\"2019-06-20 06:21:34\";s:7:\"message\";s:52:\"Email is scheduled to be sent on 2019-06-21 06:00:00\";}i:2;a:2:{s:4:\"date\";s:19:\"2019-06-21 06:04:13\";s:7:\"message\";s:55:\"Skipped sending because there was no message to be sent\";}}}', -1),
(1655, 0, 'info@kids.shweetproducts.com', 0, 0, '0', 1561096800, 0, 0, '0000-00-00 00:00:00', 'Daily summary', 'a:5:{s:13:\"daily_summary\";b:1;s:5:\"email\";s:28:\"info@kids.shweetproducts.com\";s:7:\"subject\";s:24:\"Follow-up emails summary\";s:7:\"message\";s:0:\"\";s:5:\"notes\";a:3:{i:0;a:2:{s:4:\"date\";s:19:\"2019-06-21 06:04:13\";s:7:\"message\";s:50:\"Email has been added to the queue (Queue ID #1655)\";}i:1;a:2:{s:4:\"date\";s:19:\"2019-06-21 06:04:13\";s:7:\"message\";s:52:\"Email is scheduled to be sent on 2019-06-21 06:00:00\";}i:2;a:2:{s:4:\"date\";s:19:\"2019-06-21 06:04:13\";s:7:\"message\";s:55:\"Skipped sending because there was no message to be sent\";}}}', -1),
(1656, 0, 'info@kids.shweetproducts.com', 0, 0, '0', 1561183200, 0, 0, '0000-00-00 00:00:00', 'Daily summary', 'a:5:{s:13:\"daily_summary\";b:1;s:5:\"email\";s:28:\"info@kids.shweetproducts.com\";s:7:\"subject\";s:24:\"Follow-up emails summary\";s:7:\"message\";s:0:\"\";s:5:\"notes\";a:3:{i:0;a:2:{s:4:\"date\";s:19:\"2019-06-21 06:04:13\";s:7:\"message\";s:50:\"Email has been added to the queue (Queue ID #1656)\";}i:1;a:2:{s:4:\"date\";s:19:\"2019-06-21 06:04:13\";s:7:\"message\";s:52:\"Email is scheduled to be sent on 2019-06-22 06:00:00\";}i:2;a:2:{s:4:\"date\";s:19:\"2019-06-22 06:13:03\";s:7:\"message\";s:55:\"Skipped sending because there was no message to be sent\";}}}', -1),
(1657, 0, 'info@kids.shweetproducts.com', 0, 0, '0', 1561183200, 0, 0, '0000-00-00 00:00:00', 'Daily summary', 'a:5:{s:13:\"daily_summary\";b:1;s:5:\"email\";s:28:\"info@kids.shweetproducts.com\";s:7:\"subject\";s:24:\"Follow-up emails summary\";s:7:\"message\";s:0:\"\";s:5:\"notes\";a:3:{i:0;a:2:{s:4:\"date\";s:19:\"2019-06-22 06:13:03\";s:7:\"message\";s:50:\"Email has been added to the queue (Queue ID #1657)\";}i:1;a:2:{s:4:\"date\";s:19:\"2019-06-22 06:13:03\";s:7:\"message\";s:52:\"Email is scheduled to be sent on 2019-06-22 06:00:00\";}i:2;a:2:{s:4:\"date\";s:19:\"2019-06-22 06:13:03\";s:7:\"message\";s:55:\"Skipped sending because there was no message to be sent\";}}}', -1);
INSERT INTO `wpva_followup_email_orders` (`id`, `user_id`, `user_email`, `order_id`, `product_id`, `email_id`, `send_on`, `is_cart`, `is_sent`, `date_sent`, `email_trigger`, `meta`, `status`) VALUES
(1658, 0, 'info@kids.shweetproducts.com', 0, 0, '0', 1561269600, 0, 0, '0000-00-00 00:00:00', 'Daily summary', 'a:5:{s:13:\"daily_summary\";b:1;s:5:\"email\";s:28:\"info@kids.shweetproducts.com\";s:7:\"subject\";s:24:\"Follow-up emails summary\";s:7:\"message\";s:0:\"\";s:5:\"notes\";a:3:{i:0;a:2:{s:4:\"date\";s:19:\"2019-06-22 06:13:03\";s:7:\"message\";s:50:\"Email has been added to the queue (Queue ID #1658)\";}i:1;a:2:{s:4:\"date\";s:19:\"2019-06-22 06:13:03\";s:7:\"message\";s:52:\"Email is scheduled to be sent on 2019-06-23 06:00:00\";}i:2;a:2:{s:4:\"date\";s:19:\"2019-06-23 06:58:49\";s:7:\"message\";s:55:\"Skipped sending because there was no message to be sent\";}}}', -1),
(1659, 0, 'info@kids.shweetproducts.com', 0, 0, '0', 1561269600, 0, 0, '0000-00-00 00:00:00', 'Daily summary', 'a:5:{s:13:\"daily_summary\";b:1;s:5:\"email\";s:28:\"info@kids.shweetproducts.com\";s:7:\"subject\";s:24:\"Follow-up emails summary\";s:7:\"message\";s:0:\"\";s:5:\"notes\";a:3:{i:0;a:2:{s:4:\"date\";s:19:\"2019-06-23 06:58:49\";s:7:\"message\";s:50:\"Email has been added to the queue (Queue ID #1659)\";}i:1;a:2:{s:4:\"date\";s:19:\"2019-06-23 06:58:49\";s:7:\"message\";s:52:\"Email is scheduled to be sent on 2019-06-23 06:00:00\";}i:2;a:2:{s:4:\"date\";s:19:\"2019-06-23 06:58:49\";s:7:\"message\";s:55:\"Skipped sending because there was no message to be sent\";}}}', -1),
(1660, 0, 'info@kids.shweetproducts.com', 0, 0, '0', 1561356000, 0, 0, '0000-00-00 00:00:00', 'Daily summary', 'a:5:{s:13:\"daily_summary\";b:1;s:5:\"email\";s:28:\"info@kids.shweetproducts.com\";s:7:\"subject\";s:24:\"Follow-up emails summary\";s:7:\"message\";s:0:\"\";s:5:\"notes\";a:3:{i:0;a:2:{s:4:\"date\";s:19:\"2019-06-23 06:58:49\";s:7:\"message\";s:50:\"Email has been added to the queue (Queue ID #1660)\";}i:1;a:2:{s:4:\"date\";s:19:\"2019-06-23 06:58:49\";s:7:\"message\";s:52:\"Email is scheduled to be sent on 2019-06-24 06:00:00\";}i:2;a:2:{s:4:\"date\";s:19:\"2019-06-24 06:01:03\";s:7:\"message\";s:55:\"Skipped sending because there was no message to be sent\";}}}', -1),
(1661, 0, 'info@kids.shweetproducts.com', 0, 0, '0', 1561356000, 0, 0, '0000-00-00 00:00:00', 'Daily summary', 'a:5:{s:13:\"daily_summary\";b:1;s:5:\"email\";s:28:\"info@kids.shweetproducts.com\";s:7:\"subject\";s:24:\"Follow-up emails summary\";s:7:\"message\";s:0:\"\";s:5:\"notes\";a:3:{i:0;a:2:{s:4:\"date\";s:19:\"2019-06-24 06:01:03\";s:7:\"message\";s:50:\"Email has been added to the queue (Queue ID #1661)\";}i:1;a:2:{s:4:\"date\";s:19:\"2019-06-24 06:01:03\";s:7:\"message\";s:52:\"Email is scheduled to be sent on 2019-06-24 06:00:00\";}i:2;a:2:{s:4:\"date\";s:19:\"2019-06-24 06:01:03\";s:7:\"message\";s:55:\"Skipped sending because there was no message to be sent\";}}}', -1),
(1662, 0, 'info@kids.shweetproducts.com', 0, 0, '0', 1561442400, 0, 0, '0000-00-00 00:00:00', 'Daily summary', 'a:5:{s:13:\"daily_summary\";b:1;s:5:\"email\";s:28:\"info@kids.shweetproducts.com\";s:7:\"subject\";s:24:\"Follow-up emails summary\";s:7:\"message\";s:0:\"\";s:5:\"notes\";a:3:{i:0;a:2:{s:4:\"date\";s:19:\"2019-06-24 06:01:03\";s:7:\"message\";s:50:\"Email has been added to the queue (Queue ID #1662)\";}i:1;a:2:{s:4:\"date\";s:19:\"2019-06-24 06:01:03\";s:7:\"message\";s:52:\"Email is scheduled to be sent on 2019-06-25 06:00:00\";}i:2;a:2:{s:4:\"date\";s:19:\"2019-06-25 06:10:49\";s:7:\"message\";s:55:\"Skipped sending because there was no message to be sent\";}}}', -1),
(1663, 0, 'info@kids.shweetproducts.com', 0, 0, '0', 1561442400, 0, 0, '0000-00-00 00:00:00', 'Daily summary', 'a:5:{s:13:\"daily_summary\";b:1;s:5:\"email\";s:28:\"info@kids.shweetproducts.com\";s:7:\"subject\";s:24:\"Follow-up emails summary\";s:7:\"message\";s:0:\"\";s:5:\"notes\";a:3:{i:0;a:2:{s:4:\"date\";s:19:\"2019-06-25 06:10:49\";s:7:\"message\";s:50:\"Email has been added to the queue (Queue ID #1663)\";}i:1;a:2:{s:4:\"date\";s:19:\"2019-06-25 06:10:49\";s:7:\"message\";s:52:\"Email is scheduled to be sent on 2019-06-25 06:00:00\";}i:2;a:2:{s:4:\"date\";s:19:\"2019-06-25 06:10:49\";s:7:\"message\";s:55:\"Skipped sending because there was no message to be sent\";}}}', -1),
(1664, 0, 'info@kids.shweetproducts.com', 0, 0, '0', 1561528800, 0, 0, '0000-00-00 00:00:00', 'Daily summary', 'a:5:{s:13:\"daily_summary\";b:1;s:5:\"email\";s:28:\"info@kids.shweetproducts.com\";s:7:\"subject\";s:24:\"Follow-up emails summary\";s:7:\"message\";s:0:\"\";s:5:\"notes\";a:3:{i:0;a:2:{s:4:\"date\";s:19:\"2019-06-25 06:10:49\";s:7:\"message\";s:50:\"Email has been added to the queue (Queue ID #1664)\";}i:1;a:2:{s:4:\"date\";s:19:\"2019-06-25 06:10:49\";s:7:\"message\";s:52:\"Email is scheduled to be sent on 2019-06-26 06:00:00\";}i:2;a:2:{s:4:\"date\";s:19:\"2019-06-26 06:09:15\";s:7:\"message\";s:55:\"Skipped sending because there was no message to be sent\";}}}', -1),
(1665, 0, 'info@kids.shweetproducts.com', 0, 0, '0', 1561528800, 0, 0, '0000-00-00 00:00:00', 'Daily summary', 'a:5:{s:13:\"daily_summary\";b:1;s:5:\"email\";s:28:\"info@kids.shweetproducts.com\";s:7:\"subject\";s:24:\"Follow-up emails summary\";s:7:\"message\";s:0:\"\";s:5:\"notes\";a:3:{i:0;a:2:{s:4:\"date\";s:19:\"2019-06-26 06:09:15\";s:7:\"message\";s:50:\"Email has been added to the queue (Queue ID #1665)\";}i:1;a:2:{s:4:\"date\";s:19:\"2019-06-26 06:09:15\";s:7:\"message\";s:52:\"Email is scheduled to be sent on 2019-06-26 06:00:00\";}i:2;a:2:{s:4:\"date\";s:19:\"2019-06-26 06:09:15\";s:7:\"message\";s:55:\"Skipped sending because there was no message to be sent\";}}}', -1),
(1666, 0, 'info@kids.shweetproducts.com', 0, 0, '0', 1561615200, 0, 0, '0000-00-00 00:00:00', 'Daily summary', 'a:5:{s:13:\"daily_summary\";b:1;s:5:\"email\";s:28:\"info@kids.shweetproducts.com\";s:7:\"subject\";s:24:\"Follow-up emails summary\";s:7:\"message\";s:0:\"\";s:5:\"notes\";a:3:{i:0;a:2:{s:4:\"date\";s:19:\"2019-06-26 06:09:15\";s:7:\"message\";s:50:\"Email has been added to the queue (Queue ID #1666)\";}i:1;a:2:{s:4:\"date\";s:19:\"2019-06-26 06:09:15\";s:7:\"message\";s:52:\"Email is scheduled to be sent on 2019-06-27 06:00:00\";}i:2;a:2:{s:4:\"date\";s:19:\"2019-06-27 06:02:03\";s:7:\"message\";s:55:\"Skipped sending because there was no message to be sent\";}}}', -1),
(1667, 0, 'info@kids.shweetproducts.com', 0, 0, '0', 1561615200, 0, 0, '0000-00-00 00:00:00', 'Daily summary', 'a:5:{s:13:\"daily_summary\";b:1;s:5:\"email\";s:28:\"info@kids.shweetproducts.com\";s:7:\"subject\";s:24:\"Follow-up emails summary\";s:7:\"message\";s:0:\"\";s:5:\"notes\";a:3:{i:0;a:2:{s:4:\"date\";s:19:\"2019-06-27 06:02:03\";s:7:\"message\";s:50:\"Email has been added to the queue (Queue ID #1667)\";}i:1;a:2:{s:4:\"date\";s:19:\"2019-06-27 06:02:03\";s:7:\"message\";s:52:\"Email is scheduled to be sent on 2019-06-27 06:00:00\";}i:2;a:2:{s:4:\"date\";s:19:\"2019-06-27 06:02:03\";s:7:\"message\";s:55:\"Skipped sending because there was no message to be sent\";}}}', -1),
(1668, 0, 'info@kids.shweetproducts.com', 0, 0, '0', 1561701600, 0, 0, '0000-00-00 00:00:00', 'Daily summary', 'a:5:{s:13:\"daily_summary\";b:1;s:5:\"email\";s:28:\"info@kids.shweetproducts.com\";s:7:\"subject\";s:24:\"Follow-up emails summary\";s:7:\"message\";s:0:\"\";s:5:\"notes\";a:3:{i:0;a:2:{s:4:\"date\";s:19:\"2019-06-27 06:02:03\";s:7:\"message\";s:50:\"Email has been added to the queue (Queue ID #1668)\";}i:1;a:2:{s:4:\"date\";s:19:\"2019-06-27 06:02:03\";s:7:\"message\";s:52:\"Email is scheduled to be sent on 2019-06-28 06:00:00\";}i:2;a:2:{s:4:\"date\";s:19:\"2019-06-28 06:18:53\";s:7:\"message\";s:55:\"Skipped sending because there was no message to be sent\";}}}', -1),
(1669, 0, 'info@kids.shweetproducts.com', 0, 0, '0', 1561701600, 0, 0, '0000-00-00 00:00:00', 'Daily summary', 'a:5:{s:13:\"daily_summary\";b:1;s:5:\"email\";s:28:\"info@kids.shweetproducts.com\";s:7:\"subject\";s:24:\"Follow-up emails summary\";s:7:\"message\";s:0:\"\";s:5:\"notes\";a:3:{i:0;a:2:{s:4:\"date\";s:19:\"2019-06-28 06:18:53\";s:7:\"message\";s:50:\"Email has been added to the queue (Queue ID #1669)\";}i:1;a:2:{s:4:\"date\";s:19:\"2019-06-28 06:18:53\";s:7:\"message\";s:52:\"Email is scheduled to be sent on 2019-06-28 06:00:00\";}i:2;a:2:{s:4:\"date\";s:19:\"2019-06-28 06:18:53\";s:7:\"message\";s:55:\"Skipped sending because there was no message to be sent\";}}}', -1),
(1670, 0, 'info@kids.shweetproducts.com', 0, 0, '0', 1561788000, 0, 0, '0000-00-00 00:00:00', 'Daily summary', 'a:5:{s:13:\"daily_summary\";b:1;s:5:\"email\";s:28:\"info@kids.shweetproducts.com\";s:7:\"subject\";s:24:\"Follow-up emails summary\";s:7:\"message\";s:0:\"\";s:5:\"notes\";a:3:{i:0;a:2:{s:4:\"date\";s:19:\"2019-06-28 06:18:53\";s:7:\"message\";s:50:\"Email has been added to the queue (Queue ID #1670)\";}i:1;a:2:{s:4:\"date\";s:19:\"2019-06-28 06:18:53\";s:7:\"message\";s:52:\"Email is scheduled to be sent on 2019-06-29 06:00:00\";}i:2;a:2:{s:4:\"date\";s:19:\"2019-06-29 06:07:53\";s:7:\"message\";s:55:\"Skipped sending because there was no message to be sent\";}}}', -1),
(1671, 0, 'info@kids.shweetproducts.com', 0, 0, '0', 1561788000, 0, 0, '0000-00-00 00:00:00', 'Daily summary', 'a:5:{s:13:\"daily_summary\";b:1;s:5:\"email\";s:28:\"info@kids.shweetproducts.com\";s:7:\"subject\";s:24:\"Follow-up emails summary\";s:7:\"message\";s:0:\"\";s:5:\"notes\";a:3:{i:0;a:2:{s:4:\"date\";s:19:\"2019-06-29 06:07:53\";s:7:\"message\";s:50:\"Email has been added to the queue (Queue ID #1671)\";}i:1;a:2:{s:4:\"date\";s:19:\"2019-06-29 06:07:53\";s:7:\"message\";s:52:\"Email is scheduled to be sent on 2019-06-29 06:00:00\";}i:2;a:2:{s:4:\"date\";s:19:\"2019-06-29 06:07:53\";s:7:\"message\";s:55:\"Skipped sending because there was no message to be sent\";}}}', -1),
(1672, 0, 'info@kids.shweetproducts.com', 0, 0, '0', 1561874400, 0, 0, '0000-00-00 00:00:00', 'Daily summary', 'a:5:{s:13:\"daily_summary\";b:1;s:5:\"email\";s:28:\"info@kids.shweetproducts.com\";s:7:\"subject\";s:24:\"Follow-up emails summary\";s:7:\"message\";s:0:\"\";s:5:\"notes\";a:3:{i:0;a:2:{s:4:\"date\";s:19:\"2019-06-29 06:07:53\";s:7:\"message\";s:50:\"Email has been added to the queue (Queue ID #1672)\";}i:1;a:2:{s:4:\"date\";s:19:\"2019-06-29 06:07:53\";s:7:\"message\";s:52:\"Email is scheduled to be sent on 2019-06-30 06:00:00\";}i:2;a:2:{s:4:\"date\";s:19:\"2019-06-30 06:17:07\";s:7:\"message\";s:55:\"Skipped sending because there was no message to be sent\";}}}', -1),
(1673, 0, 'info@kids.shweetproducts.com', 0, 0, '0', 1561874400, 0, 0, '0000-00-00 00:00:00', 'Daily summary', 'a:5:{s:13:\"daily_summary\";b:1;s:5:\"email\";s:28:\"info@kids.shweetproducts.com\";s:7:\"subject\";s:24:\"Follow-up emails summary\";s:7:\"message\";s:0:\"\";s:5:\"notes\";a:3:{i:0;a:2:{s:4:\"date\";s:19:\"2019-06-30 06:17:07\";s:7:\"message\";s:50:\"Email has been added to the queue (Queue ID #1673)\";}i:1;a:2:{s:4:\"date\";s:19:\"2019-06-30 06:17:07\";s:7:\"message\";s:52:\"Email is scheduled to be sent on 2019-06-30 06:00:00\";}i:2;a:2:{s:4:\"date\";s:19:\"2019-06-30 06:17:07\";s:7:\"message\";s:55:\"Skipped sending because there was no message to be sent\";}}}', -1),
(1674, 0, 'info@kids.shweetproducts.com', 0, 0, '0', 1561960800, 0, 0, '0000-00-00 00:00:00', 'Daily summary', 'a:5:{s:13:\"daily_summary\";b:1;s:5:\"email\";s:28:\"info@kids.shweetproducts.com\";s:7:\"subject\";s:24:\"Follow-up emails summary\";s:7:\"message\";s:0:\"\";s:5:\"notes\";a:3:{i:0;a:2:{s:4:\"date\";s:19:\"2019-06-30 06:17:07\";s:7:\"message\";s:50:\"Email has been added to the queue (Queue ID #1674)\";}i:1;a:2:{s:4:\"date\";s:19:\"2019-06-30 06:17:07\";s:7:\"message\";s:52:\"Email is scheduled to be sent on 2019-07-01 06:00:00\";}i:2;a:2:{s:4:\"date\";s:19:\"2019-07-01 06:20:29\";s:7:\"message\";s:55:\"Skipped sending because there was no message to be sent\";}}}', -1),
(1675, 0, 'info@kids.shweetproducts.com', 0, 0, '0', 1561960800, 0, 0, '0000-00-00 00:00:00', 'Daily summary', 'a:5:{s:13:\"daily_summary\";b:1;s:5:\"email\";s:28:\"info@kids.shweetproducts.com\";s:7:\"subject\";s:24:\"Follow-up emails summary\";s:7:\"message\";s:0:\"\";s:5:\"notes\";a:3:{i:0;a:2:{s:4:\"date\";s:19:\"2019-07-01 06:20:29\";s:7:\"message\";s:50:\"Email has been added to the queue (Queue ID #1675)\";}i:1;a:2:{s:4:\"date\";s:19:\"2019-07-01 06:20:29\";s:7:\"message\";s:52:\"Email is scheduled to be sent on 2019-07-01 06:00:00\";}i:2;a:2:{s:4:\"date\";s:19:\"2019-07-01 06:20:30\";s:7:\"message\";s:55:\"Skipped sending because there was no message to be sent\";}}}', -1),
(1676, 0, 'info@kids.shweetproducts.com', 0, 0, '0', 1562047200, 0, 0, '0000-00-00 00:00:00', 'Daily summary', 'a:5:{s:13:\"daily_summary\";b:1;s:5:\"email\";s:28:\"info@kids.shweetproducts.com\";s:7:\"subject\";s:24:\"Follow-up emails summary\";s:7:\"message\";s:0:\"\";s:5:\"notes\";a:3:{i:0;a:2:{s:4:\"date\";s:19:\"2019-07-01 06:20:29\";s:7:\"message\";s:50:\"Email has been added to the queue (Queue ID #1676)\";}i:1;a:2:{s:4:\"date\";s:19:\"2019-07-01 06:20:29\";s:7:\"message\";s:52:\"Email is scheduled to be sent on 2019-07-02 06:00:00\";}i:2;a:2:{s:4:\"date\";s:19:\"2019-07-02 06:03:06\";s:7:\"message\";s:55:\"Skipped sending because there was no message to be sent\";}}}', -1),
(1677, 0, 'info@kids.shweetproducts.com', 0, 0, '0', 1562047200, 0, 0, '0000-00-00 00:00:00', 'Daily summary', 'a:5:{s:13:\"daily_summary\";b:1;s:5:\"email\";s:28:\"info@kids.shweetproducts.com\";s:7:\"subject\";s:24:\"Follow-up emails summary\";s:7:\"message\";s:0:\"\";s:5:\"notes\";a:3:{i:0;a:2:{s:4:\"date\";s:19:\"2019-07-02 06:03:06\";s:7:\"message\";s:50:\"Email has been added to the queue (Queue ID #1677)\";}i:1;a:2:{s:4:\"date\";s:19:\"2019-07-02 06:03:06\";s:7:\"message\";s:52:\"Email is scheduled to be sent on 2019-07-02 06:00:00\";}i:2;a:2:{s:4:\"date\";s:19:\"2019-07-02 06:03:06\";s:7:\"message\";s:55:\"Skipped sending because there was no message to be sent\";}}}', -1),
(1678, 0, 'info@kids.shweetproducts.com', 0, 0, '0', 1562133600, 0, 0, '0000-00-00 00:00:00', 'Daily summary', 'a:5:{s:13:\"daily_summary\";b:1;s:5:\"email\";s:28:\"info@kids.shweetproducts.com\";s:7:\"subject\";s:24:\"Follow-up emails summary\";s:7:\"message\";s:0:\"\";s:5:\"notes\";a:3:{i:0;a:2:{s:4:\"date\";s:19:\"2019-07-02 06:03:06\";s:7:\"message\";s:50:\"Email has been added to the queue (Queue ID #1678)\";}i:1;a:2:{s:4:\"date\";s:19:\"2019-07-02 06:03:06\";s:7:\"message\";s:52:\"Email is scheduled to be sent on 2019-07-03 06:00:00\";}i:2;a:2:{s:4:\"date\";s:19:\"2019-07-03 06:06:11\";s:7:\"message\";s:55:\"Skipped sending because there was no message to be sent\";}}}', -1),
(1679, 0, 'info@kids.shweetproducts.com', 0, 0, '0', 1562133600, 0, 0, '0000-00-00 00:00:00', 'Daily summary', 'a:5:{s:13:\"daily_summary\";b:1;s:5:\"email\";s:28:\"info@kids.shweetproducts.com\";s:7:\"subject\";s:24:\"Follow-up emails summary\";s:7:\"message\";s:0:\"\";s:5:\"notes\";a:3:{i:0;a:2:{s:4:\"date\";s:19:\"2019-07-03 06:06:11\";s:7:\"message\";s:50:\"Email has been added to the queue (Queue ID #1679)\";}i:1;a:2:{s:4:\"date\";s:19:\"2019-07-03 06:06:11\";s:7:\"message\";s:52:\"Email is scheduled to be sent on 2019-07-03 06:00:00\";}i:2;a:2:{s:4:\"date\";s:19:\"2019-07-03 06:06:11\";s:7:\"message\";s:55:\"Skipped sending because there was no message to be sent\";}}}', -1),
(1680, 0, 'info@kids.shweetproducts.com', 0, 0, '0', 1562220000, 0, 0, '0000-00-00 00:00:00', 'Daily summary', 'a:5:{s:13:\"daily_summary\";b:1;s:5:\"email\";s:28:\"info@kids.shweetproducts.com\";s:7:\"subject\";s:24:\"Follow-up emails summary\";s:7:\"message\";s:0:\"\";s:5:\"notes\";a:3:{i:0;a:2:{s:4:\"date\";s:19:\"2019-07-03 06:06:11\";s:7:\"message\";s:50:\"Email has been added to the queue (Queue ID #1680)\";}i:1;a:2:{s:4:\"date\";s:19:\"2019-07-03 06:06:11\";s:7:\"message\";s:52:\"Email is scheduled to be sent on 2019-07-04 06:00:00\";}i:2;a:2:{s:4:\"date\";s:19:\"2019-07-04 06:02:45\";s:7:\"message\";s:55:\"Skipped sending because there was no message to be sent\";}}}', -1),
(1681, 0, 'info@kids.shweetproducts.com', 0, 0, '0', 1562220000, 0, 0, '0000-00-00 00:00:00', 'Daily summary', 'a:5:{s:13:\"daily_summary\";b:1;s:5:\"email\";s:28:\"info@kids.shweetproducts.com\";s:7:\"subject\";s:24:\"Follow-up emails summary\";s:7:\"message\";s:0:\"\";s:5:\"notes\";a:3:{i:0;a:2:{s:4:\"date\";s:19:\"2019-07-04 06:02:45\";s:7:\"message\";s:50:\"Email has been added to the queue (Queue ID #1681)\";}i:1;a:2:{s:4:\"date\";s:19:\"2019-07-04 06:02:45\";s:7:\"message\";s:52:\"Email is scheduled to be sent on 2019-07-04 06:00:00\";}i:2;a:2:{s:4:\"date\";s:19:\"2019-07-04 06:02:45\";s:7:\"message\";s:55:\"Skipped sending because there was no message to be sent\";}}}', -1),
(1682, 0, 'info@kids.shweetproducts.com', 0, 0, '0', 1562306400, 0, 0, '0000-00-00 00:00:00', 'Daily summary', 'a:5:{s:13:\"daily_summary\";b:1;s:5:\"email\";s:28:\"info@kids.shweetproducts.com\";s:7:\"subject\";s:24:\"Follow-up emails summary\";s:7:\"message\";s:0:\"\";s:5:\"notes\";a:3:{i:0;a:2:{s:4:\"date\";s:19:\"2019-07-04 06:02:45\";s:7:\"message\";s:50:\"Email has been added to the queue (Queue ID #1682)\";}i:1;a:2:{s:4:\"date\";s:19:\"2019-07-04 06:02:45\";s:7:\"message\";s:52:\"Email is scheduled to be sent on 2019-07-05 06:00:00\";}i:2;a:2:{s:4:\"date\";s:19:\"2019-07-05 06:08:26\";s:7:\"message\";s:55:\"Skipped sending because there was no message to be sent\";}}}', -1),
(1683, 0, 'info@kids.shweetproducts.com', 0, 0, '0', 1562306400, 0, 0, '0000-00-00 00:00:00', 'Daily summary', 'a:5:{s:13:\"daily_summary\";b:1;s:5:\"email\";s:28:\"info@kids.shweetproducts.com\";s:7:\"subject\";s:24:\"Follow-up emails summary\";s:7:\"message\";s:0:\"\";s:5:\"notes\";a:3:{i:0;a:2:{s:4:\"date\";s:19:\"2019-07-05 06:08:26\";s:7:\"message\";s:50:\"Email has been added to the queue (Queue ID #1683)\";}i:1;a:2:{s:4:\"date\";s:19:\"2019-07-05 06:08:26\";s:7:\"message\";s:52:\"Email is scheduled to be sent on 2019-07-05 06:00:00\";}i:2;a:2:{s:4:\"date\";s:19:\"2019-07-05 06:08:26\";s:7:\"message\";s:55:\"Skipped sending because there was no message to be sent\";}}}', -1),
(1684, 0, 'info@kids.shweetproducts.com', 0, 0, '0', 1562392800, 0, 0, '0000-00-00 00:00:00', 'Daily summary', 'a:5:{s:13:\"daily_summary\";b:1;s:5:\"email\";s:28:\"info@kids.shweetproducts.com\";s:7:\"subject\";s:24:\"Follow-up emails summary\";s:7:\"message\";s:0:\"\";s:5:\"notes\";a:3:{i:0;a:2:{s:4:\"date\";s:19:\"2019-07-05 06:08:26\";s:7:\"message\";s:50:\"Email has been added to the queue (Queue ID #1684)\";}i:1;a:2:{s:4:\"date\";s:19:\"2019-07-05 06:08:26\";s:7:\"message\";s:52:\"Email is scheduled to be sent on 2019-07-06 06:00:00\";}i:2;a:2:{s:4:\"date\";s:19:\"2019-07-06 06:06:16\";s:7:\"message\";s:55:\"Skipped sending because there was no message to be sent\";}}}', -1),
(1685, 0, 'info@kids.shweetproducts.com', 0, 0, '0', 1562392800, 0, 0, '0000-00-00 00:00:00', 'Daily summary', 'a:5:{s:13:\"daily_summary\";b:1;s:5:\"email\";s:28:\"info@kids.shweetproducts.com\";s:7:\"subject\";s:24:\"Follow-up emails summary\";s:7:\"message\";s:0:\"\";s:5:\"notes\";a:3:{i:0;a:2:{s:4:\"date\";s:19:\"2019-07-06 06:06:16\";s:7:\"message\";s:50:\"Email has been added to the queue (Queue ID #1685)\";}i:1;a:2:{s:4:\"date\";s:19:\"2019-07-06 06:06:16\";s:7:\"message\";s:52:\"Email is scheduled to be sent on 2019-07-06 06:00:00\";}i:2;a:2:{s:4:\"date\";s:19:\"2019-07-06 06:06:16\";s:7:\"message\";s:55:\"Skipped sending because there was no message to be sent\";}}}', -1),
(1686, 0, 'info@kids.shweetproducts.com', 0, 0, '0', 1562479200, 0, 0, '0000-00-00 00:00:00', 'Daily summary', 'a:5:{s:13:\"daily_summary\";b:1;s:5:\"email\";s:28:\"info@kids.shweetproducts.com\";s:7:\"subject\";s:24:\"Follow-up emails summary\";s:7:\"message\";s:0:\"\";s:5:\"notes\";a:3:{i:0;a:2:{s:4:\"date\";s:19:\"2019-07-06 06:06:16\";s:7:\"message\";s:50:\"Email has been added to the queue (Queue ID #1686)\";}i:1;a:2:{s:4:\"date\";s:19:\"2019-07-06 06:06:16\";s:7:\"message\";s:52:\"Email is scheduled to be sent on 2019-07-07 06:00:00\";}i:2;a:2:{s:4:\"date\";s:19:\"2019-07-07 06:01:10\";s:7:\"message\";s:55:\"Skipped sending because there was no message to be sent\";}}}', -1),
(1687, 0, 'info@kids.shweetproducts.com', 0, 0, '0', 1562479200, 0, 0, '0000-00-00 00:00:00', 'Daily summary', 'a:5:{s:13:\"daily_summary\";b:1;s:5:\"email\";s:28:\"info@kids.shweetproducts.com\";s:7:\"subject\";s:24:\"Follow-up emails summary\";s:7:\"message\";s:0:\"\";s:5:\"notes\";a:3:{i:0;a:2:{s:4:\"date\";s:19:\"2019-07-07 06:01:10\";s:7:\"message\";s:50:\"Email has been added to the queue (Queue ID #1687)\";}i:1;a:2:{s:4:\"date\";s:19:\"2019-07-07 06:01:10\";s:7:\"message\";s:52:\"Email is scheduled to be sent on 2019-07-07 06:00:00\";}i:2;a:2:{s:4:\"date\";s:19:\"2019-07-07 06:01:10\";s:7:\"message\";s:55:\"Skipped sending because there was no message to be sent\";}}}', -1),
(1688, 0, 'info@kids.shweetproducts.com', 0, 0, '0', 1562565600, 0, 0, '0000-00-00 00:00:00', 'Daily summary', 'a:5:{s:13:\"daily_summary\";b:1;s:5:\"email\";s:28:\"info@kids.shweetproducts.com\";s:7:\"subject\";s:24:\"Follow-up emails summary\";s:7:\"message\";s:0:\"\";s:5:\"notes\";a:3:{i:0;a:2:{s:4:\"date\";s:19:\"2019-07-07 06:01:10\";s:7:\"message\";s:50:\"Email has been added to the queue (Queue ID #1688)\";}i:1;a:2:{s:4:\"date\";s:19:\"2019-07-07 06:01:10\";s:7:\"message\";s:52:\"Email is scheduled to be sent on 2019-07-08 06:00:00\";}i:2;a:2:{s:4:\"date\";s:19:\"2019-07-08 06:13:22\";s:7:\"message\";s:55:\"Skipped sending because there was no message to be sent\";}}}', -1),
(1689, 0, 'info@kids.shweetproducts.com', 0, 0, '0', 1562565600, 0, 0, '0000-00-00 00:00:00', 'Daily summary', 'a:5:{s:13:\"daily_summary\";b:1;s:5:\"email\";s:28:\"info@kids.shweetproducts.com\";s:7:\"subject\";s:24:\"Follow-up emails summary\";s:7:\"message\";s:0:\"\";s:5:\"notes\";a:3:{i:0;a:2:{s:4:\"date\";s:19:\"2019-07-08 06:13:22\";s:7:\"message\";s:50:\"Email has been added to the queue (Queue ID #1689)\";}i:1;a:2:{s:4:\"date\";s:19:\"2019-07-08 06:13:22\";s:7:\"message\";s:52:\"Email is scheduled to be sent on 2019-07-08 06:00:00\";}i:2;a:2:{s:4:\"date\";s:19:\"2019-07-08 06:13:22\";s:7:\"message\";s:55:\"Skipped sending because there was no message to be sent\";}}}', -1),
(1690, 0, 'info@kids.shweetproducts.com', 0, 0, '0', 1562652000, 0, 0, '0000-00-00 00:00:00', 'Daily summary', 'a:5:{s:13:\"daily_summary\";b:1;s:5:\"email\";s:28:\"info@kids.shweetproducts.com\";s:7:\"subject\";s:24:\"Follow-up emails summary\";s:7:\"message\";s:0:\"\";s:5:\"notes\";a:3:{i:0;a:2:{s:4:\"date\";s:19:\"2019-07-08 06:13:22\";s:7:\"message\";s:50:\"Email has been added to the queue (Queue ID #1690)\";}i:1;a:2:{s:4:\"date\";s:19:\"2019-07-08 06:13:22\";s:7:\"message\";s:52:\"Email is scheduled to be sent on 2019-07-09 06:00:00\";}i:2;a:2:{s:4:\"date\";s:19:\"2019-07-09 06:24:57\";s:7:\"message\";s:55:\"Skipped sending because there was no message to be sent\";}}}', -1),
(1691, 0, 'info@kids.shweetproducts.com', 0, 0, '0', 1562652000, 0, 0, '0000-00-00 00:00:00', 'Daily summary', 'a:5:{s:13:\"daily_summary\";b:1;s:5:\"email\";s:28:\"info@kids.shweetproducts.com\";s:7:\"subject\";s:24:\"Follow-up emails summary\";s:7:\"message\";s:0:\"\";s:5:\"notes\";a:3:{i:0;a:2:{s:4:\"date\";s:19:\"2019-07-09 06:24:57\";s:7:\"message\";s:50:\"Email has been added to the queue (Queue ID #1691)\";}i:1;a:2:{s:4:\"date\";s:19:\"2019-07-09 06:24:57\";s:7:\"message\";s:52:\"Email is scheduled to be sent on 2019-07-09 06:00:00\";}i:2;a:2:{s:4:\"date\";s:19:\"2019-07-09 06:24:57\";s:7:\"message\";s:55:\"Skipped sending because there was no message to be sent\";}}}', -1),
(1692, 0, 'info@kids.shweetproducts.com', 0, 0, '0', 1562738400, 0, 0, '0000-00-00 00:00:00', 'Daily summary', 'a:5:{s:13:\"daily_summary\";b:1;s:5:\"email\";s:28:\"info@kids.shweetproducts.com\";s:7:\"subject\";s:24:\"Follow-up emails summary\";s:7:\"message\";s:0:\"\";s:5:\"notes\";a:3:{i:0;a:2:{s:4:\"date\";s:19:\"2019-07-09 06:24:57\";s:7:\"message\";s:50:\"Email has been added to the queue (Queue ID #1692)\";}i:1;a:2:{s:4:\"date\";s:19:\"2019-07-09 06:24:57\";s:7:\"message\";s:52:\"Email is scheduled to be sent on 2019-07-10 06:00:00\";}i:2;a:2:{s:4:\"date\";s:19:\"2019-07-10 06:14:15\";s:7:\"message\";s:55:\"Skipped sending because there was no message to be sent\";}}}', -1),
(1693, 0, 'info@kids.shweetproducts.com', 0, 0, '0', 1562738400, 0, 0, '0000-00-00 00:00:00', 'Daily summary', 'a:5:{s:13:\"daily_summary\";b:1;s:5:\"email\";s:28:\"info@kids.shweetproducts.com\";s:7:\"subject\";s:24:\"Follow-up emails summary\";s:7:\"message\";s:0:\"\";s:5:\"notes\";a:3:{i:0;a:2:{s:4:\"date\";s:19:\"2019-07-10 06:14:15\";s:7:\"message\";s:50:\"Email has been added to the queue (Queue ID #1693)\";}i:1;a:2:{s:4:\"date\";s:19:\"2019-07-10 06:14:15\";s:7:\"message\";s:52:\"Email is scheduled to be sent on 2019-07-10 06:00:00\";}i:2;a:2:{s:4:\"date\";s:19:\"2019-07-10 06:14:15\";s:7:\"message\";s:55:\"Skipped sending because there was no message to be sent\";}}}', -1),
(1694, 0, 'info@kids.shweetproducts.com', 0, 0, '0', 1562824800, 0, 0, '0000-00-00 00:00:00', 'Daily summary', 'a:5:{s:13:\"daily_summary\";b:1;s:5:\"email\";s:28:\"info@kids.shweetproducts.com\";s:7:\"subject\";s:24:\"Follow-up emails summary\";s:7:\"message\";s:0:\"\";s:5:\"notes\";a:3:{i:0;a:2:{s:4:\"date\";s:19:\"2019-07-10 06:14:15\";s:7:\"message\";s:50:\"Email has been added to the queue (Queue ID #1694)\";}i:1;a:2:{s:4:\"date\";s:19:\"2019-07-10 06:14:15\";s:7:\"message\";s:52:\"Email is scheduled to be sent on 2019-07-11 06:00:00\";}i:2;a:2:{s:4:\"date\";s:19:\"2019-07-11 06:55:04\";s:7:\"message\";s:55:\"Skipped sending because there was no message to be sent\";}}}', -1),
(1695, 0, 'info@kids.shweetproducts.com', 0, 0, '0', 1562824800, 0, 0, '0000-00-00 00:00:00', 'Daily summary', 'a:5:{s:13:\"daily_summary\";b:1;s:5:\"email\";s:28:\"info@kids.shweetproducts.com\";s:7:\"subject\";s:24:\"Follow-up emails summary\";s:7:\"message\";s:0:\"\";s:5:\"notes\";a:3:{i:0;a:2:{s:4:\"date\";s:19:\"2019-07-11 06:55:04\";s:7:\"message\";s:50:\"Email has been added to the queue (Queue ID #1695)\";}i:1;a:2:{s:4:\"date\";s:19:\"2019-07-11 06:55:04\";s:7:\"message\";s:52:\"Email is scheduled to be sent on 2019-07-11 06:00:00\";}i:2;a:2:{s:4:\"date\";s:19:\"2019-07-11 06:55:04\";s:7:\"message\";s:55:\"Skipped sending because there was no message to be sent\";}}}', -1),
(1696, 0, 'info@kids.shweetproducts.com', 0, 0, '0', 1562911200, 0, 0, '0000-00-00 00:00:00', 'Daily summary', 'a:5:{s:13:\"daily_summary\";b:1;s:5:\"email\";s:28:\"info@kids.shweetproducts.com\";s:7:\"subject\";s:24:\"Follow-up emails summary\";s:7:\"message\";s:0:\"\";s:5:\"notes\";a:3:{i:0;a:2:{s:4:\"date\";s:19:\"2019-07-11 06:55:04\";s:7:\"message\";s:50:\"Email has been added to the queue (Queue ID #1696)\";}i:1;a:2:{s:4:\"date\";s:19:\"2019-07-11 06:55:04\";s:7:\"message\";s:52:\"Email is scheduled to be sent on 2019-07-12 06:00:00\";}i:2;a:2:{s:4:\"date\";s:19:\"2019-07-12 06:05:12\";s:7:\"message\";s:55:\"Skipped sending because there was no message to be sent\";}}}', -1),
(1697, 0, 'info@kids.shweetproducts.com', 0, 0, '0', 1562911200, 0, 0, '0000-00-00 00:00:00', 'Daily summary', 'a:5:{s:13:\"daily_summary\";b:1;s:5:\"email\";s:28:\"info@kids.shweetproducts.com\";s:7:\"subject\";s:24:\"Follow-up emails summary\";s:7:\"message\";s:0:\"\";s:5:\"notes\";a:3:{i:0;a:2:{s:4:\"date\";s:19:\"2019-07-12 06:05:12\";s:7:\"message\";s:50:\"Email has been added to the queue (Queue ID #1697)\";}i:1;a:2:{s:4:\"date\";s:19:\"2019-07-12 06:05:12\";s:7:\"message\";s:52:\"Email is scheduled to be sent on 2019-07-12 06:00:00\";}i:2;a:2:{s:4:\"date\";s:19:\"2019-07-12 06:05:12\";s:7:\"message\";s:55:\"Skipped sending because there was no message to be sent\";}}}', -1),
(1698, 0, 'info@kids.shweetproducts.com', 0, 0, '0', 1562997600, 0, 0, '0000-00-00 00:00:00', 'Daily summary', 'a:5:{s:13:\"daily_summary\";b:1;s:5:\"email\";s:28:\"info@kids.shweetproducts.com\";s:7:\"subject\";s:24:\"Follow-up emails summary\";s:7:\"message\";s:0:\"\";s:5:\"notes\";a:3:{i:0;a:2:{s:4:\"date\";s:19:\"2019-07-12 06:05:12\";s:7:\"message\";s:50:\"Email has been added to the queue (Queue ID #1698)\";}i:1;a:2:{s:4:\"date\";s:19:\"2019-07-12 06:05:12\";s:7:\"message\";s:52:\"Email is scheduled to be sent on 2019-07-13 06:00:00\";}i:2;a:2:{s:4:\"date\";s:19:\"2019-07-13 06:03:02\";s:7:\"message\";s:55:\"Skipped sending because there was no message to be sent\";}}}', -1),
(1699, 0, 'info@kids.shweetproducts.com', 0, 0, '0', 1562997600, 0, 0, '0000-00-00 00:00:00', 'Daily summary', 'a:5:{s:13:\"daily_summary\";b:1;s:5:\"email\";s:28:\"info@kids.shweetproducts.com\";s:7:\"subject\";s:24:\"Follow-up emails summary\";s:7:\"message\";s:0:\"\";s:5:\"notes\";a:3:{i:0;a:2:{s:4:\"date\";s:19:\"2019-07-13 06:03:02\";s:7:\"message\";s:50:\"Email has been added to the queue (Queue ID #1699)\";}i:1;a:2:{s:4:\"date\";s:19:\"2019-07-13 06:03:02\";s:7:\"message\";s:52:\"Email is scheduled to be sent on 2019-07-13 06:00:00\";}i:2;a:2:{s:4:\"date\";s:19:\"2019-07-13 06:03:02\";s:7:\"message\";s:55:\"Skipped sending because there was no message to be sent\";}}}', -1),
(1700, 0, 'info@kids.shweetproducts.com', 0, 0, '0', 1563084000, 0, 0, '0000-00-00 00:00:00', 'Daily summary', 'a:5:{s:13:\"daily_summary\";b:1;s:5:\"email\";s:28:\"info@kids.shweetproducts.com\";s:7:\"subject\";s:24:\"Follow-up emails summary\";s:7:\"message\";s:0:\"\";s:5:\"notes\";a:3:{i:0;a:2:{s:4:\"date\";s:19:\"2019-07-13 06:03:02\";s:7:\"message\";s:50:\"Email has been added to the queue (Queue ID #1700)\";}i:1;a:2:{s:4:\"date\";s:19:\"2019-07-13 06:03:02\";s:7:\"message\";s:52:\"Email is scheduled to be sent on 2019-07-14 06:00:00\";}i:2;a:2:{s:4:\"date\";s:19:\"2019-07-14 06:08:51\";s:7:\"message\";s:55:\"Skipped sending because there was no message to be sent\";}}}', -1),
(1701, 0, 'info@kids.shweetproducts.com', 0, 0, '0', 1563084000, 0, 0, '0000-00-00 00:00:00', 'Daily summary', 'a:5:{s:13:\"daily_summary\";b:1;s:5:\"email\";s:28:\"info@kids.shweetproducts.com\";s:7:\"subject\";s:24:\"Follow-up emails summary\";s:7:\"message\";s:0:\"\";s:5:\"notes\";a:3:{i:0;a:2:{s:4:\"date\";s:19:\"2019-07-14 06:08:51\";s:7:\"message\";s:50:\"Email has been added to the queue (Queue ID #1701)\";}i:1;a:2:{s:4:\"date\";s:19:\"2019-07-14 06:08:51\";s:7:\"message\";s:52:\"Email is scheduled to be sent on 2019-07-14 06:00:00\";}i:2;a:2:{s:4:\"date\";s:19:\"2019-07-14 06:08:51\";s:7:\"message\";s:55:\"Skipped sending because there was no message to be sent\";}}}', -1),
(1702, 0, 'info@kids.shweetproducts.com', 0, 0, '0', 1563170400, 0, 0, '0000-00-00 00:00:00', 'Daily summary', 'a:5:{s:13:\"daily_summary\";b:1;s:5:\"email\";s:28:\"info@kids.shweetproducts.com\";s:7:\"subject\";s:24:\"Follow-up emails summary\";s:7:\"message\";s:0:\"\";s:5:\"notes\";a:3:{i:0;a:2:{s:4:\"date\";s:19:\"2019-07-14 06:08:51\";s:7:\"message\";s:50:\"Email has been added to the queue (Queue ID #1702)\";}i:1;a:2:{s:4:\"date\";s:19:\"2019-07-14 06:08:51\";s:7:\"message\";s:52:\"Email is scheduled to be sent on 2019-07-15 06:00:00\";}i:2;a:2:{s:4:\"date\";s:19:\"2019-07-15 06:06:01\";s:7:\"message\";s:55:\"Skipped sending because there was no message to be sent\";}}}', -1),
(1703, 0, 'info@kids.shweetproducts.com', 0, 0, '0', 1563170400, 0, 0, '0000-00-00 00:00:00', 'Daily summary', 'a:5:{s:13:\"daily_summary\";b:1;s:5:\"email\";s:28:\"info@kids.shweetproducts.com\";s:7:\"subject\";s:24:\"Follow-up emails summary\";s:7:\"message\";s:0:\"\";s:5:\"notes\";a:3:{i:0;a:2:{s:4:\"date\";s:19:\"2019-07-15 06:06:01\";s:7:\"message\";s:50:\"Email has been added to the queue (Queue ID #1703)\";}i:1;a:2:{s:4:\"date\";s:19:\"2019-07-15 06:06:01\";s:7:\"message\";s:52:\"Email is scheduled to be sent on 2019-07-15 06:00:00\";}i:2;a:2:{s:4:\"date\";s:19:\"2019-07-15 06:06:01\";s:7:\"message\";s:55:\"Skipped sending because there was no message to be sent\";}}}', -1),
(1704, 0, 'info@kids.shweetproducts.com', 0, 0, '0', 1563256800, 0, 0, '0000-00-00 00:00:00', 'Daily summary', 'a:5:{s:13:\"daily_summary\";b:1;s:5:\"email\";s:28:\"info@kids.shweetproducts.com\";s:7:\"subject\";s:24:\"Follow-up emails summary\";s:7:\"message\";s:0:\"\";s:5:\"notes\";a:3:{i:0;a:2:{s:4:\"date\";s:19:\"2019-07-15 06:06:01\";s:7:\"message\";s:50:\"Email has been added to the queue (Queue ID #1704)\";}i:1;a:2:{s:4:\"date\";s:19:\"2019-07-15 06:06:01\";s:7:\"message\";s:52:\"Email is scheduled to be sent on 2019-07-16 06:00:00\";}i:2;a:2:{s:4:\"date\";s:19:\"2019-07-16 06:03:24\";s:7:\"message\";s:55:\"Skipped sending because there was no message to be sent\";}}}', -1),
(1705, 0, 'info@kids.shweetproducts.com', 0, 0, '0', 1563256800, 0, 0, '0000-00-00 00:00:00', 'Daily summary', 'a:5:{s:13:\"daily_summary\";b:1;s:5:\"email\";s:28:\"info@kids.shweetproducts.com\";s:7:\"subject\";s:24:\"Follow-up emails summary\";s:7:\"message\";s:0:\"\";s:5:\"notes\";a:3:{i:0;a:2:{s:4:\"date\";s:19:\"2019-07-16 06:03:24\";s:7:\"message\";s:50:\"Email has been added to the queue (Queue ID #1705)\";}i:1;a:2:{s:4:\"date\";s:19:\"2019-07-16 06:03:24\";s:7:\"message\";s:52:\"Email is scheduled to be sent on 2019-07-16 06:00:00\";}i:2;a:2:{s:4:\"date\";s:19:\"2019-07-16 06:03:24\";s:7:\"message\";s:55:\"Skipped sending because there was no message to be sent\";}}}', -1),
(1706, 0, 'info@kids.shweetproducts.com', 0, 0, '0', 1563343200, 0, 0, '0000-00-00 00:00:00', 'Daily summary', 'a:5:{s:13:\"daily_summary\";b:1;s:5:\"email\";s:28:\"info@kids.shweetproducts.com\";s:7:\"subject\";s:24:\"Follow-up emails summary\";s:7:\"message\";s:0:\"\";s:5:\"notes\";a:3:{i:0;a:2:{s:4:\"date\";s:19:\"2019-07-16 06:03:24\";s:7:\"message\";s:50:\"Email has been added to the queue (Queue ID #1706)\";}i:1;a:2:{s:4:\"date\";s:19:\"2019-07-16 06:03:24\";s:7:\"message\";s:52:\"Email is scheduled to be sent on 2019-07-17 06:00:00\";}i:2;a:2:{s:4:\"date\";s:19:\"2019-07-17 06:22:06\";s:7:\"message\";s:55:\"Skipped sending because there was no message to be sent\";}}}', -1),
(1707, 0, 'info@kids.shweetproducts.com', 0, 0, '0', 1563343200, 0, 0, '0000-00-00 00:00:00', 'Daily summary', 'a:5:{s:13:\"daily_summary\";b:1;s:5:\"email\";s:28:\"info@kids.shweetproducts.com\";s:7:\"subject\";s:24:\"Follow-up emails summary\";s:7:\"message\";s:0:\"\";s:5:\"notes\";a:3:{i:0;a:2:{s:4:\"date\";s:19:\"2019-07-17 06:22:06\";s:7:\"message\";s:50:\"Email has been added to the queue (Queue ID #1707)\";}i:1;a:2:{s:4:\"date\";s:19:\"2019-07-17 06:22:06\";s:7:\"message\";s:52:\"Email is scheduled to be sent on 2019-07-17 06:00:00\";}i:2;a:2:{s:4:\"date\";s:19:\"2019-07-17 06:22:06\";s:7:\"message\";s:55:\"Skipped sending because there was no message to be sent\";}}}', -1),
(1708, 0, 'info@kids.shweetproducts.com', 0, 0, '0', 1563429600, 0, 0, '0000-00-00 00:00:00', 'Daily summary', 'a:5:{s:13:\"daily_summary\";b:1;s:5:\"email\";s:28:\"info@kids.shweetproducts.com\";s:7:\"subject\";s:24:\"Follow-up emails summary\";s:7:\"message\";s:0:\"\";s:5:\"notes\";a:3:{i:0;a:2:{s:4:\"date\";s:19:\"2019-07-17 06:22:06\";s:7:\"message\";s:50:\"Email has been added to the queue (Queue ID #1708)\";}i:1;a:2:{s:4:\"date\";s:19:\"2019-07-17 06:22:06\";s:7:\"message\";s:52:\"Email is scheduled to be sent on 2019-07-18 06:00:00\";}i:2;a:2:{s:4:\"date\";s:19:\"2019-07-18 06:00:39\";s:7:\"message\";s:55:\"Skipped sending because there was no message to be sent\";}}}', -1),
(1709, 0, 'info@kids.shweetproducts.com', 0, 0, '0', 1563429600, 0, 0, '0000-00-00 00:00:00', 'Daily summary', 'a:5:{s:13:\"daily_summary\";b:1;s:5:\"email\";s:28:\"info@kids.shweetproducts.com\";s:7:\"subject\";s:24:\"Follow-up emails summary\";s:7:\"message\";s:0:\"\";s:5:\"notes\";a:3:{i:0;a:2:{s:4:\"date\";s:19:\"2019-07-18 06:00:39\";s:7:\"message\";s:50:\"Email has been added to the queue (Queue ID #1709)\";}i:1;a:2:{s:4:\"date\";s:19:\"2019-07-18 06:00:39\";s:7:\"message\";s:52:\"Email is scheduled to be sent on 2019-07-18 06:00:00\";}i:2;a:2:{s:4:\"date\";s:19:\"2019-07-18 06:00:39\";s:7:\"message\";s:55:\"Skipped sending because there was no message to be sent\";}}}', -1),
(1710, 0, 'info@kids.shweetproducts.com', 0, 0, '0', 1563516000, 0, 0, '0000-00-00 00:00:00', 'Daily summary', 'a:5:{s:13:\"daily_summary\";b:1;s:5:\"email\";s:28:\"info@kids.shweetproducts.com\";s:7:\"subject\";s:24:\"Follow-up emails summary\";s:7:\"message\";s:0:\"\";s:5:\"notes\";a:3:{i:0;a:2:{s:4:\"date\";s:19:\"2019-07-18 06:00:39\";s:7:\"message\";s:50:\"Email has been added to the queue (Queue ID #1710)\";}i:1;a:2:{s:4:\"date\";s:19:\"2019-07-18 06:00:39\";s:7:\"message\";s:52:\"Email is scheduled to be sent on 2019-07-19 06:00:00\";}i:2;a:2:{s:4:\"date\";s:19:\"2019-07-19 06:38:51\";s:7:\"message\";s:55:\"Skipped sending because there was no message to be sent\";}}}', -1),
(1711, 0, 'info@kids.shweetproducts.com', 0, 0, '0', 1563516000, 0, 0, '0000-00-00 00:00:00', 'Daily summary', 'a:5:{s:13:\"daily_summary\";b:1;s:5:\"email\";s:28:\"info@kids.shweetproducts.com\";s:7:\"subject\";s:24:\"Follow-up emails summary\";s:7:\"message\";s:0:\"\";s:5:\"notes\";a:3:{i:0;a:2:{s:4:\"date\";s:19:\"2019-07-19 06:38:50\";s:7:\"message\";s:50:\"Email has been added to the queue (Queue ID #1711)\";}i:1;a:2:{s:4:\"date\";s:19:\"2019-07-19 06:38:51\";s:7:\"message\";s:52:\"Email is scheduled to be sent on 2019-07-19 06:00:00\";}i:2;a:2:{s:4:\"date\";s:19:\"2019-07-19 06:38:51\";s:7:\"message\";s:55:\"Skipped sending because there was no message to be sent\";}}}', -1),
(1712, 0, 'info@kids.shweetproducts.com', 0, 0, '0', 1563602400, 0, 0, '0000-00-00 00:00:00', 'Daily summary', 'a:5:{s:13:\"daily_summary\";b:1;s:5:\"email\";s:28:\"info@kids.shweetproducts.com\";s:7:\"subject\";s:24:\"Follow-up emails summary\";s:7:\"message\";s:0:\"\";s:5:\"notes\";a:3:{i:0;a:2:{s:4:\"date\";s:19:\"2019-07-19 06:38:51\";s:7:\"message\";s:50:\"Email has been added to the queue (Queue ID #1712)\";}i:1;a:2:{s:4:\"date\";s:19:\"2019-07-19 06:38:51\";s:7:\"message\";s:52:\"Email is scheduled to be sent on 2019-07-20 06:00:00\";}i:2;a:2:{s:4:\"date\";s:19:\"2019-07-20 07:01:03\";s:7:\"message\";s:55:\"Skipped sending because there was no message to be sent\";}}}', -1),
(1713, 0, 'info@kids.shweetproducts.com', 0, 0, '0', 1563602400, 0, 0, '0000-00-00 00:00:00', 'Daily summary', 'a:5:{s:13:\"daily_summary\";b:1;s:5:\"email\";s:28:\"info@kids.shweetproducts.com\";s:7:\"subject\";s:24:\"Follow-up emails summary\";s:7:\"message\";s:0:\"\";s:5:\"notes\";a:3:{i:0;a:2:{s:4:\"date\";s:19:\"2019-07-20 07:01:03\";s:7:\"message\";s:50:\"Email has been added to the queue (Queue ID #1713)\";}i:1;a:2:{s:4:\"date\";s:19:\"2019-07-20 07:01:03\";s:7:\"message\";s:52:\"Email is scheduled to be sent on 2019-07-20 06:00:00\";}i:2;a:2:{s:4:\"date\";s:19:\"2019-07-20 07:01:03\";s:7:\"message\";s:55:\"Skipped sending because there was no message to be sent\";}}}', -1),
(1714, 0, 'info@kids.shweetproducts.com', 0, 0, '0', 1563688800, 0, 0, '0000-00-00 00:00:00', 'Daily summary', 'a:5:{s:13:\"daily_summary\";b:1;s:5:\"email\";s:28:\"info@kids.shweetproducts.com\";s:7:\"subject\";s:24:\"Follow-up emails summary\";s:7:\"message\";s:0:\"\";s:5:\"notes\";a:3:{i:0;a:2:{s:4:\"date\";s:19:\"2019-07-20 07:01:03\";s:7:\"message\";s:50:\"Email has been added to the queue (Queue ID #1714)\";}i:1;a:2:{s:4:\"date\";s:19:\"2019-07-20 07:01:03\";s:7:\"message\";s:52:\"Email is scheduled to be sent on 2019-07-21 06:00:00\";}i:2;a:2:{s:4:\"date\";s:19:\"2019-07-21 06:30:30\";s:7:\"message\";s:55:\"Skipped sending because there was no message to be sent\";}}}', -1),
(1715, 0, 'info@kids.shweetproducts.com', 0, 0, '0', 1563688800, 0, 0, '0000-00-00 00:00:00', 'Daily summary', 'a:5:{s:13:\"daily_summary\";b:1;s:5:\"email\";s:28:\"info@kids.shweetproducts.com\";s:7:\"subject\";s:24:\"Follow-up emails summary\";s:7:\"message\";s:0:\"\";s:5:\"notes\";a:3:{i:0;a:2:{s:4:\"date\";s:19:\"2019-07-21 06:30:30\";s:7:\"message\";s:50:\"Email has been added to the queue (Queue ID #1715)\";}i:1;a:2:{s:4:\"date\";s:19:\"2019-07-21 06:30:30\";s:7:\"message\";s:52:\"Email is scheduled to be sent on 2019-07-21 06:00:00\";}i:2;a:2:{s:4:\"date\";s:19:\"2019-07-21 06:30:30\";s:7:\"message\";s:55:\"Skipped sending because there was no message to be sent\";}}}', -1),
(1716, 0, 'info@kids.shweetproducts.com', 0, 0, '0', 1563775200, 0, 0, '0000-00-00 00:00:00', 'Daily summary', 'a:5:{s:13:\"daily_summary\";b:1;s:5:\"email\";s:28:\"info@kids.shweetproducts.com\";s:7:\"subject\";s:24:\"Follow-up emails summary\";s:7:\"message\";s:0:\"\";s:5:\"notes\";a:3:{i:0;a:2:{s:4:\"date\";s:19:\"2019-07-21 06:30:30\";s:7:\"message\";s:50:\"Email has been added to the queue (Queue ID #1716)\";}i:1;a:2:{s:4:\"date\";s:19:\"2019-07-21 06:30:30\";s:7:\"message\";s:52:\"Email is scheduled to be sent on 2019-07-22 06:00:00\";}i:2;a:2:{s:4:\"date\";s:19:\"2019-07-22 06:05:02\";s:7:\"message\";s:55:\"Skipped sending because there was no message to be sent\";}}}', -1),
(1717, 0, 'info@kids.shweetproducts.com', 0, 0, '0', 1563775200, 0, 0, '0000-00-00 00:00:00', 'Daily summary', 'a:5:{s:13:\"daily_summary\";b:1;s:5:\"email\";s:28:\"info@kids.shweetproducts.com\";s:7:\"subject\";s:24:\"Follow-up emails summary\";s:7:\"message\";s:0:\"\";s:5:\"notes\";a:3:{i:0;a:2:{s:4:\"date\";s:19:\"2019-07-22 06:05:02\";s:7:\"message\";s:50:\"Email has been added to the queue (Queue ID #1717)\";}i:1;a:2:{s:4:\"date\";s:19:\"2019-07-22 06:05:02\";s:7:\"message\";s:52:\"Email is scheduled to be sent on 2019-07-22 06:00:00\";}i:2;a:2:{s:4:\"date\";s:19:\"2019-07-22 06:05:02\";s:7:\"message\";s:55:\"Skipped sending because there was no message to be sent\";}}}', -1),
(1718, 0, 'info@kids.shweetproducts.com', 0, 0, '0', 1563861600, 0, 0, '0000-00-00 00:00:00', 'Daily summary', 'a:5:{s:13:\"daily_summary\";b:1;s:5:\"email\";s:28:\"info@kids.shweetproducts.com\";s:7:\"subject\";s:24:\"Follow-up emails summary\";s:7:\"message\";s:0:\"\";s:5:\"notes\";a:3:{i:0;a:2:{s:4:\"date\";s:19:\"2019-07-22 06:05:02\";s:7:\"message\";s:50:\"Email has been added to the queue (Queue ID #1718)\";}i:1;a:2:{s:4:\"date\";s:19:\"2019-07-22 06:05:02\";s:7:\"message\";s:52:\"Email is scheduled to be sent on 2019-07-23 06:00:00\";}i:2;a:2:{s:4:\"date\";s:19:\"2019-07-23 06:08:25\";s:7:\"message\";s:55:\"Skipped sending because there was no message to be sent\";}}}', -1),
(1719, 0, 'info@kids.shweetproducts.com', 0, 0, '0', 1563861600, 0, 0, '0000-00-00 00:00:00', 'Daily summary', 'a:5:{s:13:\"daily_summary\";b:1;s:5:\"email\";s:28:\"info@kids.shweetproducts.com\";s:7:\"subject\";s:24:\"Follow-up emails summary\";s:7:\"message\";s:0:\"\";s:5:\"notes\";a:3:{i:0;a:2:{s:4:\"date\";s:19:\"2019-07-23 06:08:25\";s:7:\"message\";s:50:\"Email has been added to the queue (Queue ID #1719)\";}i:1;a:2:{s:4:\"date\";s:19:\"2019-07-23 06:08:25\";s:7:\"message\";s:52:\"Email is scheduled to be sent on 2019-07-23 06:00:00\";}i:2;a:2:{s:4:\"date\";s:19:\"2019-07-23 06:08:25\";s:7:\"message\";s:55:\"Skipped sending because there was no message to be sent\";}}}', -1),
(1720, 0, 'info@kids.shweetproducts.com', 0, 0, '0', 1563948000, 0, 0, '0000-00-00 00:00:00', 'Daily summary', 'a:5:{s:13:\"daily_summary\";b:1;s:5:\"email\";s:28:\"info@kids.shweetproducts.com\";s:7:\"subject\";s:24:\"Follow-up emails summary\";s:7:\"message\";s:0:\"\";s:5:\"notes\";a:3:{i:0;a:2:{s:4:\"date\";s:19:\"2019-07-23 06:08:25\";s:7:\"message\";s:50:\"Email has been added to the queue (Queue ID #1720)\";}i:1;a:2:{s:4:\"date\";s:19:\"2019-07-23 06:08:25\";s:7:\"message\";s:52:\"Email is scheduled to be sent on 2019-07-24 06:00:00\";}i:2;a:2:{s:4:\"date\";s:19:\"2019-07-24 06:00:22\";s:7:\"message\";s:55:\"Skipped sending because there was no message to be sent\";}}}', -1),
(1721, 0, 'info@kids.shweetproducts.com', 0, 0, '0', 1563948000, 0, 0, '0000-00-00 00:00:00', 'Daily summary', 'a:5:{s:13:\"daily_summary\";b:1;s:5:\"email\";s:28:\"info@kids.shweetproducts.com\";s:7:\"subject\";s:24:\"Follow-up emails summary\";s:7:\"message\";s:0:\"\";s:5:\"notes\";a:3:{i:0;a:2:{s:4:\"date\";s:19:\"2019-07-24 06:00:22\";s:7:\"message\";s:50:\"Email has been added to the queue (Queue ID #1721)\";}i:1;a:2:{s:4:\"date\";s:19:\"2019-07-24 06:00:22\";s:7:\"message\";s:52:\"Email is scheduled to be sent on 2019-07-24 06:00:00\";}i:2;a:2:{s:4:\"date\";s:19:\"2019-07-24 06:00:22\";s:7:\"message\";s:55:\"Skipped sending because there was no message to be sent\";}}}', -1),
(1722, 0, 'info@kids.shweetproducts.com', 0, 0, '0', 1564034400, 0, 0, '0000-00-00 00:00:00', 'Daily summary', 'a:5:{s:13:\"daily_summary\";b:1;s:5:\"email\";s:28:\"info@kids.shweetproducts.com\";s:7:\"subject\";s:24:\"Follow-up emails summary\";s:7:\"message\";s:0:\"\";s:5:\"notes\";a:3:{i:0;a:2:{s:4:\"date\";s:19:\"2019-07-24 06:00:22\";s:7:\"message\";s:50:\"Email has been added to the queue (Queue ID #1722)\";}i:1;a:2:{s:4:\"date\";s:19:\"2019-07-24 06:00:22\";s:7:\"message\";s:52:\"Email is scheduled to be sent on 2019-07-25 06:00:00\";}i:2;a:2:{s:4:\"date\";s:19:\"2019-07-25 06:11:08\";s:7:\"message\";s:55:\"Skipped sending because there was no message to be sent\";}}}', -1),
(1723, 0, 'info@kids.shweetproducts.com', 0, 0, '0', 1564034400, 0, 0, '0000-00-00 00:00:00', 'Daily summary', 'a:5:{s:13:\"daily_summary\";b:1;s:5:\"email\";s:28:\"info@kids.shweetproducts.com\";s:7:\"subject\";s:24:\"Follow-up emails summary\";s:7:\"message\";s:0:\"\";s:5:\"notes\";a:3:{i:0;a:2:{s:4:\"date\";s:19:\"2019-07-25 06:11:08\";s:7:\"message\";s:50:\"Email has been added to the queue (Queue ID #1723)\";}i:1;a:2:{s:4:\"date\";s:19:\"2019-07-25 06:11:08\";s:7:\"message\";s:52:\"Email is scheduled to be sent on 2019-07-25 06:00:00\";}i:2;a:2:{s:4:\"date\";s:19:\"2019-07-25 06:11:08\";s:7:\"message\";s:55:\"Skipped sending because there was no message to be sent\";}}}', -1),
(1724, 0, 'info@kids.shweetproducts.com', 0, 0, '0', 1564120800, 0, 0, '0000-00-00 00:00:00', 'Daily summary', 'a:5:{s:13:\"daily_summary\";b:1;s:5:\"email\";s:28:\"info@kids.shweetproducts.com\";s:7:\"subject\";s:24:\"Follow-up emails summary\";s:7:\"message\";s:0:\"\";s:5:\"notes\";a:3:{i:0;a:2:{s:4:\"date\";s:19:\"2019-07-25 06:11:08\";s:7:\"message\";s:50:\"Email has been added to the queue (Queue ID #1724)\";}i:1;a:2:{s:4:\"date\";s:19:\"2019-07-25 06:11:08\";s:7:\"message\";s:52:\"Email is scheduled to be sent on 2019-07-26 06:00:00\";}i:2;a:2:{s:4:\"date\";s:19:\"2019-07-26 06:25:22\";s:7:\"message\";s:55:\"Skipped sending because there was no message to be sent\";}}}', -1),
(1725, 0, 'info@kids.shweetproducts.com', 0, 0, '0', 1564120800, 0, 0, '0000-00-00 00:00:00', 'Daily summary', 'a:5:{s:13:\"daily_summary\";b:1;s:5:\"email\";s:28:\"info@kids.shweetproducts.com\";s:7:\"subject\";s:24:\"Follow-up emails summary\";s:7:\"message\";s:0:\"\";s:5:\"notes\";a:3:{i:0;a:2:{s:4:\"date\";s:19:\"2019-07-26 06:25:22\";s:7:\"message\";s:50:\"Email has been added to the queue (Queue ID #1725)\";}i:1;a:2:{s:4:\"date\";s:19:\"2019-07-26 06:25:22\";s:7:\"message\";s:52:\"Email is scheduled to be sent on 2019-07-26 06:00:00\";}i:2;a:2:{s:4:\"date\";s:19:\"2019-07-26 06:25:22\";s:7:\"message\";s:55:\"Skipped sending because there was no message to be sent\";}}}', -1),
(1726, 0, 'info@kids.shweetproducts.com', 0, 0, '0', 1564207200, 0, 0, '0000-00-00 00:00:00', 'Daily summary', 'a:5:{s:13:\"daily_summary\";b:1;s:5:\"email\";s:28:\"info@kids.shweetproducts.com\";s:7:\"subject\";s:24:\"Follow-up emails summary\";s:7:\"message\";s:0:\"\";s:5:\"notes\";a:3:{i:0;a:2:{s:4:\"date\";s:19:\"2019-07-26 06:25:22\";s:7:\"message\";s:50:\"Email has been added to the queue (Queue ID #1726)\";}i:1;a:2:{s:4:\"date\";s:19:\"2019-07-26 06:25:22\";s:7:\"message\";s:52:\"Email is scheduled to be sent on 2019-07-27 06:00:00\";}i:2;a:2:{s:4:\"date\";s:19:\"2019-07-27 06:26:20\";s:7:\"message\";s:55:\"Skipped sending because there was no message to be sent\";}}}', -1),
(1727, 0, 'info@kids.shweetproducts.com', 0, 0, '0', 1564207200, 0, 0, '0000-00-00 00:00:00', 'Daily summary', 'a:5:{s:13:\"daily_summary\";b:1;s:5:\"email\";s:28:\"info@kids.shweetproducts.com\";s:7:\"subject\";s:24:\"Follow-up emails summary\";s:7:\"message\";s:0:\"\";s:5:\"notes\";a:3:{i:0;a:2:{s:4:\"date\";s:19:\"2019-07-27 06:26:20\";s:7:\"message\";s:50:\"Email has been added to the queue (Queue ID #1727)\";}i:1;a:2:{s:4:\"date\";s:19:\"2019-07-27 06:26:20\";s:7:\"message\";s:52:\"Email is scheduled to be sent on 2019-07-27 06:00:00\";}i:2;a:2:{s:4:\"date\";s:19:\"2019-07-27 06:26:20\";s:7:\"message\";s:55:\"Skipped sending because there was no message to be sent\";}}}', -1),
(1728, 0, 'info@kids.shweetproducts.com', 0, 0, '0', 1564293600, 0, 0, '0000-00-00 00:00:00', 'Daily summary', 'a:5:{s:13:\"daily_summary\";b:1;s:5:\"email\";s:28:\"info@kids.shweetproducts.com\";s:7:\"subject\";s:24:\"Follow-up emails summary\";s:7:\"message\";s:0:\"\";s:5:\"notes\";a:3:{i:0;a:2:{s:4:\"date\";s:19:\"2019-07-27 06:26:20\";s:7:\"message\";s:50:\"Email has been added to the queue (Queue ID #1728)\";}i:1;a:2:{s:4:\"date\";s:19:\"2019-07-27 06:26:20\";s:7:\"message\";s:52:\"Email is scheduled to be sent on 2019-07-28 06:00:00\";}i:2;a:2:{s:4:\"date\";s:19:\"2019-07-28 06:41:35\";s:7:\"message\";s:55:\"Skipped sending because there was no message to be sent\";}}}', -1),
(1729, 0, 'info@kids.shweetproducts.com', 0, 0, '0', 1564293600, 0, 0, '0000-00-00 00:00:00', 'Daily summary', 'a:5:{s:13:\"daily_summary\";b:1;s:5:\"email\";s:28:\"info@kids.shweetproducts.com\";s:7:\"subject\";s:24:\"Follow-up emails summary\";s:7:\"message\";s:0:\"\";s:5:\"notes\";a:3:{i:0;a:2:{s:4:\"date\";s:19:\"2019-07-28 06:41:35\";s:7:\"message\";s:50:\"Email has been added to the queue (Queue ID #1729)\";}i:1;a:2:{s:4:\"date\";s:19:\"2019-07-28 06:41:35\";s:7:\"message\";s:52:\"Email is scheduled to be sent on 2019-07-28 06:00:00\";}i:2;a:2:{s:4:\"date\";s:19:\"2019-07-28 06:41:35\";s:7:\"message\";s:55:\"Skipped sending because there was no message to be sent\";}}}', -1);
INSERT INTO `wpva_followup_email_orders` (`id`, `user_id`, `user_email`, `order_id`, `product_id`, `email_id`, `send_on`, `is_cart`, `is_sent`, `date_sent`, `email_trigger`, `meta`, `status`) VALUES
(1730, 0, 'info@kids.shweetproducts.com', 0, 0, '0', 1564380000, 0, 0, '0000-00-00 00:00:00', 'Daily summary', 'a:5:{s:13:\"daily_summary\";b:1;s:5:\"email\";s:28:\"info@kids.shweetproducts.com\";s:7:\"subject\";s:24:\"Follow-up emails summary\";s:7:\"message\";s:0:\"\";s:5:\"notes\";a:3:{i:0;a:2:{s:4:\"date\";s:19:\"2019-07-28 06:41:35\";s:7:\"message\";s:50:\"Email has been added to the queue (Queue ID #1730)\";}i:1;a:2:{s:4:\"date\";s:19:\"2019-07-28 06:41:35\";s:7:\"message\";s:52:\"Email is scheduled to be sent on 2019-07-29 06:00:00\";}i:2;a:2:{s:4:\"date\";s:19:\"2019-07-29 06:18:03\";s:7:\"message\";s:55:\"Skipped sending because there was no message to be sent\";}}}', -1),
(1731, 0, 'info@kids.shweetproducts.com', 0, 0, '0', 1564380000, 0, 0, '0000-00-00 00:00:00', 'Daily summary', 'a:5:{s:13:\"daily_summary\";b:1;s:5:\"email\";s:28:\"info@kids.shweetproducts.com\";s:7:\"subject\";s:24:\"Follow-up emails summary\";s:7:\"message\";s:0:\"\";s:5:\"notes\";a:3:{i:0;a:2:{s:4:\"date\";s:19:\"2019-07-29 06:18:03\";s:7:\"message\";s:50:\"Email has been added to the queue (Queue ID #1731)\";}i:1;a:2:{s:4:\"date\";s:19:\"2019-07-29 06:18:03\";s:7:\"message\";s:52:\"Email is scheduled to be sent on 2019-07-29 06:00:00\";}i:2;a:2:{s:4:\"date\";s:19:\"2019-07-29 06:18:03\";s:7:\"message\";s:55:\"Skipped sending because there was no message to be sent\";}}}', -1),
(1732, 0, 'info@kids.shweetproducts.com', 0, 0, '0', 1564466400, 0, 0, '0000-00-00 00:00:00', 'Daily summary', 'a:5:{s:13:\"daily_summary\";b:1;s:5:\"email\";s:28:\"info@kids.shweetproducts.com\";s:7:\"subject\";s:24:\"Follow-up emails summary\";s:7:\"message\";s:0:\"\";s:5:\"notes\";a:3:{i:0;a:2:{s:4:\"date\";s:19:\"2019-07-29 06:18:03\";s:7:\"message\";s:50:\"Email has been added to the queue (Queue ID #1732)\";}i:1;a:2:{s:4:\"date\";s:19:\"2019-07-29 06:18:03\";s:7:\"message\";s:52:\"Email is scheduled to be sent on 2019-07-30 06:00:00\";}i:2;a:2:{s:4:\"date\";s:19:\"2019-07-30 06:02:56\";s:7:\"message\";s:55:\"Skipped sending because there was no message to be sent\";}}}', -1),
(1733, 0, 'info@kids.shweetproducts.com', 0, 0, '0', 1564466400, 0, 0, '0000-00-00 00:00:00', 'Daily summary', 'a:5:{s:13:\"daily_summary\";b:1;s:5:\"email\";s:28:\"info@kids.shweetproducts.com\";s:7:\"subject\";s:24:\"Follow-up emails summary\";s:7:\"message\";s:0:\"\";s:5:\"notes\";a:3:{i:0;a:2:{s:4:\"date\";s:19:\"2019-07-30 06:02:56\";s:7:\"message\";s:50:\"Email has been added to the queue (Queue ID #1733)\";}i:1;a:2:{s:4:\"date\";s:19:\"2019-07-30 06:02:56\";s:7:\"message\";s:52:\"Email is scheduled to be sent on 2019-07-30 06:00:00\";}i:2;a:2:{s:4:\"date\";s:19:\"2019-07-30 06:02:56\";s:7:\"message\";s:55:\"Skipped sending because there was no message to be sent\";}}}', -1),
(1734, 0, 'info@kids.shweetproducts.com', 0, 0, '0', 1564552800, 0, 0, '0000-00-00 00:00:00', 'Daily summary', 'a:5:{s:13:\"daily_summary\";b:1;s:5:\"email\";s:28:\"info@kids.shweetproducts.com\";s:7:\"subject\";s:24:\"Follow-up emails summary\";s:7:\"message\";s:0:\"\";s:5:\"notes\";a:3:{i:0;a:2:{s:4:\"date\";s:19:\"2019-07-30 06:02:56\";s:7:\"message\";s:50:\"Email has been added to the queue (Queue ID #1734)\";}i:1;a:2:{s:4:\"date\";s:19:\"2019-07-30 06:02:56\";s:7:\"message\";s:52:\"Email is scheduled to be sent on 2019-07-31 06:00:00\";}i:2;a:2:{s:4:\"date\";s:19:\"2019-07-31 06:02:04\";s:7:\"message\";s:55:\"Skipped sending because there was no message to be sent\";}}}', -1),
(1735, 0, 'info@kids.shweetproducts.com', 0, 0, '0', 1564552800, 0, 0, '0000-00-00 00:00:00', 'Daily summary', 'a:5:{s:13:\"daily_summary\";b:1;s:5:\"email\";s:28:\"info@kids.shweetproducts.com\";s:7:\"subject\";s:24:\"Follow-up emails summary\";s:7:\"message\";s:0:\"\";s:5:\"notes\";a:3:{i:0;a:2:{s:4:\"date\";s:19:\"2019-07-31 06:02:04\";s:7:\"message\";s:50:\"Email has been added to the queue (Queue ID #1735)\";}i:1;a:2:{s:4:\"date\";s:19:\"2019-07-31 06:02:04\";s:7:\"message\";s:52:\"Email is scheduled to be sent on 2019-07-31 06:00:00\";}i:2;a:2:{s:4:\"date\";s:19:\"2019-07-31 06:02:04\";s:7:\"message\";s:55:\"Skipped sending because there was no message to be sent\";}}}', -1),
(1736, 0, 'info@kids.shweetproducts.com', 0, 0, '0', 1564639200, 0, 0, '0000-00-00 00:00:00', 'Daily summary', 'a:5:{s:13:\"daily_summary\";b:1;s:5:\"email\";s:28:\"info@kids.shweetproducts.com\";s:7:\"subject\";s:24:\"Follow-up emails summary\";s:7:\"message\";s:0:\"\";s:5:\"notes\";a:3:{i:0;a:2:{s:4:\"date\";s:19:\"2019-07-31 06:02:04\";s:7:\"message\";s:50:\"Email has been added to the queue (Queue ID #1736)\";}i:1;a:2:{s:4:\"date\";s:19:\"2019-07-31 06:02:04\";s:7:\"message\";s:52:\"Email is scheduled to be sent on 2019-08-01 06:00:00\";}i:2;a:2:{s:4:\"date\";s:19:\"2019-08-01 06:11:10\";s:7:\"message\";s:55:\"Skipped sending because there was no message to be sent\";}}}', -1),
(1737, 0, 'info@kids.shweetproducts.com', 0, 0, '0', 1564639200, 0, 0, '0000-00-00 00:00:00', 'Daily summary', 'a:5:{s:13:\"daily_summary\";b:1;s:5:\"email\";s:28:\"info@kids.shweetproducts.com\";s:7:\"subject\";s:24:\"Follow-up emails summary\";s:7:\"message\";s:0:\"\";s:5:\"notes\";a:3:{i:0;a:2:{s:4:\"date\";s:19:\"2019-08-01 06:11:10\";s:7:\"message\";s:50:\"Email has been added to the queue (Queue ID #1737)\";}i:1;a:2:{s:4:\"date\";s:19:\"2019-08-01 06:11:10\";s:7:\"message\";s:52:\"Email is scheduled to be sent on 2019-08-01 06:00:00\";}i:2;a:2:{s:4:\"date\";s:19:\"2019-08-01 06:11:10\";s:7:\"message\";s:55:\"Skipped sending because there was no message to be sent\";}}}', -1),
(1738, 0, 'info@kids.shweetproducts.com', 0, 0, '0', 1564725600, 0, 0, '0000-00-00 00:00:00', 'Daily summary', 'a:5:{s:13:\"daily_summary\";b:1;s:5:\"email\";s:28:\"info@kids.shweetproducts.com\";s:7:\"subject\";s:24:\"Follow-up emails summary\";s:7:\"message\";s:0:\"\";s:5:\"notes\";a:3:{i:0;a:2:{s:4:\"date\";s:19:\"2019-08-01 06:11:10\";s:7:\"message\";s:50:\"Email has been added to the queue (Queue ID #1738)\";}i:1;a:2:{s:4:\"date\";s:19:\"2019-08-01 06:11:10\";s:7:\"message\";s:52:\"Email is scheduled to be sent on 2019-08-02 06:00:00\";}i:2;a:2:{s:4:\"date\";s:19:\"2019-08-02 06:04:14\";s:7:\"message\";s:55:\"Skipped sending because there was no message to be sent\";}}}', -1),
(1739, 0, 'info@kids.shweetproducts.com', 0, 0, '0', 1564725600, 0, 0, '0000-00-00 00:00:00', 'Daily summary', 'a:5:{s:13:\"daily_summary\";b:1;s:5:\"email\";s:28:\"info@kids.shweetproducts.com\";s:7:\"subject\";s:24:\"Follow-up emails summary\";s:7:\"message\";s:0:\"\";s:5:\"notes\";a:3:{i:0;a:2:{s:4:\"date\";s:19:\"2019-08-02 06:04:14\";s:7:\"message\";s:50:\"Email has been added to the queue (Queue ID #1739)\";}i:1;a:2:{s:4:\"date\";s:19:\"2019-08-02 06:04:14\";s:7:\"message\";s:52:\"Email is scheduled to be sent on 2019-08-02 06:00:00\";}i:2;a:2:{s:4:\"date\";s:19:\"2019-08-02 06:04:14\";s:7:\"message\";s:55:\"Skipped sending because there was no message to be sent\";}}}', -1),
(1740, 0, 'info@kids.shweetproducts.com', 0, 0, '0', 1564812000, 0, 0, '0000-00-00 00:00:00', 'Daily summary', 'a:5:{s:13:\"daily_summary\";b:1;s:5:\"email\";s:28:\"info@kids.shweetproducts.com\";s:7:\"subject\";s:24:\"Follow-up emails summary\";s:7:\"message\";s:0:\"\";s:5:\"notes\";a:3:{i:0;a:2:{s:4:\"date\";s:19:\"2019-08-02 06:04:14\";s:7:\"message\";s:50:\"Email has been added to the queue (Queue ID #1740)\";}i:1;a:2:{s:4:\"date\";s:19:\"2019-08-02 06:04:14\";s:7:\"message\";s:52:\"Email is scheduled to be sent on 2019-08-03 06:00:00\";}i:2;a:2:{s:4:\"date\";s:19:\"2019-08-03 06:00:16\";s:7:\"message\";s:55:\"Skipped sending because there was no message to be sent\";}}}', -1),
(1741, 0, 'info@kids.shweetproducts.com', 0, 0, '0', 1564812000, 0, 0, '0000-00-00 00:00:00', 'Daily summary', 'a:5:{s:13:\"daily_summary\";b:1;s:5:\"email\";s:28:\"info@kids.shweetproducts.com\";s:7:\"subject\";s:24:\"Follow-up emails summary\";s:7:\"message\";s:0:\"\";s:5:\"notes\";a:3:{i:0;a:2:{s:4:\"date\";s:19:\"2019-08-03 06:00:16\";s:7:\"message\";s:50:\"Email has been added to the queue (Queue ID #1741)\";}i:1;a:2:{s:4:\"date\";s:19:\"2019-08-03 06:00:16\";s:7:\"message\";s:52:\"Email is scheduled to be sent on 2019-08-03 06:00:00\";}i:2;a:2:{s:4:\"date\";s:19:\"2019-08-03 06:00:16\";s:7:\"message\";s:55:\"Skipped sending because there was no message to be sent\";}}}', -1),
(1742, 0, 'info@kids.shweetproducts.com', 0, 0, '0', 1564898400, 0, 0, '0000-00-00 00:00:00', 'Daily summary', 'a:5:{s:13:\"daily_summary\";b:1;s:5:\"email\";s:28:\"info@kids.shweetproducts.com\";s:7:\"subject\";s:24:\"Follow-up emails summary\";s:7:\"message\";s:0:\"\";s:5:\"notes\";a:3:{i:0;a:2:{s:4:\"date\";s:19:\"2019-08-03 06:00:16\";s:7:\"message\";s:50:\"Email has been added to the queue (Queue ID #1742)\";}i:1;a:2:{s:4:\"date\";s:19:\"2019-08-03 06:00:16\";s:7:\"message\";s:52:\"Email is scheduled to be sent on 2019-08-04 06:00:00\";}i:2;a:2:{s:4:\"date\";s:19:\"2019-08-04 06:08:23\";s:7:\"message\";s:55:\"Skipped sending because there was no message to be sent\";}}}', -1),
(1743, 0, 'info@kids.shweetproducts.com', 0, 0, '0', 1564898400, 0, 0, '0000-00-00 00:00:00', 'Daily summary', 'a:5:{s:13:\"daily_summary\";b:1;s:5:\"email\";s:28:\"info@kids.shweetproducts.com\";s:7:\"subject\";s:24:\"Follow-up emails summary\";s:7:\"message\";s:0:\"\";s:5:\"notes\";a:3:{i:0;a:2:{s:4:\"date\";s:19:\"2019-08-04 06:08:23\";s:7:\"message\";s:50:\"Email has been added to the queue (Queue ID #1743)\";}i:1;a:2:{s:4:\"date\";s:19:\"2019-08-04 06:08:23\";s:7:\"message\";s:52:\"Email is scheduled to be sent on 2019-08-04 06:00:00\";}i:2;a:2:{s:4:\"date\";s:19:\"2019-08-04 06:08:23\";s:7:\"message\";s:55:\"Skipped sending because there was no message to be sent\";}}}', -1),
(1744, 0, 'info@kids.shweetproducts.com', 0, 0, '0', 1564984800, 0, 0, '0000-00-00 00:00:00', 'Daily summary', 'a:5:{s:13:\"daily_summary\";b:1;s:5:\"email\";s:28:\"info@kids.shweetproducts.com\";s:7:\"subject\";s:24:\"Follow-up emails summary\";s:7:\"message\";s:0:\"\";s:5:\"notes\";a:3:{i:0;a:2:{s:4:\"date\";s:19:\"2019-08-04 06:08:23\";s:7:\"message\";s:50:\"Email has been added to the queue (Queue ID #1744)\";}i:1;a:2:{s:4:\"date\";s:19:\"2019-08-04 06:08:23\";s:7:\"message\";s:52:\"Email is scheduled to be sent on 2019-08-05 06:00:00\";}i:2;a:2:{s:4:\"date\";s:19:\"2019-08-05 06:07:15\";s:7:\"message\";s:55:\"Skipped sending because there was no message to be sent\";}}}', -1),
(1745, 0, 'info@kids.shweetproducts.com', 0, 0, '0', 1564984800, 0, 0, '0000-00-00 00:00:00', 'Daily summary', 'a:5:{s:13:\"daily_summary\";b:1;s:5:\"email\";s:28:\"info@kids.shweetproducts.com\";s:7:\"subject\";s:24:\"Follow-up emails summary\";s:7:\"message\";s:0:\"\";s:5:\"notes\";a:3:{i:0;a:2:{s:4:\"date\";s:19:\"2019-08-05 06:07:15\";s:7:\"message\";s:50:\"Email has been added to the queue (Queue ID #1745)\";}i:1;a:2:{s:4:\"date\";s:19:\"2019-08-05 06:07:15\";s:7:\"message\";s:52:\"Email is scheduled to be sent on 2019-08-05 06:00:00\";}i:2;a:2:{s:4:\"date\";s:19:\"2019-08-05 06:07:15\";s:7:\"message\";s:55:\"Skipped sending because there was no message to be sent\";}}}', -1),
(1746, 0, 'info@kids.shweetproducts.com', 0, 0, '0', 1565071200, 0, 0, '0000-00-00 00:00:00', 'Daily summary', 'a:5:{s:13:\"daily_summary\";b:1;s:5:\"email\";s:28:\"info@kids.shweetproducts.com\";s:7:\"subject\";s:24:\"Follow-up emails summary\";s:7:\"message\";s:0:\"\";s:5:\"notes\";a:3:{i:0;a:2:{s:4:\"date\";s:19:\"2019-08-05 06:07:15\";s:7:\"message\";s:50:\"Email has been added to the queue (Queue ID #1746)\";}i:1;a:2:{s:4:\"date\";s:19:\"2019-08-05 06:07:15\";s:7:\"message\";s:52:\"Email is scheduled to be sent on 2019-08-06 06:00:00\";}i:2;a:2:{s:4:\"date\";s:19:\"2019-08-06 06:13:42\";s:7:\"message\";s:55:\"Skipped sending because there was no message to be sent\";}}}', -1),
(1747, 0, 'info@kids.shweetproducts.com', 0, 0, '0', 1565071200, 0, 0, '0000-00-00 00:00:00', 'Daily summary', 'a:5:{s:13:\"daily_summary\";b:1;s:5:\"email\";s:28:\"info@kids.shweetproducts.com\";s:7:\"subject\";s:24:\"Follow-up emails summary\";s:7:\"message\";s:0:\"\";s:5:\"notes\";a:3:{i:0;a:2:{s:4:\"date\";s:19:\"2019-08-06 06:13:42\";s:7:\"message\";s:50:\"Email has been added to the queue (Queue ID #1747)\";}i:1;a:2:{s:4:\"date\";s:19:\"2019-08-06 06:13:42\";s:7:\"message\";s:52:\"Email is scheduled to be sent on 2019-08-06 06:00:00\";}i:2;a:2:{s:4:\"date\";s:19:\"2019-08-06 06:13:42\";s:7:\"message\";s:55:\"Skipped sending because there was no message to be sent\";}}}', -1),
(1748, 0, 'info@kids.shweetproducts.com', 0, 0, '0', 1565157600, 0, 0, '0000-00-00 00:00:00', 'Daily summary', 'a:5:{s:13:\"daily_summary\";b:1;s:5:\"email\";s:28:\"info@kids.shweetproducts.com\";s:7:\"subject\";s:24:\"Follow-up emails summary\";s:7:\"message\";s:0:\"\";s:5:\"notes\";a:3:{i:0;a:2:{s:4:\"date\";s:19:\"2019-08-06 06:13:42\";s:7:\"message\";s:50:\"Email has been added to the queue (Queue ID #1748)\";}i:1;a:2:{s:4:\"date\";s:19:\"2019-08-06 06:13:42\";s:7:\"message\";s:52:\"Email is scheduled to be sent on 2019-08-07 06:00:00\";}i:2;a:2:{s:4:\"date\";s:19:\"2019-08-07 06:08:57\";s:7:\"message\";s:55:\"Skipped sending because there was no message to be sent\";}}}', -1),
(1749, 0, 'info@kids.shweetproducts.com', 0, 0, '0', 1565157600, 0, 0, '0000-00-00 00:00:00', 'Daily summary', 'a:5:{s:13:\"daily_summary\";b:1;s:5:\"email\";s:28:\"info@kids.shweetproducts.com\";s:7:\"subject\";s:24:\"Follow-up emails summary\";s:7:\"message\";s:0:\"\";s:5:\"notes\";a:3:{i:0;a:2:{s:4:\"date\";s:19:\"2019-08-07 06:08:57\";s:7:\"message\";s:50:\"Email has been added to the queue (Queue ID #1749)\";}i:1;a:2:{s:4:\"date\";s:19:\"2019-08-07 06:08:57\";s:7:\"message\";s:52:\"Email is scheduled to be sent on 2019-08-07 06:00:00\";}i:2;a:2:{s:4:\"date\";s:19:\"2019-08-07 06:08:57\";s:7:\"message\";s:55:\"Skipped sending because there was no message to be sent\";}}}', -1),
(1750, 0, 'info@kids.shweetproducts.com', 0, 0, '0', 1565244000, 0, 0, '0000-00-00 00:00:00', 'Daily summary', 'a:5:{s:13:\"daily_summary\";b:1;s:5:\"email\";s:28:\"info@kids.shweetproducts.com\";s:7:\"subject\";s:24:\"Follow-up emails summary\";s:7:\"message\";s:0:\"\";s:5:\"notes\";a:3:{i:0;a:2:{s:4:\"date\";s:19:\"2019-08-07 06:08:57\";s:7:\"message\";s:50:\"Email has been added to the queue (Queue ID #1750)\";}i:1;a:2:{s:4:\"date\";s:19:\"2019-08-07 06:08:57\";s:7:\"message\";s:52:\"Email is scheduled to be sent on 2019-08-08 06:00:00\";}i:2;a:2:{s:4:\"date\";s:19:\"2019-08-08 06:09:04\";s:7:\"message\";s:55:\"Skipped sending because there was no message to be sent\";}}}', -1),
(1751, 0, 'info@kids.shweetproducts.com', 0, 0, '0', 1565244000, 0, 0, '0000-00-00 00:00:00', 'Daily summary', 'a:5:{s:13:\"daily_summary\";b:1;s:5:\"email\";s:28:\"info@kids.shweetproducts.com\";s:7:\"subject\";s:24:\"Follow-up emails summary\";s:7:\"message\";s:0:\"\";s:5:\"notes\";a:3:{i:0;a:2:{s:4:\"date\";s:19:\"2019-08-08 06:09:04\";s:7:\"message\";s:50:\"Email has been added to the queue (Queue ID #1751)\";}i:1;a:2:{s:4:\"date\";s:19:\"2019-08-08 06:09:04\";s:7:\"message\";s:52:\"Email is scheduled to be sent on 2019-08-08 06:00:00\";}i:2;a:2:{s:4:\"date\";s:19:\"2019-08-08 06:09:04\";s:7:\"message\";s:55:\"Skipped sending because there was no message to be sent\";}}}', -1),
(1752, 0, 'info@kids.shweetproducts.com', 0, 0, '0', 1565330400, 0, 0, '0000-00-00 00:00:00', 'Daily summary', 'a:5:{s:13:\"daily_summary\";b:1;s:5:\"email\";s:28:\"info@kids.shweetproducts.com\";s:7:\"subject\";s:24:\"Follow-up emails summary\";s:7:\"message\";s:0:\"\";s:5:\"notes\";a:3:{i:0;a:2:{s:4:\"date\";s:19:\"2019-08-08 06:09:04\";s:7:\"message\";s:50:\"Email has been added to the queue (Queue ID #1752)\";}i:1;a:2:{s:4:\"date\";s:19:\"2019-08-08 06:09:04\";s:7:\"message\";s:52:\"Email is scheduled to be sent on 2019-08-09 06:00:00\";}i:2;a:2:{s:4:\"date\";s:19:\"2019-08-09 06:29:28\";s:7:\"message\";s:55:\"Skipped sending because there was no message to be sent\";}}}', -1),
(1753, 0, 'info@kids.shweetproducts.com', 0, 0, '0', 1565330400, 0, 0, '0000-00-00 00:00:00', 'Daily summary', 'a:5:{s:13:\"daily_summary\";b:1;s:5:\"email\";s:28:\"info@kids.shweetproducts.com\";s:7:\"subject\";s:24:\"Follow-up emails summary\";s:7:\"message\";s:0:\"\";s:5:\"notes\";a:3:{i:0;a:2:{s:4:\"date\";s:19:\"2019-08-09 06:29:28\";s:7:\"message\";s:50:\"Email has been added to the queue (Queue ID #1753)\";}i:1;a:2:{s:4:\"date\";s:19:\"2019-08-09 06:29:28\";s:7:\"message\";s:52:\"Email is scheduled to be sent on 2019-08-09 06:00:00\";}i:2;a:2:{s:4:\"date\";s:19:\"2019-08-09 06:29:28\";s:7:\"message\";s:55:\"Skipped sending because there was no message to be sent\";}}}', -1),
(1754, 0, 'info@kids.shweetproducts.com', 0, 0, '0', 1565416800, 0, 0, '0000-00-00 00:00:00', 'Daily summary', 'a:5:{s:13:\"daily_summary\";b:1;s:5:\"email\";s:28:\"info@kids.shweetproducts.com\";s:7:\"subject\";s:24:\"Follow-up emails summary\";s:7:\"message\";s:0:\"\";s:5:\"notes\";a:3:{i:0;a:2:{s:4:\"date\";s:19:\"2019-08-09 06:29:28\";s:7:\"message\";s:50:\"Email has been added to the queue (Queue ID #1754)\";}i:1;a:2:{s:4:\"date\";s:19:\"2019-08-09 06:29:28\";s:7:\"message\";s:52:\"Email is scheduled to be sent on 2019-08-10 06:00:00\";}i:2;a:2:{s:4:\"date\";s:19:\"2019-08-10 06:00:01\";s:7:\"message\";s:55:\"Skipped sending because there was no message to be sent\";}}}', -1),
(1755, 0, 'info@kids.shweetproducts.com', 0, 0, '0', 1565416800, 0, 0, '0000-00-00 00:00:00', 'Daily summary', 'a:5:{s:13:\"daily_summary\";b:1;s:5:\"email\";s:28:\"info@kids.shweetproducts.com\";s:7:\"subject\";s:24:\"Follow-up emails summary\";s:7:\"message\";s:0:\"\";s:5:\"notes\";a:3:{i:0;a:2:{s:4:\"date\";s:19:\"2019-08-10 06:00:01\";s:7:\"message\";s:50:\"Email has been added to the queue (Queue ID #1755)\";}i:1;a:2:{s:4:\"date\";s:19:\"2019-08-10 06:00:01\";s:7:\"message\";s:52:\"Email is scheduled to be sent on 2019-08-10 06:00:00\";}i:2;a:2:{s:4:\"date\";s:19:\"2019-08-10 06:00:01\";s:7:\"message\";s:55:\"Skipped sending because there was no message to be sent\";}}}', -1),
(1756, 0, 'info@kids.shweetproducts.com', 0, 0, '0', 1565503200, 0, 0, '0000-00-00 00:00:00', 'Daily summary', 'a:5:{s:13:\"daily_summary\";b:1;s:5:\"email\";s:28:\"info@kids.shweetproducts.com\";s:7:\"subject\";s:24:\"Follow-up emails summary\";s:7:\"message\";s:0:\"\";s:5:\"notes\";a:3:{i:0;a:2:{s:4:\"date\";s:19:\"2019-08-10 06:00:01\";s:7:\"message\";s:50:\"Email has been added to the queue (Queue ID #1756)\";}i:1;a:2:{s:4:\"date\";s:19:\"2019-08-10 06:00:01\";s:7:\"message\";s:52:\"Email is scheduled to be sent on 2019-08-11 06:00:00\";}i:2;a:2:{s:4:\"date\";s:19:\"2019-08-11 06:08:29\";s:7:\"message\";s:55:\"Skipped sending because there was no message to be sent\";}}}', -1),
(1757, 0, 'info@kids.shweetproducts.com', 0, 0, '0', 1565503200, 0, 0, '0000-00-00 00:00:00', 'Daily summary', 'a:5:{s:13:\"daily_summary\";b:1;s:5:\"email\";s:28:\"info@kids.shweetproducts.com\";s:7:\"subject\";s:24:\"Follow-up emails summary\";s:7:\"message\";s:0:\"\";s:5:\"notes\";a:3:{i:0;a:2:{s:4:\"date\";s:19:\"2019-08-11 06:08:29\";s:7:\"message\";s:50:\"Email has been added to the queue (Queue ID #1757)\";}i:1;a:2:{s:4:\"date\";s:19:\"2019-08-11 06:08:29\";s:7:\"message\";s:52:\"Email is scheduled to be sent on 2019-08-11 06:00:00\";}i:2;a:2:{s:4:\"date\";s:19:\"2019-08-11 06:08:29\";s:7:\"message\";s:55:\"Skipped sending because there was no message to be sent\";}}}', -1),
(1758, 0, 'info@kids.shweetproducts.com', 0, 0, '0', 1565589600, 0, 0, '0000-00-00 00:00:00', 'Daily summary', 'a:5:{s:13:\"daily_summary\";b:1;s:5:\"email\";s:28:\"info@kids.shweetproducts.com\";s:7:\"subject\";s:24:\"Follow-up emails summary\";s:7:\"message\";s:0:\"\";s:5:\"notes\";a:3:{i:0;a:2:{s:4:\"date\";s:19:\"2019-08-11 06:08:29\";s:7:\"message\";s:50:\"Email has been added to the queue (Queue ID #1758)\";}i:1;a:2:{s:4:\"date\";s:19:\"2019-08-11 06:08:29\";s:7:\"message\";s:52:\"Email is scheduled to be sent on 2019-08-12 06:00:00\";}i:2;a:2:{s:4:\"date\";s:19:\"2019-08-12 06:23:16\";s:7:\"message\";s:55:\"Skipped sending because there was no message to be sent\";}}}', -1),
(1759, 0, 'info@kids.shweetproducts.com', 0, 0, '0', 1565589600, 0, 0, '0000-00-00 00:00:00', 'Daily summary', 'a:5:{s:13:\"daily_summary\";b:1;s:5:\"email\";s:28:\"info@kids.shweetproducts.com\";s:7:\"subject\";s:24:\"Follow-up emails summary\";s:7:\"message\";s:0:\"\";s:5:\"notes\";a:3:{i:0;a:2:{s:4:\"date\";s:19:\"2019-08-12 06:23:16\";s:7:\"message\";s:50:\"Email has been added to the queue (Queue ID #1759)\";}i:1;a:2:{s:4:\"date\";s:19:\"2019-08-12 06:23:16\";s:7:\"message\";s:52:\"Email is scheduled to be sent on 2019-08-12 06:00:00\";}i:2;a:2:{s:4:\"date\";s:19:\"2019-08-12 06:23:16\";s:7:\"message\";s:55:\"Skipped sending because there was no message to be sent\";}}}', -1),
(1760, 0, 'info@kids.shweetproducts.com', 0, 0, '0', 1565676000, 0, 0, '0000-00-00 00:00:00', 'Daily summary', 'a:5:{s:13:\"daily_summary\";b:1;s:5:\"email\";s:28:\"info@kids.shweetproducts.com\";s:7:\"subject\";s:24:\"Follow-up emails summary\";s:7:\"message\";s:0:\"\";s:5:\"notes\";a:3:{i:0;a:2:{s:4:\"date\";s:19:\"2019-08-12 06:23:16\";s:7:\"message\";s:50:\"Email has been added to the queue (Queue ID #1760)\";}i:1;a:2:{s:4:\"date\";s:19:\"2019-08-12 06:23:16\";s:7:\"message\";s:52:\"Email is scheduled to be sent on 2019-08-13 06:00:00\";}i:2;a:2:{s:4:\"date\";s:19:\"2019-08-13 06:21:34\";s:7:\"message\";s:55:\"Skipped sending because there was no message to be sent\";}}}', -1),
(1761, 0, 'info@kids.shweetproducts.com', 0, 0, '0', 1565676000, 0, 0, '0000-00-00 00:00:00', 'Daily summary', 'a:5:{s:13:\"daily_summary\";b:1;s:5:\"email\";s:28:\"info@kids.shweetproducts.com\";s:7:\"subject\";s:24:\"Follow-up emails summary\";s:7:\"message\";s:0:\"\";s:5:\"notes\";a:3:{i:0;a:2:{s:4:\"date\";s:19:\"2019-08-13 06:21:33\";s:7:\"message\";s:50:\"Email has been added to the queue (Queue ID #1761)\";}i:1;a:2:{s:4:\"date\";s:19:\"2019-08-13 06:21:34\";s:7:\"message\";s:52:\"Email is scheduled to be sent on 2019-08-13 06:00:00\";}i:2;a:2:{s:4:\"date\";s:19:\"2019-08-13 06:21:34\";s:7:\"message\";s:55:\"Skipped sending because there was no message to be sent\";}}}', -1),
(1762, 0, 'info@kids.shweetproducts.com', 0, 0, '0', 1565762400, 0, 0, '0000-00-00 00:00:00', 'Daily summary', 'a:5:{s:13:\"daily_summary\";b:1;s:5:\"email\";s:28:\"info@kids.shweetproducts.com\";s:7:\"subject\";s:24:\"Follow-up emails summary\";s:7:\"message\";s:0:\"\";s:5:\"notes\";a:3:{i:0;a:2:{s:4:\"date\";s:19:\"2019-08-13 06:21:34\";s:7:\"message\";s:50:\"Email has been added to the queue (Queue ID #1762)\";}i:1;a:2:{s:4:\"date\";s:19:\"2019-08-13 06:21:34\";s:7:\"message\";s:52:\"Email is scheduled to be sent on 2019-08-14 06:00:00\";}i:2;a:2:{s:4:\"date\";s:19:\"2019-08-14 06:01:25\";s:7:\"message\";s:55:\"Skipped sending because there was no message to be sent\";}}}', -1),
(1763, 0, 'info@kids.shweetproducts.com', 0, 0, '0', 1565762400, 0, 0, '0000-00-00 00:00:00', 'Daily summary', 'a:5:{s:13:\"daily_summary\";b:1;s:5:\"email\";s:28:\"info@kids.shweetproducts.com\";s:7:\"subject\";s:24:\"Follow-up emails summary\";s:7:\"message\";s:0:\"\";s:5:\"notes\";a:3:{i:0;a:2:{s:4:\"date\";s:19:\"2019-08-14 06:01:25\";s:7:\"message\";s:50:\"Email has been added to the queue (Queue ID #1763)\";}i:1;a:2:{s:4:\"date\";s:19:\"2019-08-14 06:01:25\";s:7:\"message\";s:52:\"Email is scheduled to be sent on 2019-08-14 06:00:00\";}i:2;a:2:{s:4:\"date\";s:19:\"2019-08-14 06:01:25\";s:7:\"message\";s:55:\"Skipped sending because there was no message to be sent\";}}}', -1),
(1764, 0, 'info@kids.shweetproducts.com', 0, 0, '0', 1565848800, 0, 0, '0000-00-00 00:00:00', 'Daily summary', 'a:5:{s:13:\"daily_summary\";b:1;s:5:\"email\";s:28:\"info@kids.shweetproducts.com\";s:7:\"subject\";s:24:\"Follow-up emails summary\";s:7:\"message\";s:0:\"\";s:5:\"notes\";a:3:{i:0;a:2:{s:4:\"date\";s:19:\"2019-08-14 06:01:25\";s:7:\"message\";s:50:\"Email has been added to the queue (Queue ID #1764)\";}i:1;a:2:{s:4:\"date\";s:19:\"2019-08-14 06:01:25\";s:7:\"message\";s:52:\"Email is scheduled to be sent on 2019-08-15 06:00:00\";}i:2;a:2:{s:4:\"date\";s:19:\"2019-08-21 05:39:11\";s:7:\"message\";s:55:\"Skipped sending because there was no message to be sent\";}}}', -1),
(1765, 0, 'info@kids.shweetproducts.com', 0, 0, '0', 1565848800, 0, 0, '0000-00-00 00:00:00', 'Daily summary', 'a:5:{s:13:\"daily_summary\";b:1;s:5:\"email\";s:28:\"info@kids.shweetproducts.com\";s:7:\"subject\";s:24:\"Follow-up emails summary\";s:7:\"message\";s:0:\"\";s:5:\"notes\";a:3:{i:0;a:2:{s:4:\"date\";s:19:\"2019-08-21 05:39:11\";s:7:\"message\";s:50:\"Email has been added to the queue (Queue ID #1765)\";}i:1;a:2:{s:4:\"date\";s:19:\"2019-08-21 05:39:11\";s:7:\"message\";s:52:\"Email is scheduled to be sent on 2019-08-15 06:00:00\";}i:2;a:2:{s:4:\"date\";s:19:\"2019-08-21 05:39:11\";s:7:\"message\";s:55:\"Skipped sending because there was no message to be sent\";}}}', -1),
(1766, 0, 'info@kids.shweetproducts.com', 0, 0, '0', 1566453600, 0, 0, '0000-00-00 00:00:00', 'Daily summary', 'a:5:{s:13:\"daily_summary\";b:1;s:5:\"email\";s:28:\"info@kids.shweetproducts.com\";s:7:\"subject\";s:24:\"Follow-up emails summary\";s:7:\"message\";s:0:\"\";s:5:\"notes\";a:3:{i:0;a:2:{s:4:\"date\";s:19:\"2019-08-21 05:39:11\";s:7:\"message\";s:50:\"Email has been added to the queue (Queue ID #1766)\";}i:1;a:2:{s:4:\"date\";s:19:\"2019-08-21 05:39:11\";s:7:\"message\";s:52:\"Email is scheduled to be sent on 2019-08-22 06:00:00\";}i:2;a:2:{s:4:\"date\";s:19:\"2019-08-22 06:01:29\";s:7:\"message\";s:55:\"Skipped sending because there was no message to be sent\";}}}', -1),
(1767, 0, 'info@kids.shweetproducts.com', 0, 0, '0', 1566453600, 0, 0, '0000-00-00 00:00:00', 'Daily summary', 'a:5:{s:13:\"daily_summary\";b:1;s:5:\"email\";s:28:\"info@kids.shweetproducts.com\";s:7:\"subject\";s:24:\"Follow-up emails summary\";s:7:\"message\";s:0:\"\";s:5:\"notes\";a:3:{i:0;a:2:{s:4:\"date\";s:19:\"2019-08-22 06:01:29\";s:7:\"message\";s:50:\"Email has been added to the queue (Queue ID #1767)\";}i:1;a:2:{s:4:\"date\";s:19:\"2019-08-22 06:01:29\";s:7:\"message\";s:52:\"Email is scheduled to be sent on 2019-08-22 06:00:00\";}i:2;a:2:{s:4:\"date\";s:19:\"2019-08-22 06:01:30\";s:7:\"message\";s:55:\"Skipped sending because there was no message to be sent\";}}}', -1),
(1768, 0, 'info@kids.shweetproducts.com', 0, 0, '0', 1566540000, 0, 0, '0000-00-00 00:00:00', 'Daily summary', 'a:5:{s:13:\"daily_summary\";b:1;s:5:\"email\";s:28:\"info@kids.shweetproducts.com\";s:7:\"subject\";s:24:\"Follow-up emails summary\";s:7:\"message\";s:0:\"\";s:5:\"notes\";a:3:{i:0;a:2:{s:4:\"date\";s:19:\"2019-08-22 06:01:30\";s:7:\"message\";s:50:\"Email has been added to the queue (Queue ID #1768)\";}i:1;a:2:{s:4:\"date\";s:19:\"2019-08-22 06:01:30\";s:7:\"message\";s:52:\"Email is scheduled to be sent on 2019-08-23 06:00:00\";}i:2;a:2:{s:4:\"date\";s:19:\"2019-08-23 06:07:56\";s:7:\"message\";s:55:\"Skipped sending because there was no message to be sent\";}}}', -1),
(1769, 0, 'info@kids.shweetproducts.com', 0, 0, '0', 1566540000, 0, 0, '0000-00-00 00:00:00', 'Daily summary', 'a:5:{s:13:\"daily_summary\";b:1;s:5:\"email\";s:28:\"info@kids.shweetproducts.com\";s:7:\"subject\";s:24:\"Follow-up emails summary\";s:7:\"message\";s:0:\"\";s:5:\"notes\";a:3:{i:0;a:2:{s:4:\"date\";s:19:\"2019-08-23 06:07:56\";s:7:\"message\";s:50:\"Email has been added to the queue (Queue ID #1769)\";}i:1;a:2:{s:4:\"date\";s:19:\"2019-08-23 06:07:56\";s:7:\"message\";s:52:\"Email is scheduled to be sent on 2019-08-23 06:00:00\";}i:2;a:2:{s:4:\"date\";s:19:\"2019-08-23 06:07:56\";s:7:\"message\";s:55:\"Skipped sending because there was no message to be sent\";}}}', -1),
(1770, 0, 'info@kids.shweetproducts.com', 0, 0, '0', 1566626400, 0, 0, '0000-00-00 00:00:00', 'Daily summary', 'a:5:{s:13:\"daily_summary\";b:1;s:5:\"email\";s:28:\"info@kids.shweetproducts.com\";s:7:\"subject\";s:24:\"Follow-up emails summary\";s:7:\"message\";s:0:\"\";s:5:\"notes\";a:3:{i:0;a:2:{s:4:\"date\";s:19:\"2019-08-23 06:07:56\";s:7:\"message\";s:50:\"Email has been added to the queue (Queue ID #1770)\";}i:1;a:2:{s:4:\"date\";s:19:\"2019-08-23 06:07:56\";s:7:\"message\";s:52:\"Email is scheduled to be sent on 2019-08-24 06:00:00\";}i:2;a:2:{s:4:\"date\";s:19:\"2019-08-24 06:04:56\";s:7:\"message\";s:55:\"Skipped sending because there was no message to be sent\";}}}', -1),
(1771, 0, 'info@kids.shweetproducts.com', 0, 0, '0', 1566626400, 0, 0, '0000-00-00 00:00:00', 'Daily summary', 'a:5:{s:13:\"daily_summary\";b:1;s:5:\"email\";s:28:\"info@kids.shweetproducts.com\";s:7:\"subject\";s:24:\"Follow-up emails summary\";s:7:\"message\";s:0:\"\";s:5:\"notes\";a:3:{i:0;a:2:{s:4:\"date\";s:19:\"2019-08-24 06:04:56\";s:7:\"message\";s:50:\"Email has been added to the queue (Queue ID #1771)\";}i:1;a:2:{s:4:\"date\";s:19:\"2019-08-24 06:04:56\";s:7:\"message\";s:52:\"Email is scheduled to be sent on 2019-08-24 06:00:00\";}i:2;a:2:{s:4:\"date\";s:19:\"2019-08-24 06:04:56\";s:7:\"message\";s:55:\"Skipped sending because there was no message to be sent\";}}}', -1),
(1772, 0, 'info@kids.shweetproducts.com', 0, 0, '0', 1566712800, 0, 0, '0000-00-00 00:00:00', 'Daily summary', 'a:5:{s:13:\"daily_summary\";b:1;s:5:\"email\";s:28:\"info@kids.shweetproducts.com\";s:7:\"subject\";s:24:\"Follow-up emails summary\";s:7:\"message\";s:0:\"\";s:5:\"notes\";a:3:{i:0;a:2:{s:4:\"date\";s:19:\"2019-08-24 06:04:56\";s:7:\"message\";s:50:\"Email has been added to the queue (Queue ID #1772)\";}i:1;a:2:{s:4:\"date\";s:19:\"2019-08-24 06:04:56\";s:7:\"message\";s:52:\"Email is scheduled to be sent on 2019-08-25 06:00:00\";}i:2;a:2:{s:4:\"date\";s:19:\"2019-08-25 06:01:08\";s:7:\"message\";s:55:\"Skipped sending because there was no message to be sent\";}}}', -1),
(1773, 0, 'info@kids.shweetproducts.com', 0, 0, '0', 1566712800, 0, 0, '0000-00-00 00:00:00', 'Daily summary', 'a:5:{s:13:\"daily_summary\";b:1;s:5:\"email\";s:28:\"info@kids.shweetproducts.com\";s:7:\"subject\";s:24:\"Follow-up emails summary\";s:7:\"message\";s:0:\"\";s:5:\"notes\";a:3:{i:0;a:2:{s:4:\"date\";s:19:\"2019-08-25 06:01:08\";s:7:\"message\";s:50:\"Email has been added to the queue (Queue ID #1773)\";}i:1;a:2:{s:4:\"date\";s:19:\"2019-08-25 06:01:08\";s:7:\"message\";s:52:\"Email is scheduled to be sent on 2019-08-25 06:00:00\";}i:2;a:2:{s:4:\"date\";s:19:\"2019-08-25 06:01:08\";s:7:\"message\";s:55:\"Skipped sending because there was no message to be sent\";}}}', -1),
(1774, 0, 'info@kids.shweetproducts.com', 0, 0, '0', 1566799200, 0, 0, '0000-00-00 00:00:00', 'Daily summary', 'a:5:{s:13:\"daily_summary\";b:1;s:5:\"email\";s:28:\"info@kids.shweetproducts.com\";s:7:\"subject\";s:24:\"Follow-up emails summary\";s:7:\"message\";s:0:\"\";s:5:\"notes\";a:3:{i:0;a:2:{s:4:\"date\";s:19:\"2019-08-25 06:01:08\";s:7:\"message\";s:50:\"Email has been added to the queue (Queue ID #1774)\";}i:1;a:2:{s:4:\"date\";s:19:\"2019-08-25 06:01:08\";s:7:\"message\";s:52:\"Email is scheduled to be sent on 2019-08-26 06:00:00\";}i:2;a:2:{s:4:\"date\";s:19:\"2019-08-26 06:02:26\";s:7:\"message\";s:55:\"Skipped sending because there was no message to be sent\";}}}', -1),
(1775, 0, 'info@kids.shweetproducts.com', 0, 0, '0', 1566799200, 0, 0, '0000-00-00 00:00:00', 'Daily summary', 'a:5:{s:13:\"daily_summary\";b:1;s:5:\"email\";s:28:\"info@kids.shweetproducts.com\";s:7:\"subject\";s:24:\"Follow-up emails summary\";s:7:\"message\";s:0:\"\";s:5:\"notes\";a:3:{i:0;a:2:{s:4:\"date\";s:19:\"2019-08-26 06:02:26\";s:7:\"message\";s:50:\"Email has been added to the queue (Queue ID #1775)\";}i:1;a:2:{s:4:\"date\";s:19:\"2019-08-26 06:02:26\";s:7:\"message\";s:52:\"Email is scheduled to be sent on 2019-08-26 06:00:00\";}i:2;a:2:{s:4:\"date\";s:19:\"2019-08-26 06:02:26\";s:7:\"message\";s:55:\"Skipped sending because there was no message to be sent\";}}}', -1),
(1776, 0, 'info@kids.shweetproducts.com', 0, 0, '0', 1566885600, 0, 0, '0000-00-00 00:00:00', 'Daily summary', 'a:5:{s:13:\"daily_summary\";b:1;s:5:\"email\";s:28:\"info@kids.shweetproducts.com\";s:7:\"subject\";s:24:\"Follow-up emails summary\";s:7:\"message\";s:0:\"\";s:5:\"notes\";a:2:{i:0;a:2:{s:4:\"date\";s:19:\"2019-08-26 06:02:26\";s:7:\"message\";s:50:\"Email has been added to the queue (Queue ID #1776)\";}i:1;a:2:{s:4:\"date\";s:19:\"2019-08-26 06:02:26\";s:7:\"message\";s:52:\"Email is scheduled to be sent on 2019-08-27 06:00:00\";}}}', 1);

-- --------------------------------------------------------

--
-- Table structure for table `wpva_followup_email_order_coupons`
--

CREATE TABLE `wpva_followup_email_order_coupons` (
  `email_order_id` bigint NOT NULL,
  `coupon_name` varchar(100) CHARACTER SET utf8mb4 COLLATE utf8mb4_unicode_ci NOT NULL,
  `coupon_code` varchar(20) CHARACTER SET utf8mb4 COLLATE utf8mb4_unicode_ci NOT NULL
) ENGINE=InnoDB DEFAULT CHARSET=utf8mb4 COLLATE=utf8mb4_unicode_ci;

-- --------------------------------------------------------

--
-- Table structure for table `wpva_followup_email_tracking`
--

CREATE TABLE `wpva_followup_email_tracking` (
  `id` bigint NOT NULL,
  `event_type` varchar(20) CHARACTER SET utf8mb4 COLLATE utf8mb4_unicode_ci NOT NULL,
  `email_order_id` bigint NOT NULL DEFAULT '0',
  `email_id` bigint NOT NULL,
  `user_id` bigint NOT NULL DEFAULT '0',
  `user_email` varchar(255) CHARACTER SET utf8mb4 COLLATE utf8mb4_unicode_ci NOT NULL,
  `target_url` varchar(255) CHARACTER SET utf8mb4 COLLATE utf8mb4_unicode_ci NOT NULL,
  `client_name` varchar(100) CHARACTER SET utf8mb4 COLLATE utf8mb4_unicode_ci NOT NULL,
  `client_version` varchar(25) CHARACTER SET utf8mb4 COLLATE utf8mb4_unicode_ci NOT NULL,
  `client_type` varchar(50) CHARACTER SET utf8mb4 COLLATE utf8mb4_unicode_ci NOT NULL,
  `user_ip` varchar(100) CHARACTER SET utf8mb4 COLLATE utf8mb4_unicode_ci NOT NULL,
  `user_country` varchar(100) CHARACTER SET utf8mb4 COLLATE utf8mb4_unicode_ci NOT NULL,
  `date_added` datetime NOT NULL
) ENGINE=InnoDB DEFAULT CHARSET=utf8mb4 COLLATE=utf8mb4_unicode_ci;

-- --------------------------------------------------------

--
-- Table structure for table `wpva_followup_followup_history`
--

CREATE TABLE `wpva_followup_followup_history` (
  `id` bigint NOT NULL,
  `followup_id` bigint NOT NULL,
  `user_id` bigint NOT NULL,
  `content` longtext CHARACTER SET utf8mb4 COLLATE utf8mb4_unicode_ci NOT NULL,
  `date_added` datetime NOT NULL
) ENGINE=InnoDB DEFAULT CHARSET=utf8mb4 COLLATE=utf8mb4_unicode_ci;

-- --------------------------------------------------------

--
-- Table structure for table `wpva_followup_order_categories`
--

CREATE TABLE `wpva_followup_order_categories` (
  `order_id` bigint NOT NULL,
  `category_id` bigint NOT NULL
) ENGINE=InnoDB DEFAULT CHARSET=utf8mb4 COLLATE=utf8mb4_unicode_ci;

--
-- Dumping data for table `wpva_followup_order_categories`
--

INSERT INTO `wpva_followup_order_categories` (`order_id`, `category_id`) VALUES
(9556, 156),
(9561, 156),
(9576, 156),
(9579, 156),
(9600, 156),
(9742, 156),
(9742, 158),
(9873, 52),
(9880, 48);

-- --------------------------------------------------------

--
-- Table structure for table `wpva_followup_order_items`
--

CREATE TABLE `wpva_followup_order_items` (
  `order_id` bigint NOT NULL,
  `product_id` bigint NOT NULL,
  `variation_id` bigint NOT NULL
) ENGINE=InnoDB DEFAULT CHARSET=utf8mb4 COLLATE=utf8mb4_unicode_ci;

--
-- Dumping data for table `wpva_followup_order_items`
--

INSERT INTO `wpva_followup_order_items` (`order_id`, `product_id`, `variation_id`) VALUES
(9556, 8859, 0),
(9561, 8859, 0),
(9576, 8859, 0),
(9579, 8859, 0),
(9600, 8859, 0),
(9742, 8859, 0),
(9742, 8867, 0),
(9873, 7893, 9071),
(9873, 7893, 9077),
(9880, 8858, 9606),
(9880, 8858, 9138),
(9880, 8858, 9140),
(9880, 8858, 9139),
(9880, 8858, 9137);

-- --------------------------------------------------------

--
-- Table structure for table `wpva_followup_subscribers`
--

CREATE TABLE `wpva_followup_subscribers` (
  `id` bigint NOT NULL,
  `email` varchar(100) CHARACTER SET utf8mb4 COLLATE utf8mb4_unicode_ci NOT NULL,
  `date_added` datetime NOT NULL
) ENGINE=InnoDB DEFAULT CHARSET=utf8mb4 COLLATE=utf8mb4_unicode_ci;

--
-- Dumping data for table `wpva_followup_subscribers`
--

INSERT INTO `wpva_followup_subscribers` (`id`, `email`, `date_added`) VALUES
(1, 'floredevries.nl@gmail.com', '2017-06-01 14:17:00'),
(2, 'tbowler@xsinet.co.za', '2017-11-08 11:07:03'),
(3, 'arinaw@mweb.co.za', '2018-02-04 11:05:04'),
(4, 'henabhoola@gmail.com', '2019-05-10 07:04:42'),
(5, 'lisaventer@bamboorocksa.co.za', '2019-08-11 13:30:12');

-- --------------------------------------------------------

--
-- Table structure for table `wpva_followup_subscribers_to_lists`
--

CREATE TABLE `wpva_followup_subscribers_to_lists` (
  `subscriber_id` bigint NOT NULL,
  `list_id` bigint NOT NULL
) ENGINE=InnoDB DEFAULT CHARSET=utf8mb4 COLLATE=utf8mb4_unicode_ci;

-- --------------------------------------------------------

--
-- Table structure for table `wpva_followup_subscriber_lists`
--

CREATE TABLE `wpva_followup_subscriber_lists` (
  `id` bigint NOT NULL,
  `list_name` varchar(100) CHARACTER SET utf8mb4 COLLATE utf8mb4_unicode_ci NOT NULL,
  `access` int NOT NULL DEFAULT '0'
) ENGINE=InnoDB DEFAULT CHARSET=utf8mb4 COLLATE=utf8mb4_unicode_ci;

-- --------------------------------------------------------

--
-- Table structure for table `wpva_gf_draft_submissions`
--

CREATE TABLE `wpva_gf_draft_submissions` (
  `uuid` char(32) CHARACTER SET utf8mb4 COLLATE utf8mb4_unicode_ci NOT NULL,
  `email` varchar(255) CHARACTER SET utf8mb4 COLLATE utf8mb4_unicode_ci DEFAULT NULL,
  `form_id` mediumint UNSIGNED NOT NULL,
  `date_created` datetime NOT NULL,
  `ip` varchar(39) CHARACTER SET utf8mb4 COLLATE utf8mb4_unicode_ci NOT NULL,
  `source_url` longtext CHARACTER SET utf8mb4 COLLATE utf8mb4_unicode_ci NOT NULL,
  `submission` longtext CHARACTER SET utf8mb4 COLLATE utf8mb4_unicode_ci NOT NULL
) ENGINE=MyISAM DEFAULT CHARSET=utf8mb4 COLLATE=utf8mb4_unicode_ci;

-- --------------------------------------------------------

--
-- Table structure for table `wpva_gf_entry`
--

CREATE TABLE `wpva_gf_entry` (
  `id` int UNSIGNED NOT NULL,
  `form_id` mediumint UNSIGNED NOT NULL,
  `post_id` bigint UNSIGNED DEFAULT NULL,
  `date_created` datetime NOT NULL,
  `date_updated` datetime DEFAULT NULL,
  `is_starred` tinyint(1) NOT NULL DEFAULT '0',
  `is_read` tinyint(1) NOT NULL DEFAULT '0',
  `ip` varchar(39) CHARACTER SET utf8mb4 COLLATE utf8mb4_unicode_ci NOT NULL,
  `source_url` varchar(200) CHARACTER SET utf8mb4 COLLATE utf8mb4_unicode_ci NOT NULL DEFAULT '',
  `user_agent` varchar(250) CHARACTER SET utf8mb4 COLLATE utf8mb4_unicode_ci NOT NULL DEFAULT '',
  `currency` varchar(5) CHARACTER SET utf8mb4 COLLATE utf8mb4_unicode_ci DEFAULT NULL,
  `payment_status` varchar(15) CHARACTER SET utf8mb4 COLLATE utf8mb4_unicode_ci DEFAULT NULL,
  `payment_date` datetime DEFAULT NULL,
  `payment_amount` decimal(19,2) DEFAULT NULL,
  `payment_method` varchar(30) CHARACTER SET utf8mb4 COLLATE utf8mb4_unicode_ci DEFAULT NULL,
  `transaction_id` varchar(50) CHARACTER SET utf8mb4 COLLATE utf8mb4_unicode_ci DEFAULT NULL,
  `is_fulfilled` tinyint(1) DEFAULT NULL,
  `created_by` bigint UNSIGNED DEFAULT NULL,
  `transaction_type` tinyint(1) DEFAULT NULL,
  `status` varchar(20) CHARACTER SET utf8mb4 COLLATE utf8mb4_unicode_ci NOT NULL DEFAULT 'active'
) ENGINE=MyISAM DEFAULT CHARSET=utf8mb4 COLLATE=utf8mb4_unicode_ci;

--
-- Dumping data for table `wpva_gf_entry`
--

INSERT INTO `wpva_gf_entry` (`id`, `form_id`, `post_id`, `date_created`, `date_updated`, `is_starred`, `is_read`, `ip`, `source_url`, `user_agent`, `currency`, `payment_status`, `payment_date`, `payment_amount`, `payment_method`, `transaction_id`, `is_fulfilled`, `created_by`, `transaction_type`, `status`) VALUES
(1, 1, NULL, '2017-06-13 09:48:27', NULL, 0, 0, '197.101.74.168', 'https://kids.shweetproducts.com/my-account/wholesale-access/', 'Mozilla/5.0 (Windows NT 6.3; Win64; x64) AppleWebKit/537.36 (KHTML, like Gecko) Chrome/58.0.3029.110 Safari/537.36', 'ZAR', NULL, NULL, NULL, NULL, NULL, NULL, NULL, NULL, 'active'),
(2, 1, NULL, '2017-07-13 15:49:07', NULL, 0, 0, '41.114.207.174', 'https://kids.shweetproducts.com/my-account/wholesale-access/', 'Mozilla/5.0 (Windows NT 6.1; Win64; x64) AppleWebKit/537.36 (KHTML, like Gecko) Chrome/59.0.3071.115 Safari/537.36', 'ZAR', NULL, NULL, NULL, NULL, NULL, NULL, NULL, NULL, 'active'),
(3, 1, NULL, '2017-07-23 06:39:47', NULL, 0, 1, '105.226.230.203', 'https://kids.shweetproducts.com/my-account/wholesale-access/', 'Mozilla/5.0 (Macintosh; Intel Mac OS X 10_10_5) AppleWebKit/603.2.5 (KHTML, like Gecko) Version/10.1.1 Safari/603.2.5', 'ZAR', NULL, NULL, NULL, NULL, NULL, NULL, NULL, NULL, 'active'),
(4, 1, NULL, '2017-08-15 09:09:40', NULL, 0, 0, '105.186.239.5', 'https://kids.shweetproducts.com/my-account/wholesale-access/', 'Mozilla/5.0 (Windows NT 6.1; WOW64) AppleWebKit/537.36 (KHTML, like Gecko) Chrome/60.0.3112.90 Safari/537.36', 'ZAR', NULL, NULL, NULL, NULL, NULL, NULL, NULL, NULL, 'active'),
(5, 1, NULL, '2017-08-15 09:35:48', NULL, 0, 0, '197.82.199.97', 'https://kids.shweetproducts.com/my-account/wholesale-access/', 'Mozilla/5.0 (Macintosh; Intel Mac OS X 10_11_6) AppleWebKit/603.3.8 (KHTML, like Gecko) Version/10.1.2 Safari/603.3.8', 'ZAR', NULL, NULL, NULL, NULL, NULL, NULL, NULL, NULL, 'active'),
(6, 1, NULL, '2017-08-15 09:37:48', NULL, 0, 0, '196.33.24.4', 'https://kids.shweetproducts.com/my-account/wholesale-access/', 'Mozilla/5.0 (Windows NT 10.0; Win64; x64) AppleWebKit/537.36 (KHTML, like Gecko) Chrome/52.0.2743.116 Safari/537.36 Edge/15.15063', 'ZAR', NULL, NULL, NULL, NULL, NULL, NULL, NULL, NULL, 'active'),
(7, 1, NULL, '2017-08-15 09:50:14', NULL, 0, 0, '41.114.229.93', 'https://kids.shweetproducts.com/my-account/wholesale-access/', 'Mozilla/5.0 (Windows NT 6.1; Win64; x64) AppleWebKit/537.36 (KHTML, like Gecko) Chrome/60.0.3112.90 Safari/537.36', 'ZAR', NULL, NULL, NULL, NULL, NULL, NULL, NULL, NULL, 'active'),
(8, 1, NULL, '2017-08-15 11:41:22', NULL, 0, 0, '41.174.141.183', 'https://kids.shweetproducts.com/my-account/wholesale-access/', 'Mozilla/5.0 (Windows NT 5.1) AppleWebKit/537.36 (KHTML, like Gecko) Chrome/49.0.2623.112 Safari/537.36', 'ZAR', NULL, NULL, NULL, NULL, NULL, NULL, NULL, NULL, 'active'),
(9, 1, NULL, '2017-08-15 13:25:46', NULL, 0, 1, '105.3.23.70', 'https://kids.shweetproducts.com/my-account/wholesale-access/', 'Mozilla/5.0 (Linux; Android 4.4.4; en-za; SAMSUNG GT-I9195I/I9195IXXU1AOB4 Build/KTU84P) AppleWebKit/537.36 (KHTML, like Gecko) Version/2.0 Chrome/34.0.1847.76 Mobile Safari/537.36', 'ZAR', NULL, NULL, NULL, NULL, NULL, NULL, NULL, NULL, 'active'),
(10, 1, NULL, '2017-08-15 19:45:03', NULL, 0, 0, '105.186.72.139', 'https://kids.shweetproducts.com/my-account/wholesale-access/', 'Mozilla/5.0 (Linux; Android 6.0.1; SM-A500F Build/MMB29M) AppleWebKit/537.36 (KHTML, like Gecko) Chrome/59.0.3071.125 Mobile Safari/537.36', 'ZAR', NULL, NULL, NULL, NULL, NULL, NULL, NULL, NULL, 'active'),
(11, 1, NULL, '2017-08-15 19:57:00', NULL, 0, 1, '197.245.46.183', 'https://kids.shweetproducts.com/my-account/wholesale-access/', 'Mozilla/5.0 (Windows NT 6.3; WOW64; rv:54.0) Gecko/20100101 Firefox/54.0', 'ZAR', NULL, NULL, NULL, NULL, NULL, NULL, NULL, NULL, 'active'),
(12, 1, NULL, '2017-08-17 09:48:56', NULL, 0, 0, '196.33.24.4', 'https://kids.shweetproducts.com/my-account/wholesale-access/', 'Mozilla/5.0 (Windows NT 10.0; Win64; x64) AppleWebKit/537.36 (KHTML, like Gecko) Chrome/52.0.2743.116 Safari/537.36 Edge/15.15063', 'ZAR', NULL, NULL, NULL, NULL, NULL, NULL, NULL, NULL, 'active'),
(13, 1, NULL, '2017-08-18 07:21:28', NULL, 0, 0, '41.13.70.186', 'https://kids.shweetproducts.com/my-account/wholesale-access/', 'Mozilla/5.0 (Linux; Android 7.0; LG-H990 Build/NRD90M; wv) AppleWebKit/537.36 (KHTML, like Gecko) Version/4.0 Chrome/59.0.3071.125 Mobile Safari/537.36 [FB_IAB/FB4A;FBAV/137.0.0.24.91;]', 'ZAR', NULL, NULL, NULL, NULL, NULL, NULL, NULL, NULL, 'active'),
(14, 1, NULL, '2017-08-23 06:55:37', NULL, 0, 0, '196.33.24.4', 'https://kids.shweetproducts.com/my-account/wholesale-access/', 'Mozilla/5.0 (Windows NT 10.0; Win64; x64) AppleWebKit/537.36 (KHTML, like Gecko) Chrome/52.0.2743.116 Safari/537.36 Edge/15.15063', 'ZAR', NULL, NULL, NULL, NULL, NULL, NULL, NULL, NULL, 'active'),
(15, 1, NULL, '2017-08-31 10:09:26', NULL, 0, 0, '196.192.174.19', 'https://kids.shweetproducts.com/my-account/wholesale-access/', 'Mozilla/5.0 (Windows NT 6.1; Win64; x64) AppleWebKit/537.36 (KHTML, like Gecko) Chrome/60.0.3112.113 Safari/537.36', 'ZAR', NULL, NULL, NULL, NULL, NULL, NULL, NULL, NULL, 'active'),
(16, 1, NULL, '2017-09-05 09:21:02', NULL, 0, 0, '41.13.232.194', 'https://kids.shweetproducts.com/my-account/wholesale-access/', 'Mozilla/5.0 (Macintosh; Intel Mac OS X 10_11_6) AppleWebKit/537.36 (KHTML, like Gecko) Chrome/60.0.3112.113 Safari/537.36', 'ZAR', NULL, NULL, NULL, NULL, NULL, NULL, NULL, NULL, 'active'),
(17, 1, NULL, '2017-09-08 12:49:25', NULL, 0, 0, '165.255.81.32', 'https://kids.shweetproducts.com/my-account/wholesale-access/', 'Mozilla/5.0 (Windows NT 6.3; Win64; x64) AppleWebKit/537.36 (KHTML, like Gecko) Chrome/60.0.3112.113 Safari/537.36', 'ZAR', NULL, NULL, NULL, NULL, NULL, NULL, NULL, NULL, 'active'),
(18, 2, NULL, '2017-09-14 13:25:02', NULL, 0, 0, '110.54.223.243', 'https://kids.shweetproducts.com/?p=6725&preview=true', 'Mozilla/5.0 (Windows NT 6.1; Win64; x64) AppleWebKit/537.36 (KHTML, like Gecko) Chrome/60.0.3112.113 Safari/537.36', 'ZAR', NULL, NULL, NULL, NULL, NULL, NULL, 5, NULL, 'active'),
(19, 2, NULL, '2017-09-15 07:22:29', NULL, 0, 0, '196.215.123.174', 'https://kids.shweetproducts.com/?p=6725&preview=true', 'Mozilla/5.0 (Windows NT 6.1; WOW64; rv:55.0) Gecko/20100101 Firefox/55.0', 'ZAR', NULL, NULL, NULL, NULL, NULL, NULL, 5, NULL, 'active'),
(20, 1, NULL, '2017-09-26 09:24:04', NULL, 0, 0, '41.13.254.132', 'https://kids.shweetproducts.com/my-account/wholesale-access/', 'Mozilla/5.0 (Windows NT 6.1) AppleWebKit/537.36 (KHTML, like Gecko) Chrome/60.0.3112.113 Safari/537.36', 'ZAR', NULL, NULL, NULL, NULL, NULL, NULL, NULL, NULL, 'active'),
(21, 2, NULL, '2017-09-27 01:45:32', NULL, 0, 0, '110.54.222.167', 'https://kids.shweetproducts.com/school-holiday-colouring-competition-3-south-african-educational-toy-hampers-to-be-won/', 'Mozilla/5.0 (Windows NT 6.1; Win64; x64) AppleWebKit/537.36 (KHTML, like Gecko) Chrome/60.0.3112.113 Safari/537.36', 'ZAR', NULL, NULL, NULL, NULL, NULL, NULL, 5, NULL, 'active'),
(22, 2, NULL, '2017-09-27 07:12:38', NULL, 0, 0, '196.215.123.174', 'https://kids.shweetproducts.com/school-holiday-colouring-competition-3-south-african-educational-toy-hampers-to-be-won/', 'Mozilla/5.0 (Windows NT 6.1; WOW64; rv:55.0) Gecko/20100101 Firefox/55.0', 'ZAR', NULL, NULL, NULL, NULL, NULL, NULL, 5, NULL, 'active'),
(23, 2, NULL, '2017-10-01 11:20:18', NULL, 0, 0, '105.228.86.108', 'https://kids.shweetproducts.com/school-holiday-colouring-competition-3-south-african-educational-toy-hampers-to-be-won/', 'Mozilla/5.0 (Macintosh; Intel Mac OS X 10_6_8) AppleWebKit/537.36 (KHTML, like Gecko) Chrome/49.0.2623.112 Safari/537.36', 'ZAR', NULL, NULL, NULL, NULL, NULL, NULL, NULL, NULL, 'active'),
(24, 1, NULL, '2017-10-02 21:25:15', NULL, 0, 0, '41.177.125.11', 'https://kids.shweetproducts.com/my-account/wholesale-access/', 'Mozilla/5.0 (iPhone; CPU iPhone OS 11_0_1 like Mac OS X) AppleWebKit/604.1.38 (KHTML, like Gecko) Version/11.0 Mobile/15A402 Safari/604.1', 'ZAR', NULL, NULL, NULL, NULL, NULL, NULL, 11, NULL, 'active'),
(25, 2, NULL, '2017-10-04 08:20:16', NULL, 0, 0, '105.228.86.108', 'https://kids.shweetproducts.com/school-holiday-colouring-competition-3-south-african-educational-toy-hampers-to-be-won/', 'Mozilla/5.0 (Macintosh; Intel Mac OS X 10_6_8) AppleWebKit/537.36 (KHTML, like Gecko) Chrome/49.0.2623.112 Safari/537.36', 'ZAR', NULL, NULL, NULL, NULL, NULL, NULL, NULL, NULL, 'active'),
(26, 2, NULL, '2017-10-09 11:52:23', NULL, 0, 0, '41.135.115.239', 'https://kids.shweetproducts.com/school-holiday-colouring-competition-3-south-african-educational-toy-hampers-to-be-won/', 'Mozilla/5.0 (Windows NT 6.1) AppleWebKit/537.36 (KHTML, like Gecko) Chrome/61.0.3163.100 Safari/537.36', 'ZAR', NULL, NULL, NULL, NULL, NULL, NULL, NULL, NULL, 'active'),
(27, 1, NULL, '2017-10-27 12:28:38', NULL, 0, 0, '105.186.189.228', 'https://kids.shweetproducts.com/my-account/wholesale-access/', 'Mozilla/5.0 (Windows NT 6.1; Win64; x64) AppleWebKit/537.36 (KHTML, like Gecko) Chrome/61.0.3163.100 Safari/537.36', 'ZAR', NULL, NULL, NULL, NULL, NULL, NULL, NULL, NULL, 'active'),
(28, 1, NULL, '2017-12-05 08:01:50', NULL, 0, 0, '105.212.0.202', 'https://kids.shweetproducts.com/my-account/wholesale-access/', 'Mozilla/5.0 (Windows NT 10.0; Win64; x64) AppleWebKit/537.36 (KHTML, like Gecko) Chrome/52.0.2743.116 Safari/537.36 Edge/15.15063', 'ZAR', NULL, NULL, NULL, NULL, NULL, NULL, NULL, NULL, 'active'),
(29, 1, NULL, '2017-12-18 13:23:23', NULL, 0, 0, '196.215.196.171', 'https://kids.shweetproducts.com/my-account/wholesale-access/', 'Mozilla/5.0 (Macintosh; Intel Mac OS X 10_10_5) AppleWebKit/603.3.8 (KHTML, like Gecko) Version/10.1.2 Safari/603.3.8', 'ZAR', NULL, NULL, NULL, NULL, NULL, NULL, NULL, NULL, 'active'),
(30, 1, NULL, '2018-01-02 20:35:11', NULL, 0, 0, '197.86.173.209', 'https://kids.shweetproducts.com/my-account/wholesale-access/', 'Mozilla/5.0 (iPad; CPU OS 11_2_1 like Mac OS X) AppleWebKit/604.4.7 (KHTML, like Gecko) Version/11.0 Mobile/15C153 Safari/604.1', 'ZAR', NULL, NULL, NULL, NULL, NULL, NULL, NULL, NULL, 'active'),
(31, 1, NULL, '2018-02-23 13:11:01', NULL, 0, 0, '197.87.135.17', 'https://kids.shweetproducts.com/my-account/wholesale-access/', 'Mozilla/5.0 (iPhone; CPU iPhone OS 11_2_5 like Mac OS X) AppleWebKit/604.5.6 (KHTML, like Gecko) Version/11.0 Mobile/15D60 Safari/604.1', 'ZAR', NULL, NULL, NULL, NULL, NULL, NULL, NULL, NULL, 'active'),
(32, 1, NULL, '2018-02-23 13:12:51', NULL, 0, 0, '197.87.135.17', 'https://kids.shweetproducts.com/my-account/wholesale-access/', 'Mozilla/5.0 (iPhone; CPU iPhone OS 11_2_5 like Mac OS X) AppleWebKit/604.5.6 (KHTML, like Gecko) Version/11.0 Mobile/15D60 Safari/604.1', 'ZAR', NULL, NULL, NULL, NULL, NULL, NULL, NULL, NULL, 'active'),
(33, 1, NULL, '2018-03-14 19:47:55', NULL, 0, 0, '41.113.244.46', 'https://kids.shweetproducts.com/my-account/wholesale-access/', 'Mozilla/5.0 (iPhone; CPU iPhone OS 10_3_3 like Mac OS X) AppleWebKit/603.3.8 (KHTML, like Gecko) Version/10.0 Mobile/14G60 Safari/602.1', 'ZAR', NULL, NULL, NULL, NULL, NULL, NULL, NULL, NULL, 'active'),
(34, 2, NULL, '2018-04-04 07:21:39', NULL, 0, 0, '164.151.129.211', 'https://kids.shweetproducts.com/school-holiday-colouring-competition-3-south-african-educational-toy-hampers-to-be-won/', 'Mozilla/5.0 (Windows NT 6.1; Win64; x64; Trident/7.0; rv:11.0) like Gecko', 'ZAR', NULL, NULL, NULL, NULL, NULL, NULL, NULL, NULL, 'active'),
(35, 2, NULL, '2018-04-19 12:13:54', NULL, 0, 1, '105.227.244.139', 'https://kids.shweetproducts.com/school-holiday-colouring-competition-3-south-african-educational-toy-hampers-to-be-won/', 'Mozilla/5.0 (iPad; CPU OS 11_3 like Mac OS X) AppleWebKit/605.1.15 (KHTML, like Gecko) Version/11.0 Mobile/15E148 Safari/604.1', 'ZAR', NULL, NULL, NULL, NULL, NULL, NULL, NULL, NULL, 'active'),
(36, 1, NULL, '2018-04-22 11:04:15', NULL, 0, 0, '169.255.34.134', 'https://kids.shweetproducts.com/my-account/wholesale-access/', 'Mozilla/5.0 (Windows NT 6.1; WOW64) AppleWebKit/537.36 (KHTML, like Gecko) Chrome/65.0.3325.181 Safari/537.36', 'ZAR', NULL, NULL, NULL, NULL, NULL, NULL, NULL, NULL, 'active'),
(37, 1, NULL, '2018-05-01 23:21:49', NULL, 0, 0, '105.8.7.53', 'https://kids.shweetproducts.com/my-account/wholesale-access/', 'Mozilla/5.0 (iPhone; CPU iPhone OS 11_3 like Mac OS X) AppleWebKit/605.1.15 (KHTML, like Gecko) Version/11.0 Mobile/15E148 Safari/604.1', 'ZAR', NULL, NULL, NULL, NULL, NULL, NULL, NULL, NULL, 'active'),
(38, 1, NULL, '2018-05-29 12:21:10', NULL, 0, 0, '105.227.27.172', 'https://kids.shweetproducts.com/my-account/wholesale-access/', 'Mozilla/5.0 (Windows NT 6.3; Win64; x64) AppleWebKit/537.36 (KHTML, like Gecko) Chrome/66.0.3359.181 Safari/537.36', 'ZAR', NULL, NULL, NULL, NULL, NULL, NULL, NULL, NULL, 'active'),
(39, 1, NULL, '2018-05-29 12:21:51', NULL, 0, 0, '105.227.27.172', 'https://kids.shweetproducts.com/my-account/wholesale-access/', 'Mozilla/5.0 (Windows NT 6.3; Win64; x64) AppleWebKit/537.36 (KHTML, like Gecko) Chrome/66.0.3359.181 Safari/537.36', 'ZAR', NULL, NULL, NULL, NULL, NULL, NULL, NULL, NULL, 'active'),
(40, 1, NULL, '2018-06-26 09:36:32', NULL, 0, 0, '80.60.240.104', 'https://kids.shweetproducts.com/my-account/wholesale-access/', 'Mozilla/5.0 (Windows NT 6.3; Win64; x64) AppleWebKit/537.36 (KHTML, like Gecko) Chrome/67.0.3396.87 Safari/537.36', 'ZAR', NULL, NULL, NULL, NULL, NULL, NULL, NULL, NULL, 'active'),
(41, 1, NULL, '2018-11-07 05:06:56', NULL, 0, 1, '41.193.202.145', 'https://kids.shweetproducts.com/my-account/wholesale-access/', 'Mozilla/5.0 (Windows NT 6.3; Win64; x64) AppleWebKit/537.36 (KHTML, like Gecko) Chrome/70.0.3538.67 Safari/537.36', 'ZAR', NULL, NULL, NULL, NULL, NULL, NULL, NULL, NULL, 'active'),
(42, 1, NULL, '2019-03-19 19:48:41', NULL, 0, 0, '197.101.79.85', 'https://kids.shweetproducts.com/my-account/wholesale-access/', 'Mozilla/5.0 (Linux; Android 8.0.0; ANE-LX1) AppleWebKit/537.36 (KHTML, like Gecko) Chrome/72.0.3626.121 Mobile Safari/537.36', 'ZAR', NULL, NULL, NULL, NULL, NULL, NULL, NULL, NULL, 'active'),
(43, 1, NULL, '2019-03-31 08:55:53', NULL, 0, 0, '197.229.3.185', 'https://kids.shweetproducts.com/my-account/wholesale-access/', 'Mozilla/5.0 (Linux; Android 9; SM-G960F) AppleWebKit/537.36 (KHTML, like Gecko) Chrome/73.0.3683.90 Mobile Safari/537.36', 'ZAR', NULL, NULL, NULL, NULL, NULL, NULL, NULL, NULL, 'active'),
(44, 1, NULL, '2019-04-15 15:16:55', NULL, 0, 0, '41.13.220.64', 'https://kids.shweetproducts.com/my-account/wholesale-access/', 'Mozilla/5.0 (iPhone; CPU iPhone OS 12_1 like Mac OS X) AppleWebKit/605.1.15 (KHTML, like Gecko) CriOS/73.0.3683.68 Mobile/15E148 Safari/605.1', 'ZAR', NULL, NULL, NULL, NULL, NULL, NULL, NULL, NULL, 'active'),
(45, 1, NULL, '2019-05-13 09:26:01', NULL, 0, 0, '154.69.202.110', 'https://kids.shweetproducts.com/my-account/wholesale-access/', 'Mozilla/5.0 (iPhone; CPU iPhone OS 12_2 like Mac OS X) AppleWebKit/605.1.15 (KHTML, like Gecko) GSA/73.1.246847905 Mobile/15E148 Safari/605.1', 'ZAR', NULL, NULL, NULL, NULL, NULL, NULL, NULL, NULL, 'active'),
(46, 1, NULL, '2019-07-23 12:27:23', NULL, 0, 0, '105.228.79.76', 'https://kids.shweetproducts.com/my-account/wholesale-access/', 'Mozilla/5.0 (Macintosh; Intel Mac OS X 10.13; rv:68.0) Gecko/20100101 Firefox/68.0', 'ZAR', NULL, NULL, NULL, NULL, NULL, NULL, NULL, NULL, 'active'),
(47, 1, NULL, '2019-07-25 07:00:42', NULL, 0, 0, '196.6.114.119', 'https://kids.shweetproducts.com/my-account/wholesale-access/', 'Mozilla/5.0 (iPhone; CPU iPhone OS 12_3_1 like Mac OS X) AppleWebKit/605.1.15 (KHTML, like Gecko) Version/12.1.1 Mobile/15E148 Safari/604.1', 'ZAR', NULL, NULL, NULL, NULL, NULL, NULL, NULL, NULL, 'active'),
(48, 3, NULL, '2019-08-29 10:50:34', '2019-08-29 10:50:34', 0, 0, '102.65.16.161', 'https://kids.shweetproducts.com/corporate-gifting/', 'Mozilla/5.0 (Windows NT 6.3; Win64; x64) AppleWebKit/537.36 (KHTML, like Gecko) Chrome/76.0.3809.100 Safari/537.36', 'ZAR', NULL, NULL, NULL, NULL, NULL, NULL, 5, NULL, 'active');

-- --------------------------------------------------------

--
-- Table structure for table `wpva_gf_entry_meta`
--

CREATE TABLE `wpva_gf_entry_meta` (
  `id` bigint UNSIGNED NOT NULL,
  `form_id` mediumint UNSIGNED NOT NULL DEFAULT '0',
  `entry_id` bigint UNSIGNED NOT NULL,
  `meta_key` varchar(255) CHARACTER SET utf8mb4 COLLATE utf8mb4_unicode_ci DEFAULT NULL,
  `meta_value` longtext CHARACTER SET utf8mb4 COLLATE utf8mb4_unicode_ci,
  `item_index` varchar(60) CHARACTER SET utf8mb4 COLLATE utf8mb4_unicode_ci DEFAULT NULL
) ENGINE=MyISAM DEFAULT CHARSET=utf8mb4 COLLATE=utf8mb4_unicode_ci;

--
-- Dumping data for table `wpva_gf_entry_meta`
--

INSERT INTO `wpva_gf_entry_meta` (`id`, `form_id`, `entry_id`, `meta_key`, `meta_value`, `item_index`) VALUES
(1, 1, 1, '1.3', 'flore', NULL),
(2, 1, 1, '3', '0788626044', NULL),
(3, 1, 1, '4', 'P&W', NULL),
(4, 1, 1, '5', 'curio/gift shop', NULL),
(5, 1, 1, '2', 'floredevries.nl@gmail.com', NULL),
(6, 1, 2, '1.3', 'Peter Kilpin', NULL),
(7, 1, 2, '3', '028 5123732', NULL),
(8, 1, 2, '4', 'Present Time', NULL),
(9, 1, 2, '5', 'curio/gift shop', NULL),
(10, 1, 2, '2', 'kilpin@mweb.co.za', NULL),
(11, 1, 3, '1.3', 'Florence Vanleuven', NULL),
(12, 1, 3, '3', '0763739082', NULL),
(13, 1, 3, '4', 'i-Novation Productions', NULL),
(14, 1, 3, '5', 'hospitality', NULL),
(15, 1, 3, '2', 'floinproductions@gmail.com', NULL),
(16, 1, 4, '1.3', 'DIANNE', NULL),
(17, 1, 4, '3', '+27317771011', NULL),
(18, 1, 4, '4', 'The Plant & Flowers Garden Centre', NULL),
(19, 1, 4, '5', 'curio/gift shop', NULL),
(20, 1, 4, '2', 'wojplant@gmail.com', NULL),
(21, 1, 5, '1.3', 'Lawren', NULL),
(22, 1, 5, '3', '0722107237', NULL),
(23, 1, 5, '4', 'Bushveld Boutique', NULL),
(24, 1, 5, '5', 'curio/gift shop', NULL),
(25, 1, 5, '2', 'info@bushveldboutique.com', NULL),
(26, 1, 6, '1.3', 'Tilana Mostert', NULL),
(27, 1, 6, '3', '046 603 3400', NULL),
(28, 1, 6, '4', 'Kwandwe Private Game Reserve', NULL),
(29, 1, 6, '5', 'hospitality', NULL),
(30, 1, 6, '2', 'tilana@kwandwe.co.za', NULL),
(31, 1, 7, '1.3', 'Peter Kilpin', NULL),
(32, 1, 7, '3', '028 5123732', NULL),
(33, 1, 7, '4', 'Present Time', NULL),
(34, 1, 7, '5', 'curio/gift shop', NULL),
(35, 1, 7, '2', 'kilpin@mweb.co.za', NULL),
(36, 1, 8, '1.3', 'Carmen Schildhauer', NULL),
(37, 1, 8, '3', '0847415493', NULL),
(38, 1, 8, '4', 'Kingfisher Gifts', NULL),
(39, 1, 8, '5', 'curio/gift shop', NULL),
(40, 1, 8, '2', 'info@kingfishergifts.co.za', NULL),
(41, 1, 9, '1.3', 'Babita', NULL),
(42, 1, 9, '3', '072 544 3644', NULL),
(43, 1, 9, '4', 'Green Plum', NULL),
(44, 1, 9, '5', 'curio/gift shop', NULL),
(45, 1, 9, '2', 'infogreenplum@gmail.com', NULL),
(46, 1, 10, '1.3', 'Natasha haasbroek', NULL),
(47, 1, 10, '3', '0832277964', NULL),
(48, 1, 10, '4', 'DEJAVU', NULL),
(49, 1, 10, '5', 'curio/gift shop', NULL),
(50, 1, 10, '2', 'Dejavunatasha@outlook.com', NULL),
(51, 1, 11, '1.3', 'Ruth Mellor', NULL),
(52, 1, 11, '3', '082-896-4364', NULL),
(53, 1, 11, '4', 'Magnes Products', NULL),
(54, 1, 11, '5', 'curio/gift shop', NULL),
(55, 1, 11, '2', 'mp.ruthm@gmail.com', NULL),
(56, 1, 12, '1.3', 'Tilana Mostert', NULL),
(57, 1, 12, '3', '046 603 3400', NULL),
(58, 1, 12, '4', 'Kwandwe Private Game Reserve', NULL),
(59, 1, 12, '5', 'hospitality', NULL),
(60, 1, 12, '2', 'tilana@kwandwe.co.za', NULL),
(61, 1, 13, '1.3', 'Natasja Fourie', NULL),
(62, 1, 13, '3', '0127359000', NULL),
(63, 1, 13, '4', 'Zebra Country Lodge', NULL),
(64, 1, 13, '5', 'curio/gift shop', NULL),
(65, 1, 13, '2', 'Natasja.f@legendlodges.co.za', NULL),
(66, 1, 14, '1.3', 'Tilana Mostert', NULL),
(67, 1, 14, '3', '046 603 3400', NULL),
(68, 1, 14, '4', 'Kwandwe Private Game Reserve', NULL),
(69, 1, 14, '5', 'curio/gift shop', NULL),
(70, 1, 14, '2', 'tilana@kwandwe.co.za', NULL),
(71, 1, 15, '1.3', 'nicky', NULL),
(72, 1, 15, '3', '0828813109', NULL),
(73, 1, 15, '4', 'Joostenberg deli', NULL),
(74, 1, 15, '5', 'curio/gift shop', NULL),
(75, 1, 15, '2', 'nicky@joostenberg.co.za', NULL),
(76, 1, 16, '1.3', 'J Stephens', NULL),
(77, 1, 16, '3', '0828225212', NULL),
(78, 1, 16, '4', 'Shambhavi Wellness', NULL),
(79, 1, 16, '5', 'hospitality', NULL),
(80, 1, 16, '2', 'jennifer@shambhavi.co.za', NULL),
(81, 1, 17, '1.3', 'Lauren', NULL),
(82, 1, 17, '3', '0724211988', NULL),
(83, 1, 17, '4', 'Perfect Gifts', NULL),
(84, 1, 17, '5', 'curio/gift shop', NULL),
(85, 1, 17, '2', 'lauren@perfectgifts.co.za', NULL),
(86, 2, 18, '1.3', 'Melba', NULL),
(87, 2, 18, '1.6', 'Pangan', NULL),
(88, 2, 18, '2', '09228473785', NULL),
(89, 2, 18, '3', 'melba@inkfish.co.za', NULL),
(90, 2, 18, '4.1', 'yes, I\'d like to receive news from Pictures & Words', NULL),
(91, 2, 19, '1.3', 'Daniel', NULL),
(92, 2, 19, '1.6', 'Semple', NULL),
(93, 2, 19, '2', '0619665544', NULL),
(94, 2, 19, '3', 'amelia@inkfish.co.za', NULL),
(95, 2, 19, '4.1', 'yes, I\'d like to receive news from Pictures & Words', NULL),
(96, 1, 20, '1.3', 'RESONANCE', NULL),
(97, 1, 20, '3', 'RAYLINE', NULL),
(98, 1, 20, '4', 'Resonance', NULL),
(99, 1, 20, '5', 'curio/gift shop', NULL),
(100, 1, 20, '2', 'info@resonex.co.za', NULL),
(101, 2, 21, '1.3', 'Melba', NULL),
(102, 2, 21, '1.6', 'Pangan', NULL),
(103, 2, 21, '2', '09228473785', NULL),
(104, 2, 21, '3', 'melba@inkfish.co.za', NULL),
(105, 2, 21, '4.1', 'yes, I\'d like to receive news from Pictures & Words', NULL),
(106, 2, 22, '1.3', 'Amelia', NULL),
(107, 2, 22, '1.6', 'Semple', NULL),
(108, 2, 22, '2', '0619665544', NULL),
(109, 2, 22, '3', 'amelia@inkfish.co.za', NULL),
(110, 2, 23, '1.3', 'Claire', NULL),
(111, 2, 23, '1.6', 'van Turenhout', NULL),
(112, 2, 23, '2', '+27713832696', NULL),
(113, 2, 23, '3', 'claire@jingerjack.co.za', NULL),
(114, 2, 23, '4.1', 'yes, I\'d like to receive news from Pictures & Words', NULL),
(115, 1, 24, '1.3', 'Mari', NULL),
(116, 1, 24, '3', '0846888333', NULL),
(117, 1, 24, '4', 'Ntamba Lodge', NULL),
(118, 1, 24, '5', 'hospitality', NULL),
(119, 1, 24, '2', 'maribasson@gmail.com', NULL),
(120, 2, 25, '1.3', 'Claire', NULL),
(121, 2, 25, '1.6', 'van Turenhout', NULL),
(122, 2, 25, '2', '+27713832696', NULL),
(123, 2, 25, '3', 'claire@jingerjack.co.za', NULL),
(124, 2, 25, '4.1', 'yes, I\'d like to receive news from Pictures & Words', NULL),
(125, 2, 26, '1.3', 'Thulile', NULL),
(126, 2, 26, '1.6', 'Phalama', NULL),
(127, 2, 26, '2', '0845305408', NULL),
(128, 2, 26, '3', 'tphalama@yahoo.com', NULL),
(129, 2, 26, '4.1', 'yes, I\'d like to receive news from Pictures & Words', NULL),
(130, 1, 27, '1.3', 'Janet Belstead', NULL),
(131, 1, 27, '3', '0442723530', NULL),
(132, 1, 27, '4', 'Cali Craft and Gems', NULL),
(133, 1, 27, '5', 'curio/gift shop', NULL),
(134, 1, 27, '2', 'calicraft@icon.co.za', NULL),
(135, 1, 28, '1.3', 'Claudia Prinsloo', NULL),
(136, 1, 28, '3', '0738523581', NULL),
(137, 1, 28, '4', 'Young at Heart', NULL),
(138, 1, 28, '5', 'toy shop', NULL),
(139, 1, 28, '2', 'info@youngathearttoys.co.za', NULL),
(140, 1, 29, '1.3', 'Jo Sinfield', NULL),
(141, 1, 29, '3', '0724641240', NULL),
(142, 1, 29, '4', 'Explorers Club', NULL),
(143, 1, 29, '5', 'hospitality', NULL),
(144, 1, 29, '2', 'explorersclub@me.com', NULL),
(145, 1, 30, '1.3', 'Michelle February', NULL),
(146, 1, 30, '3', '0214315099', NULL),
(147, 1, 30, '4', 'One&Only Cape Town', NULL),
(148, 1, 30, '5', 'hospitality', NULL),
(149, 1, 30, '2', 'Michelle.february@oneandonlycapetown.com', NULL),
(150, 1, 31, '1.3', 'Helen', NULL),
(151, 1, 31, '3', '072 408 5734', NULL),
(152, 1, 31, '4', 'Longgro', NULL),
(153, 1, 31, '5', 'curio/gift shop', NULL),
(154, 1, 31, '2', 'Helen18tid@iafrica.com', NULL),
(155, 1, 32, '1.3', 'Helen', NULL),
(156, 1, 32, '3', '072 408 5734', NULL),
(157, 1, 32, '4', 'Longgro', NULL),
(158, 1, 32, '5', 'curio/gift shop', NULL),
(159, 1, 32, '2', 'Helen18tid@iafrica.com', NULL),
(160, 1, 33, '1.3', 'Mieke groenewald', NULL),
(161, 1, 33, '3', '0714714260', NULL),
(162, 1, 33, '4', 'Nahla Safaris', NULL),
(163, 1, 33, '5', 'curio/gift shop', NULL),
(164, 1, 33, '2', 'Miekeg22@gmail.com', NULL),
(165, 2, 34, '1.3', 'Sanelisiwe', NULL),
(166, 2, 34, '1.6', 'Dlongolo', NULL),
(167, 2, 34, '2', '0732858358', NULL),
(168, 2, 34, '3', 'smdlongolo@gmail.com', NULL),
(169, 2, 34, '4.1', 'yes, I\'d like to receive news from Pictures & Words', NULL),
(170, 2, 35, '1.3', 'Alisson', NULL),
(171, 2, 35, '1.6', 'Diab', NULL),
(172, 2, 35, '2', '0836667270', NULL),
(173, 2, 35, '3', 'Alisson.lynch@gmail.com', NULL),
(174, 2, 35, '4.1', 'yes, I\'d like to receive news from Pictures & Words', NULL),
(175, 1, 36, '1.3', 'Michelle February', NULL),
(176, 1, 36, '3', '021 431 5099', NULL),
(177, 1, 36, '4', 'One&Only Cape Town', NULL),
(178, 1, 36, '5', 'hospitality', NULL),
(179, 1, 36, '2', 'michelle.february@oneandonlycapetown.com', NULL),
(180, 1, 37, '1.3', 'Jané', NULL),
(181, 1, 37, '3', '0813251556', NULL),
(182, 1, 37, '4', 'Delipmode', NULL),
(183, 1, 37, '5', 'curio/gift shop', NULL),
(184, 1, 37, '2', 'jane31460@icloud.com', NULL),
(185, 1, 38, '1.3', 'Elmarie', NULL),
(186, 1, 38, '3', '0536312422', NULL),
(187, 1, 38, '4', 'De Aar Pharmacy', NULL),
(188, 1, 38, '5', 'book shop', NULL),
(189, 1, 38, '2', 'deaarpharmacy@gmail.com', NULL),
(190, 1, 39, '1.3', 'Elmarie', NULL),
(191, 1, 39, '3', '0837077007', NULL),
(192, 1, 39, '4', 'De Aar Pharmacy', NULL),
(193, 1, 39, '5', 'curio/gift shop', NULL),
(194, 1, 39, '2', 'deaarpharmacy@gmail.com', NULL),
(195, 1, 40, '1.3', 'flore', NULL),
(196, 1, 40, '3', '+27788626044', NULL),
(197, 1, 40, '4', 'Shweet Products (Pty) Ltd', NULL),
(198, 1, 40, '5', 'curio/gift shop', NULL),
(199, 1, 40, '2', 'floredevries.nl@gmail.com', NULL),
(200, 1, 41, '1.3', 'Anahid', NULL),
(201, 1, 41, '3', '+27214222763', NULL),
(202, 1, 41, '4', 'Derwent House Boutique Hotel', NULL),
(203, 1, 41, '5', 'hospitality', NULL),
(204, 1, 41, '2', 'anahid@derwenthouse.co.za', NULL),
(205, 1, 42, '1.3', 'F.Q.', NULL),
(206, 1, 42, '3', '0788626044', NULL),
(207, 1, 42, '4', 'Florentine de Vries t/a  Pictures & Words', NULL),
(208, 1, 42, '5', 'curio/gift shop', NULL),
(209, 1, 42, '2', 'floredevries.nl@gmail.com', NULL),
(210, 1, 43, '1.3', 'Latasha', NULL),
(211, 1, 43, '3', '0781447950', NULL),
(212, 1, 43, '4', 'T-Shirt Lab', NULL),
(213, 1, 43, '5', 'curio/gift shop', NULL),
(214, 1, 43, '2', 'latasha@sidone.co.za', NULL),
(215, 1, 44, '1.3', 'Nikki Stanley', NULL),
(216, 1, 44, '3', '0825757637', NULL),
(217, 1, 44, '4', 'trendy tots', NULL),
(218, 1, 44, '5', 'toy shop', NULL),
(219, 1, 44, '2', 'info@trendytots.co.za', NULL),
(220, 1, 45, '1.3', 'Ntokozo Zulu', NULL),
(221, 1, 45, '3', '0731581231', NULL),
(222, 1, 45, '4', 'Miale Trading Enterprise', NULL),
(223, 1, 45, '5', 'curio/gift shop', NULL),
(224, 1, 45, '2', 'ntokozo@marangaccessories.co.za', NULL),
(225, 1, 46, '1.3', 'Dewald Prinsloo', NULL),
(226, 1, 46, '3', '0825582221', NULL),
(227, 1, 46, '4', 'EBONY/CURATED', NULL),
(228, 1, 46, '5', 'curio/gift shop', NULL),
(229, 1, 46, '2', 'dewald@ebonycurated.com', NULL),
(230, 1, 47, '1.3', 'Liza Jordan', NULL),
(231, 1, 47, '3', '0844799089', NULL),
(232, 1, 47, '4', 'Pangopups', NULL),
(233, 1, 47, '5', 'toy shop', NULL),
(234, 1, 47, '2', 'Storage@jordanprops.co.za', NULL),
(235, 3, 48, '2', 'flore', ''),
(236, 3, 48, '1', 'Shweet Products (Pty) Ltd', ''),
(237, 3, 48, '4', '(078) 862-6044', ''),
(238, 3, 48, '3', 'flore@picturesandwords.co.za', ''),
(239, 3, 48, '6', 'Bags', ''),
(240, 3, 48, '13', 'jsgjsd', ''),
(241, 3, 48, '8', 'wedding', ''),
(242, 3, 48, '10', '10', ''),
(243, 3, 48, '12', 'testje', '');

-- --------------------------------------------------------

--
-- Table structure for table `wpva_gf_entry_notes`
--

CREATE TABLE `wpva_gf_entry_notes` (
  `id` int UNSIGNED NOT NULL,
  `entry_id` int UNSIGNED NOT NULL,
  `user_name` varchar(250) CHARACTER SET utf8mb4 COLLATE utf8mb4_unicode_ci DEFAULT NULL,
  `user_id` bigint DEFAULT NULL,
  `date_created` datetime NOT NULL,
  `value` longtext CHARACTER SET utf8mb4 COLLATE utf8mb4_unicode_ci,
  `note_type` varchar(50) CHARACTER SET utf8mb4 COLLATE utf8mb4_unicode_ci DEFAULT NULL,
  `sub_type` varchar(50) CHARACTER SET utf8mb4 COLLATE utf8mb4_unicode_ci DEFAULT NULL
) ENGINE=MyISAM DEFAULT CHARSET=utf8mb4 COLLATE=utf8mb4_unicode_ci;

-- --------------------------------------------------------

--
-- Table structure for table `wpva_gf_form`
--

CREATE TABLE `wpva_gf_form` (
  `id` mediumint UNSIGNED NOT NULL,
  `title` varchar(150) CHARACTER SET utf8mb4 COLLATE utf8mb4_unicode_ci NOT NULL,
  `date_created` datetime NOT NULL,
  `date_updated` datetime DEFAULT NULL,
  `is_active` tinyint(1) NOT NULL DEFAULT '1',
  `is_trash` tinyint(1) NOT NULL DEFAULT '0'
) ENGINE=MyISAM DEFAULT CHARSET=utf8mb4 COLLATE=utf8mb4_unicode_ci;

--
-- Dumping data for table `wpva_gf_form`
--

INSERT INTO `wpva_gf_form` (`id`, `title`, `date_created`, `date_updated`, `is_active`, `is_trash`) VALUES
(1, 'Wholesale Access Request', '2017-04-12 10:40:15', NULL, 1, 0),
(2, 'October Colouring Competition', '2017-09-14 08:47:32', NULL, 0, 0),
(3, 'Corporate Gifts', '2019-08-22 16:36:24', NULL, 1, 0),
(4, 'Corporate Gifts (1)', '2019-08-26 12:43:52', NULL, 1, 1),
(5, 'Corporate Gifts (1)', '2019-08-26 12:48:45', NULL, 0, 0),
(6, 'Corporate Gifts 2', '2019-08-26 12:54:44', NULL, 0, 0);

-- --------------------------------------------------------

--
-- Table structure for table `wpva_gf_form_meta`
--

CREATE TABLE `wpva_gf_form_meta` (
  `form_id` mediumint UNSIGNED NOT NULL,
  `display_meta` longtext CHARACTER SET utf8mb4 COLLATE utf8mb4_unicode_ci,
  `entries_grid_meta` longtext CHARACTER SET utf8mb4 COLLATE utf8mb4_unicode_ci,
  `confirmations` longtext CHARACTER SET utf8mb4 COLLATE utf8mb4_unicode_ci,
  `notifications` longtext CHARACTER SET utf8mb4 COLLATE utf8mb4_unicode_ci
) ENGINE=MyISAM DEFAULT CHARSET=utf8mb4 COLLATE=utf8mb4_unicode_ci;

--
-- Dumping data for table `wpva_gf_form_meta`
--

INSERT INTO `wpva_gf_form_meta` (`form_id`, `display_meta`, `entries_grid_meta`, `confirmations`, `notifications`) VALUES
(1, '{\"title\":\"Wholesale Access Request\",\"description\":\"\",\"labelPlacement\":\"top_label\",\"descriptionPlacement\":\"below\",\"button\":{\"type\":\"text\",\"text\":\"Submit\",\"imageUrl\":\"\"},\"fields\":[{\"type\":\"name\",\"id\":1,\"label\":\"Name\",\"adminLabel\":\"\",\"isRequired\":true,\"size\":\"medium\",\"errorMessage\":\"\",\"nameFormat\":\"advanced\",\"inputs\":[{\"id\":\"1.2\",\"label\":\"Prefix\",\"name\":\"\",\"choices\":[{\"text\":\"Mr.\",\"value\":\"Mr.\",\"isSelected\":false,\"price\":\"\"},{\"text\":\"Mrs.\",\"value\":\"Mrs.\",\"isSelected\":false,\"price\":\"\"},{\"text\":\"Miss\",\"value\":\"Miss\",\"isSelected\":false,\"price\":\"\"},{\"text\":\"Ms.\",\"value\":\"Ms.\",\"isSelected\":false,\"price\":\"\"},{\"text\":\"Dr.\",\"value\":\"Dr.\",\"isSelected\":false,\"price\":\"\"},{\"text\":\"Prof.\",\"value\":\"Prof.\",\"isSelected\":false,\"price\":\"\"},{\"text\":\"Rev.\",\"value\":\"Rev.\",\"isSelected\":false,\"price\":\"\"}],\"isHidden\":true,\"inputType\":\"radio\"},{\"id\":\"1.3\",\"label\":\"First\",\"name\":\"\",\"defaultValue\":\"\"},{\"id\":\"1.4\",\"label\":\"Middle\",\"name\":\"\",\"isHidden\":true},{\"id\":\"1.6\",\"label\":\"Last\",\"name\":\"\",\"isHidden\":true},{\"id\":\"1.8\",\"label\":\"Suffix\",\"name\":\"\",\"isHidden\":true}],\"formId\":1,\"description\":\"\",\"allowsPrepopulate\":false,\"inputMask\":false,\"inputMaskValue\":\"\",\"inputType\":\"\",\"labelPlacement\":\"\",\"descriptionPlacement\":\"\",\"subLabelPlacement\":\"\",\"placeholder\":\"\",\"cssClass\":\"\",\"inputName\":\"\",\"adminOnly\":false,\"noDuplicates\":false,\"defaultValue\":\"{user:user_email}\",\"choices\":\"\",\"conditionalLogic\":\"\",\"failed_validation\":\"\",\"productField\":\"\",\"multipleFiles\":false,\"maxFiles\":\"\",\"calculationFormula\":\"\",\"calculationRounding\":\"\",\"enableCalculation\":\"\",\"disableQuantity\":false,\"displayAllCategories\":false,\"useRichTextEditor\":false,\"pageNumber\":1,\"displayOnly\":\"\"},{\"type\":\"text\",\"id\":3,\"label\":\"Contact number\",\"adminLabel\":\"\",\"isRequired\":true,\"size\":\"large\",\"errorMessage\":\"\",\"inputs\":null,\"formId\":1,\"description\":\"\",\"allowsPrepopulate\":false,\"inputMask\":false,\"inputMaskValue\":\"\",\"inputType\":\"\",\"labelPlacement\":\"\",\"descriptionPlacement\":\"\",\"subLabelPlacement\":\"\",\"placeholder\":\"\",\"cssClass\":\"\",\"inputName\":\"\",\"adminOnly\":false,\"noDuplicates\":false,\"defaultValue\":\"\",\"choices\":\"\",\"conditionalLogic\":\"\",\"failed_validation\":\"\",\"productField\":\"\",\"enablePasswordInput\":\"\",\"maxLength\":\"\",\"multipleFiles\":false,\"maxFiles\":\"\",\"calculationFormula\":\"\",\"calculationRounding\":\"\",\"enableCalculation\":\"\",\"disableQuantity\":false,\"displayAllCategories\":false,\"useRichTextEditor\":false,\"pageNumber\":1,\"displayOnly\":\"\"},{\"type\":\"text\",\"id\":4,\"label\":\"Company name\",\"adminLabel\":\"\",\"isRequired\":true,\"size\":\"large\",\"errorMessage\":\"\",\"inputs\":null,\"formId\":1,\"description\":\"\",\"allowsPrepopulate\":false,\"inputMask\":false,\"inputMaskValue\":\"\",\"inputType\":\"\",\"labelPlacement\":\"\",\"descriptionPlacement\":\"\",\"subLabelPlacement\":\"\",\"placeholder\":\"\",\"cssClass\":\"\",\"inputName\":\"\",\"adminOnly\":false,\"noDuplicates\":false,\"defaultValue\":\"\",\"choices\":\"\",\"conditionalLogic\":\"\",\"failed_validation\":\"\",\"productField\":\"\",\"enablePasswordInput\":\"\",\"maxLength\":\"\",\"multipleFiles\":false,\"maxFiles\":\"\",\"calculationFormula\":\"\",\"calculationRounding\":\"\",\"enableCalculation\":\"\",\"disableQuantity\":false,\"displayAllCategories\":false,\"useRichTextEditor\":false,\"pageNumber\":1,\"displayOnly\":\"\"},{\"type\":\"select\",\"id\":5,\"label\":\"Category\",\"adminLabel\":\"\",\"isRequired\":true,\"size\":\"large\",\"errorMessage\":\"\",\"inputs\":null,\"choices\":[{\"text\":\"curio\\/gift shop\",\"value\":\"curio\\/gift shop\",\"isSelected\":false,\"price\":\"\"},{\"text\":\"toy shop\",\"value\":\"toy shop\",\"isSelected\":false,\"price\":\"\"},{\"text\":\"book shop\",\"value\":\"book shop\",\"isSelected\":false,\"price\":\"\"},{\"text\":\"hospitality\",\"value\":\"hospitality\",\"isSelected\":false,\"price\":\"\"},{\"text\":\"safari company\",\"value\":\"safari company\",\"isSelected\":false,\"price\":\"\"}],\"formId\":1,\"description\":\"\",\"allowsPrepopulate\":false,\"inputMask\":false,\"inputMaskValue\":\"\",\"inputType\":\"\",\"labelPlacement\":\"\",\"descriptionPlacement\":\"\",\"subLabelPlacement\":\"\",\"placeholder\":\"\",\"cssClass\":\"\",\"inputName\":\"\",\"adminOnly\":false,\"noDuplicates\":false,\"defaultValue\":\"\",\"conditionalLogic\":\"\",\"failed_validation\":\"\",\"productField\":\"\",\"enablePrice\":\"\",\"multipleFiles\":false,\"maxFiles\":\"\",\"calculationFormula\":\"\",\"calculationRounding\":\"\",\"enableCalculation\":\"\",\"disableQuantity\":false,\"displayAllCategories\":false,\"useRichTextEditor\":false,\"pageNumber\":1,\"displayOnly\":\"\"},{\"type\":\"email\",\"id\":2,\"label\":\"Email\",\"adminLabel\":\"\",\"isRequired\":false,\"size\":\"large\",\"errorMessage\":\"\",\"inputs\":null,\"formId\":1,\"description\":\"\",\"allowsPrepopulate\":false,\"inputMask\":false,\"inputMaskValue\":\"\",\"inputType\":\"\",\"labelPlacement\":\"\",\"descriptionPlacement\":\"\",\"subLabelPlacement\":\"\",\"placeholder\":\"\",\"cssClass\":\"\",\"inputName\":\"\",\"adminOnly\":false,\"noDuplicates\":false,\"defaultValue\":\"{user:user_email}\",\"choices\":\"\",\"conditionalLogic\":\"\",\"failed_validation\":\"\",\"productField\":\"\",\"emailConfirmEnabled\":\"\",\"multipleFiles\":false,\"maxFiles\":\"\",\"calculationFormula\":\"\",\"calculationRounding\":\"\",\"enableCalculation\":\"\",\"disableQuantity\":false,\"displayAllCategories\":false,\"useRichTextEditor\":false,\"pageNumber\":1,\"displayOnly\":\"\"}],\"version\":\"2.0.6\",\"id\":1,\"useCurrentUserAsAuthor\":true,\"postContentTemplateEnabled\":false,\"postTitleTemplateEnabled\":false,\"postTitleTemplate\":\"\",\"postContentTemplate\":\"\",\"lastPageButton\":null,\"pagination\":null,\"firstPageCssClass\":null}', '', '{\"58ee041011e7b\":{\"id\":\"58ee041011e7b\",\"name\":\"Default Confirmation\",\"isDefault\":true,\"type\":\"message\",\"message\":\"<span style=\\\"color: #232323;\\\">Thank you for requesting to become a Wholesaler. We will review your application and let you know once it has been approved. The moment it has been approved, you can login to our site and all prices will automatically be converted into wholesale prices.\\u00a0<\\/span>\",\"url\":\"\",\"pageId\":0,\"queryString\":\"\",\"disableAutoformat\":false,\"conditionalLogic\":[]}}', '{\"58ee040fef955\":{\"isActive\":true,\"id\":\"58ee040fef955\",\"name\":\"Admin Notification\",\"service\":\"wordpress\",\"event\":\"form_submission\",\"to\":\"flore@kids.shweetproducts.com\",\"toType\":\"email\",\"bcc\":\"\",\"subject\":\"New Wholesale Request\",\"message\":\"The following user has requested to become a wholesaler:\\r\\n\\r\\n{all_fields}\\r\\n\\r\\nPlease click on the following link and change the role from customer to wholesaler.\\r\\n\\r\\nhttps:\\/\\/kids.shweetproducts.com\\/wp-admin\\/users.php\",\"from\":\"no-reply@kids.shweetproducts.com\",\"fromName\":\"{Name (First):1.3}\",\"replyTo\":\"{Email:2}\",\"routing\":null,\"conditionalLogic\":null,\"disableAutoformat\":false}}'),
(2, '{\"title\":\"October Colouring Competition\",\"description\":\"Enter your details below to download the colouring material.\",\"labelPlacement\":\"top_label\",\"descriptionPlacement\":\"below\",\"button\":{\"type\":\"text\",\"text\":\"Submit\",\"imageUrl\":\"\"},\"fields\":[{\"type\":\"name\",\"id\":1,\"label\":\"name:\",\"adminLabel\":\"\",\"isRequired\":true,\"size\":\"medium\",\"errorMessage\":\"\",\"nameFormat\":\"advanced\",\"inputs\":[{\"id\":\"1.2\",\"label\":\"Prefix\",\"name\":\"\",\"choices\":[{\"text\":\"Mr.\",\"value\":\"Mr.\",\"isSelected\":false,\"price\":\"\"},{\"text\":\"Mrs.\",\"value\":\"Mrs.\",\"isSelected\":false,\"price\":\"\"},{\"text\":\"Miss\",\"value\":\"Miss\",\"isSelected\":false,\"price\":\"\"},{\"text\":\"Ms.\",\"value\":\"Ms.\",\"isSelected\":false,\"price\":\"\"},{\"text\":\"Dr.\",\"value\":\"Dr.\",\"isSelected\":false,\"price\":\"\"},{\"text\":\"Prof.\",\"value\":\"Prof.\",\"isSelected\":false,\"price\":\"\"},{\"text\":\"Rev.\",\"value\":\"Rev.\",\"isSelected\":false,\"price\":\"\"}],\"isHidden\":true,\"inputType\":\"radio\"},{\"id\":\"1.3\",\"label\":\"First\",\"name\":\"\"},{\"id\":\"1.4\",\"label\":\"Middle\",\"name\":\"\",\"isHidden\":true},{\"id\":\"1.6\",\"label\":\"Last\",\"name\":\"\"},{\"id\":\"1.8\",\"label\":\"Suffix\",\"name\":\"\",\"isHidden\":true}],\"formId\":2,\"description\":\"\",\"allowsPrepopulate\":false,\"inputMask\":false,\"inputMaskValue\":\"\",\"inputType\":\"\",\"labelPlacement\":\"\",\"descriptionPlacement\":\"\",\"subLabelPlacement\":\"\",\"placeholder\":\"\",\"cssClass\":\"\",\"inputName\":\"\",\"adminOnly\":false,\"noDuplicates\":false,\"defaultValue\":\"\",\"choices\":\"\",\"conditionalLogic\":\"\",\"failed_validation\":\"\",\"productField\":\"\",\"multipleFiles\":false,\"maxFiles\":\"\",\"calculationFormula\":\"\",\"calculationRounding\":\"\",\"enableCalculation\":\"\",\"disableQuantity\":false,\"displayAllCategories\":false,\"useRichTextEditor\":false,\"pageNumber\":1},{\"type\":\"phone\",\"id\":2,\"label\":\"contact number:\",\"adminLabel\":\"\",\"isRequired\":false,\"size\":\"medium\",\"errorMessage\":\"\",\"inputs\":null,\"phoneFormat\":\"international\",\"formId\":2,\"description\":\"\",\"allowsPrepopulate\":false,\"inputMask\":false,\"inputMaskValue\":\"\",\"inputType\":\"\",\"labelPlacement\":\"\",\"descriptionPlacement\":\"\",\"subLabelPlacement\":\"\",\"placeholder\":\"\",\"cssClass\":\"\",\"inputName\":\"\",\"adminOnly\":false,\"noDuplicates\":false,\"defaultValue\":\"\",\"choices\":\"\",\"conditionalLogic\":\"\",\"form_id\":\"\",\"failed_validation\":\"\",\"productField\":\"\",\"multipleFiles\":false,\"maxFiles\":\"\",\"calculationFormula\":\"\",\"calculationRounding\":\"\",\"enableCalculation\":\"\",\"disableQuantity\":false,\"displayAllCategories\":false,\"useRichTextEditor\":false,\"pageNumber\":1},{\"type\":\"email\",\"id\":3,\"label\":\"email:\",\"adminLabel\":\"\",\"isRequired\":true,\"size\":\"medium\",\"errorMessage\":\"\",\"inputs\":null,\"formId\":2,\"description\":\"\",\"allowsPrepopulate\":false,\"inputMask\":false,\"inputMaskValue\":\"\",\"inputType\":\"\",\"labelPlacement\":\"\",\"descriptionPlacement\":\"\",\"subLabelPlacement\":\"\",\"placeholder\":\"\",\"cssClass\":\"\",\"inputName\":\"\",\"adminOnly\":false,\"noDuplicates\":false,\"defaultValue\":\"\",\"choices\":\"\",\"conditionalLogic\":\"\",\"failed_validation\":\"\",\"productField\":\"\",\"emailConfirmEnabled\":\"\",\"multipleFiles\":false,\"maxFiles\":\"\",\"calculationFormula\":\"\",\"calculationRounding\":\"\",\"enableCalculation\":\"\",\"disableQuantity\":false,\"displayAllCategories\":false,\"useRichTextEditor\":false,\"pageNumber\":1},{\"type\":\"checkbox\",\"id\":4,\"label\":\"Be the first to hear about new specials and competitions!\",\"adminLabel\":\"\",\"isRequired\":false,\"size\":\"medium\",\"errorMessage\":\"\",\"choices\":[{\"text\":\"yes, I\'d like to receive news from Pictures & Words\",\"value\":\"yes, I\'d like to receive news from Pictures & Words\",\"isSelected\":true,\"price\":\"\"}],\"inputs\":[{\"id\":\"4.1\",\"label\":\"yes, I\'d like to receive news from Pictures & Words\",\"name\":\"\"}],\"formId\":2,\"description\":\"\",\"allowsPrepopulate\":false,\"inputMask\":false,\"inputMaskValue\":\"\",\"inputType\":\"\",\"labelPlacement\":\"\",\"descriptionPlacement\":\"\",\"subLabelPlacement\":\"\",\"placeholder\":\"\",\"cssClass\":\"\",\"inputName\":\"\",\"adminOnly\":false,\"noDuplicates\":false,\"defaultValue\":\"\",\"conditionalLogic\":\"\",\"failed_validation\":\"\",\"productField\":\"\",\"enablePrice\":\"\",\"multipleFiles\":false,\"maxFiles\":\"\",\"calculationFormula\":\"\",\"calculationRounding\":\"\",\"enableCalculation\":\"\",\"disableQuantity\":false,\"displayAllCategories\":false,\"useRichTextEditor\":false,\"pageNumber\":1}],\"version\":\"2.0.6\",\"id\":2,\"subLabelPlacement\":\"below\",\"cssClass\":\"\",\"enableHoneypot\":false,\"enableAnimation\":false,\"save\":{\"enabled\":false,\"button\":{\"type\":\"link\",\"text\":\"Save and Continue Later\"}},\"limitEntries\":false,\"limitEntriesCount\":\"\",\"limitEntriesPeriod\":\"\",\"limitEntriesMessage\":\"\",\"scheduleForm\":false,\"scheduleStart\":\"\",\"scheduleStartHour\":\"\",\"scheduleStartMinute\":\"\",\"scheduleStartAmpm\":\"\",\"scheduleEnd\":\"\",\"scheduleEndHour\":\"\",\"scheduleEndMinute\":\"\",\"scheduleEndAmpm\":\"\",\"schedulePendingMessage\":\"\",\"scheduleMessage\":\"\",\"requireLogin\":false,\"requireLoginMessage\":\"\",\"useCurrentUserAsAuthor\":true,\"postContentTemplateEnabled\":false,\"postTitleTemplateEnabled\":false,\"postTitleTemplate\":\"\",\"postContentTemplate\":\"\",\"lastPageButton\":null,\"pagination\":null,\"firstPageCssClass\":null}', NULL, '{\"59ba42241ebee\":{\"id\":\"59ba42241ebee\",\"name\":\"Default Confirmation\",\"isDefault\":true,\"type\":\"message\",\"message\":\"Thanks for\\u00a0for joining our school holiday colouring competition. The colouring material will be emailed to you shortly.\",\"url\":\"\",\"pageId\":0,\"queryString\":\"\",\"disableAutoformat\":false,\"conditionalLogic\":[]}}', '{\"59ba42241aad4\":{\"id\":\"59ba42241aad4\",\"to\":\"{admin_email}\",\"name\":\"Admin Notification\",\"event\":\"form_submission\",\"toType\":\"email\",\"subject\":\"New submission from {form_title}\",\"message\":\"{all_fields}\",\"isActive\":false},\"59ba4883bd932\":{\"isActive\":true,\"id\":\"59ba4883bd932\",\"name\":\"customer notification\",\"service\":\"wordpress\",\"event\":\"form_submission\",\"to\":\"3\",\"toType\":\"field\",\"bcc\":\"\",\"subject\":\"Pictures & Words School holiday colouring competition - free download\",\"message\":\"Hi\\u00a0{name: (First):1.3}\\r\\n\\r\\nThank you very much for your interest in our school holiday colouring competition. Please click on the link to download our colouring material:\\u00a0<a href=\\\"https:\\/\\/kids.shweetproducts.com\\/wp-content\\/uploads\\/2017\\/09\\/Colouring_Competition_Sep_17.pdf\\\">https:\\/\\/kids.shweetproducts.com\\/wp-content\\/uploads\\/2017\\/09\\/Colouring_Competition_Sep_17.pdf<\\/a>\\r\\n\\r\\nIf you have any further questions please do not hesitate to <a href=\\\"https:\\/\\/kids.shweetproducts.com\\/contact\\/\\\" target=\\\"_blank\\\" rel=\\\"noopener noreferrer\\\">contact us <\\/a>\\r\\n\\r\\nHave fun colouring!\\r\\n\\r\\nPictures &amp; Words\",\"from\":\"flore@kids.shweetproducts.com\",\"fromName\":\"Pictures & Words\",\"replyTo\":\"flore@kids.shweetproducts.com\",\"routing\":null,\"conditionalLogic\":null,\"disableAutoformat\":false}}'),
(3, '{\"title\":\"Corporate Gifts\",\"description\":\"\",\"labelPlacement\":\"top_label\",\"descriptionPlacement\":\"below\",\"button\":{\"type\":\"text\",\"text\":\"Submit\",\"imageUrl\":\"\"},\"fields\":[{\"type\":\"html\",\"id\":16,\"label\":\"HTML Block\",\"adminLabel\":\"\",\"isRequired\":false,\"size\":\"medium\",\"errorMessage\":\"\",\"visibility\":\"visible\",\"inputs\":null,\"displayOnly\":true,\"formId\":3,\"description\":\"\",\"allowsPrepopulate\":false,\"inputMask\":false,\"inputMaskValue\":\"\",\"inputMaskIsCustom\":false,\"maxLength\":\"\",\"inputType\":\"\",\"labelPlacement\":\"\",\"descriptionPlacement\":\"\",\"subLabelPlacement\":\"\",\"placeholder\":\"\",\"cssClass\":\"\",\"inputName\":\"\",\"noDuplicates\":false,\"defaultValue\":\"\",\"choices\":\"\",\"conditionalLogic\":\"\",\"content\":\"<h4>Contact Details<\\/h4>\",\"productField\":\"\",\"multipleFiles\":false,\"maxFiles\":\"\",\"calculationFormula\":\"\",\"calculationRounding\":\"\",\"enableCalculation\":\"\",\"disableQuantity\":false,\"displayAllCategories\":false,\"useRichTextEditor\":false,\"pageNumber\":1,\"fields\":\"\"},{\"type\":\"text\",\"id\":2,\"label\":\"Name\",\"adminLabel\":\"\",\"isRequired\":false,\"size\":\"large\",\"errorMessage\":\"\",\"inputs\":null,\"formId\":3,\"description\":\"\",\"allowsPrepopulate\":false,\"inputMask\":false,\"inputMaskValue\":\"\",\"inputType\":\"\",\"labelPlacement\":\"\",\"descriptionPlacement\":\"\",\"subLabelPlacement\":\"\",\"placeholder\":\"\",\"cssClass\":\"gf_left_half\",\"inputName\":\"\",\"noDuplicates\":false,\"defaultValue\":\"\",\"choices\":\"\",\"conditionalLogic\":\"\",\"productField\":\"\",\"enablePasswordInput\":\"\",\"maxLength\":\"\",\"multipleFiles\":false,\"maxFiles\":\"\",\"calculationFormula\":\"\",\"calculationRounding\":\"\",\"enableCalculation\":\"\",\"disableQuantity\":false,\"displayAllCategories\":false,\"useRichTextEditor\":false,\"pageNumber\":1,\"displayOnly\":\"\",\"visibility\":\"visible\",\"fields\":\"\",\"inputMaskIsCustom\":false},{\"type\":\"text\",\"id\":1,\"label\":\"Company Name\",\"adminLabel\":\"\",\"isRequired\":false,\"size\":\"large\",\"errorMessage\":\"\",\"inputs\":null,\"formId\":3,\"description\":\"\",\"allowsPrepopulate\":false,\"inputMask\":false,\"inputMaskValue\":\"\",\"inputType\":\"\",\"labelPlacement\":\"\",\"descriptionPlacement\":\"\",\"subLabelPlacement\":\"\",\"placeholder\":\"\",\"cssClass\":\"gf_right_half\",\"inputName\":\"\",\"noDuplicates\":false,\"defaultValue\":\"\",\"choices\":\"\",\"conditionalLogic\":\"\",\"productField\":\"\",\"enablePasswordInput\":\"\",\"maxLength\":\"\",\"multipleFiles\":false,\"maxFiles\":\"\",\"calculationFormula\":\"\",\"calculationRounding\":\"\",\"enableCalculation\":\"\",\"disableQuantity\":false,\"displayAllCategories\":false,\"useRichTextEditor\":false,\"pageNumber\":1,\"displayOnly\":\"\",\"visibility\":\"visible\",\"fields\":\"\",\"inputMaskIsCustom\":false},{\"type\":\"phone\",\"id\":4,\"label\":\"Tel no.\",\"adminLabel\":\"\",\"isRequired\":false,\"size\":\"large\",\"errorMessage\":\"\",\"inputs\":null,\"phoneFormat\":\"standard\",\"formId\":3,\"description\":\"\",\"allowsPrepopulate\":false,\"inputMask\":false,\"inputMaskValue\":\"\",\"inputType\":\"\",\"labelPlacement\":\"\",\"descriptionPlacement\":\"\",\"subLabelPlacement\":\"\",\"placeholder\":\"\",\"cssClass\":\"gf_left_half\",\"inputName\":\"\",\"noDuplicates\":false,\"defaultValue\":\"\",\"choices\":\"\",\"conditionalLogic\":\"\",\"form_id\":\"\",\"productField\":\"\",\"multipleFiles\":false,\"maxFiles\":\"\",\"calculationFormula\":\"\",\"calculationRounding\":\"\",\"enableCalculation\":\"\",\"disableQuantity\":false,\"displayAllCategories\":false,\"useRichTextEditor\":false,\"pageNumber\":1,\"displayOnly\":\"\",\"visibility\":\"visible\",\"fields\":\"\",\"inputMaskIsCustom\":false,\"maxLength\":\"\"},{\"type\":\"email\",\"id\":3,\"label\":\"Email\",\"adminLabel\":\"\",\"isRequired\":false,\"size\":\"medium\",\"errorMessage\":\"\",\"inputs\":null,\"formId\":3,\"description\":\"\",\"allowsPrepopulate\":false,\"inputMask\":false,\"inputMaskValue\":\"\",\"inputType\":\"\",\"labelPlacement\":\"\",\"descriptionPlacement\":\"\",\"subLabelPlacement\":\"\",\"placeholder\":\"\",\"cssClass\":\"gf_right_half\",\"inputName\":\"\",\"noDuplicates\":false,\"defaultValue\":\"\",\"choices\":\"\",\"conditionalLogic\":\"\",\"productField\":\"\",\"emailConfirmEnabled\":\"\",\"multipleFiles\":false,\"maxFiles\":\"\",\"calculationFormula\":\"\",\"calculationRounding\":\"\",\"enableCalculation\":\"\",\"disableQuantity\":false,\"displayAllCategories\":false,\"useRichTextEditor\":false,\"pageNumber\":1,\"displayOnly\":\"\",\"visibility\":\"visible\",\"fields\":\"\",\"inputMaskIsCustom\":false,\"maxLength\":\"\"},{\"type\":\"html\",\"id\":17,\"label\":\"Gift details\",\"adminLabel\":\"\",\"isRequired\":false,\"size\":\"medium\",\"errorMessage\":\"\",\"visibility\":\"visible\",\"inputs\":null,\"displayOnly\":true,\"formId\":3,\"description\":\"\",\"allowsPrepopulate\":false,\"inputMask\":false,\"inputMaskValue\":\"\",\"inputMaskIsCustom\":false,\"maxLength\":\"\",\"inputType\":\"\",\"labelPlacement\":\"\",\"descriptionPlacement\":\"\",\"subLabelPlacement\":\"\",\"placeholder\":\"\",\"cssClass\":\"\",\"inputName\":\"\",\"noDuplicates\":false,\"defaultValue\":\"\",\"choices\":\"\",\"conditionalLogic\":\"\",\"content\":\"<h4><\\/h4>\\n<h4>Gift Details<\\/h4>\",\"productField\":\"\",\"multipleFiles\":false,\"maxFiles\":\"\",\"calculationFormula\":\"\",\"calculationRounding\":\"\",\"enableCalculation\":\"\",\"disableQuantity\":false,\"displayAllCategories\":false,\"useRichTextEditor\":false,\"pageNumber\":1,\"fields\":\"\"},{\"type\":\"select\",\"id\":6,\"label\":\"Interested in\",\"adminLabel\":\"\",\"isRequired\":false,\"size\":\"medium\",\"errorMessage\":\"\",\"inputs\":null,\"choices\":[{\"text\":\"Shweshwe Notebooks\",\"value\":\"Shweshwe Notebooks\",\"isSelected\":false,\"price\":\"\"},{\"text\":\"Bags\",\"value\":\"Bags\",\"isSelected\":false,\"price\":\"\"},{\"text\":\"Your Shweet Ideas please!\",\"value\":\"Your Shweet Ideas please!\",\"isSelected\":false,\"price\":\"\"},{\"text\":\"Other\",\"value\":\"Other\",\"isSelected\":false,\"price\":\"\"}],\"formId\":3,\"description\":\"\",\"allowsPrepopulate\":false,\"inputMask\":false,\"inputMaskValue\":\"\",\"inputType\":\"\",\"labelPlacement\":\"\",\"descriptionPlacement\":\"\",\"subLabelPlacement\":\"\",\"placeholder\":\"\",\"cssClass\":\"gf_left_half\",\"inputName\":\"\",\"noDuplicates\":false,\"defaultValue\":\"\",\"conditionalLogic\":\"\",\"productField\":\"\",\"enablePrice\":\"\",\"multipleFiles\":false,\"maxFiles\":\"\",\"calculationFormula\":\"\",\"calculationRounding\":\"\",\"enableCalculation\":\"\",\"disableQuantity\":false,\"displayAllCategories\":false,\"useRichTextEditor\":false,\"enableChoiceValue\":false,\"pageNumber\":1,\"displayOnly\":\"\",\"visibility\":\"visible\",\"fields\":\"\",\"inputMaskIsCustom\":false,\"maxLength\":\"\"},{\"type\":\"text\",\"id\":13,\"label\":\"If Other, please specify\",\"adminLabel\":\"\",\"isRequired\":false,\"size\":\"medium\",\"errorMessage\":\"\",\"inputs\":null,\"formId\":3,\"description\":\"\",\"allowsPrepopulate\":false,\"inputMask\":false,\"inputMaskValue\":\"\",\"inputType\":\"\",\"labelPlacement\":\"\",\"descriptionPlacement\":\"\",\"subLabelPlacement\":\"\",\"placeholder\":\"\",\"cssClass\":\"gf_right_half\",\"inputName\":\"\",\"noDuplicates\":false,\"defaultValue\":\"\",\"choices\":\"\",\"conditionalLogic\":\"\",\"productField\":\"\",\"enablePasswordInput\":\"\",\"maxLength\":\"\",\"multipleFiles\":false,\"maxFiles\":\"\",\"calculationFormula\":\"\",\"calculationRounding\":\"\",\"enableCalculation\":\"\",\"disableQuantity\":false,\"displayAllCategories\":false,\"useRichTextEditor\":false,\"pageNumber\":1,\"displayOnly\":\"\",\"visibility\":\"visible\",\"fields\":\"\",\"inputMaskIsCustom\":false},{\"type\":\"text\",\"id\":8,\"label\":\"Occasion\",\"adminLabel\":\"\",\"isRequired\":false,\"size\":\"large\",\"errorMessage\":\"\",\"inputs\":null,\"formId\":3,\"description\":\"\",\"allowsPrepopulate\":false,\"inputMask\":false,\"inputMaskValue\":\"\",\"inputType\":\"\",\"labelPlacement\":\"\",\"descriptionPlacement\":\"\",\"subLabelPlacement\":\"\",\"placeholder\":\"\",\"cssClass\":\"gf_left_half\",\"inputName\":\"\",\"noDuplicates\":false,\"defaultValue\":\"\",\"choices\":\"\",\"conditionalLogic\":\"\",\"productField\":\"\",\"enablePasswordInput\":\"\",\"maxLength\":\"\",\"multipleFiles\":false,\"maxFiles\":\"\",\"calculationFormula\":\"\",\"calculationRounding\":\"\",\"enableCalculation\":\"\",\"disableQuantity\":false,\"displayAllCategories\":false,\"useRichTextEditor\":false,\"pageNumber\":1,\"displayOnly\":\"\",\"visibility\":\"visible\",\"fields\":\"\",\"inputMaskIsCustom\":false},{\"type\":\"text\",\"id\":10,\"label\":\"Budget (if known) and quantity\",\"adminLabel\":\"\",\"isRequired\":false,\"size\":\"large\",\"errorMessage\":\"\",\"inputs\":null,\"formId\":3,\"description\":\"\",\"allowsPrepopulate\":false,\"inputMask\":false,\"inputMaskValue\":\"\",\"inputType\":\"\",\"labelPlacement\":\"\",\"descriptionPlacement\":\"\",\"subLabelPlacement\":\"\",\"placeholder\":\"\",\"cssClass\":\"gf_right_half\",\"inputName\":\"\",\"noDuplicates\":false,\"defaultValue\":\"\",\"choices\":\"\",\"conditionalLogic\":\"\",\"productField\":\"\",\"enablePasswordInput\":\"\",\"maxLength\":\"\",\"multipleFiles\":false,\"maxFiles\":\"\",\"calculationFormula\":\"\",\"calculationRounding\":\"\",\"enableCalculation\":\"\",\"disableQuantity\":false,\"displayAllCategories\":false,\"useRichTextEditor\":false,\"pageNumber\":1,\"displayOnly\":\"\",\"visibility\":\"visible\",\"fields\":\"\",\"inputMaskIsCustom\":false},{\"type\":\"textarea\",\"id\":12,\"label\":\"Extra Notes\",\"adminLabel\":\"\",\"isRequired\":false,\"size\":\"medium\",\"errorMessage\":\"\",\"inputs\":null,\"formId\":3,\"description\":\"\",\"allowsPrepopulate\":false,\"inputMask\":false,\"inputMaskValue\":\"\",\"inputType\":\"\",\"labelPlacement\":\"\",\"descriptionPlacement\":\"\",\"subLabelPlacement\":\"\",\"placeholder\":\"\",\"cssClass\":\"gf_right_half\",\"inputName\":\"\",\"noDuplicates\":false,\"defaultValue\":\"\",\"choices\":\"\",\"conditionalLogic\":\"\",\"productField\":\"\",\"form_id\":\"\",\"useRichTextEditor\":false,\"multipleFiles\":false,\"maxFiles\":\"\",\"calculationFormula\":\"\",\"calculationRounding\":\"\",\"enableCalculation\":\"\",\"disableQuantity\":false,\"displayAllCategories\":false,\"pageNumber\":1,\"displayOnly\":\"\",\"visibility\":\"visible\",\"fields\":\"\",\"inputMaskIsCustom\":false,\"maxLength\":\"\"},{\"type\":\"html\",\"id\":14,\"label\":\"HTML Block\",\"adminLabel\":\"\",\"isRequired\":false,\"size\":\"medium\",\"errorMessage\":\"\",\"visibility\":\"visible\",\"inputs\":null,\"displayOnly\":true,\"formId\":3,\"description\":\"\",\"allowsPrepopulate\":false,\"inputMask\":false,\"inputMaskValue\":\"\",\"inputMaskIsCustom\":false,\"maxLength\":\"\",\"inputType\":\"\",\"labelPlacement\":\"\",\"descriptionPlacement\":\"\",\"subLabelPlacement\":\"\",\"placeholder\":\"\",\"cssClass\":\"gf_left_half\",\"inputName\":\"\",\"noDuplicates\":false,\"defaultValue\":\"\",\"choices\":\"\",\"conditionalLogic\":\"\",\"content\":\"\",\"productField\":\"\",\"multipleFiles\":false,\"maxFiles\":\"\",\"calculationFormula\":\"\",\"calculationRounding\":\"\",\"enableCalculation\":\"\",\"disableQuantity\":false,\"displayAllCategories\":false,\"useRichTextEditor\":false,\"pageNumber\":1,\"fields\":\"\"}],\"version\":\"2.4.11.4\",\"id\":3,\"useCurrentUserAsAuthor\":true,\"postContentTemplateEnabled\":false,\"postTitleTemplateEnabled\":false,\"postTitleTemplate\":\"\",\"postContentTemplate\":\"\",\"lastPageButton\":null,\"pagination\":null,\"firstPageCssClass\":null,\"nextFieldId\":18}', '', '{\"5d5ec488c219a\":{\"id\":\"5d5ec488c219a\",\"name\":\"Default Confirmation\",\"isDefault\":true,\"type\":\"message\",\"message\":\"Thanks for contacting us! We will get in touch with you shortly.\",\"url\":\"\",\"pageId\":\"\",\"queryString\":\"\"}}', '{\"5d5ec488c1cdb\":{\"isActive\":true,\"name\":\"Admin Notification\",\"service\":\"wordpress\",\"event\":\"form_submission\",\"to\":\"info@kids.shweetproducts.com, amander@kids.shweetproducts.com\",\"toType\":\"email\",\"cc\":\"\",\"bcc\":\"\",\"subject\":\"New submission from {form_title}\",\"message\":\"<h4>Client Details:<\\/h4>\\r\\nName:{Name:2}\\r\\n\\r\\nCompany Name: {Company Name:1}\\r\\n\\r\\nTel Number: {Tel no.:4}\\r\\n\\r\\nEmail: {Email:3}\\r\\n<h4>Gift Details:<\\/h4>\\r\\nInterested in: {Intrested in:6}\\r\\n\\r\\n{If Other, please specify:13}\\r\\n\\r\\nOccassion: {Occasion:8}\\r\\n\\r\\nBudget &amp; Quantity: {Budget (if known) and quantity:10}\\r\\n\\r\\nExtra Notes:\\r\\n\\r\\n{Extra Notes:12}\",\"from\":\"{admin_email}\",\"fromName\":\"Shweet Products Website\",\"replyTo\":\"\",\"routing\":null,\"conditionalLogic\":null,\"disableAutoformat\":false,\"enableAttachments\":false,\"id\":\"5d5ec488c1cdb\"},\"5d5ec94aed0ce\":{\"isActive\":true,\"id\":\"5d5ec94aed0ce\",\"name\":\"Client Notification\",\"service\":\"wordpress\",\"event\":\"form_submission\",\"to\":\"3\",\"toType\":\"field\",\"bcc\":\"\",\"subject\":\"Shweet Products Corporate Gifting\",\"message\":\"\\r\\nDear {Name:2}\\r\\n \\r\\nMany thanks for taking the time to fill out the form. We will get back to you as soon as possible with inspiring ideas that will fit your requirements.  Something 100% locally made, something Shweet\\u2026\\r\\n \\r\\nIf you have any questions in the meantime, please do not hesitate to contact me directly. \\r\\n \\r\\nBest regards. \\r\\n \\r\\nFlore de Vries\\r\\n \\r\\nShweet Products (Pty) Ltd\\r\\n \\r\\n + 27 78 8626 044\\r\\n \\r\\nLOVE AFRICA. BE SHWEET\\r\\n\",\"from\":\"info@kids.shweetproducts.com\",\"fromName\":\"Shweet Products\",\"replyTo\":\"info@kids.shweetproducts.com\",\"routing\":null,\"conditionalLogic\":null,\"disableAutoformat\":false}}'),
(4, '{\"title\":\"Corporate Gifts (1)\",\"description\":\"\",\"labelPlacement\":\"top_label\",\"descriptionPlacement\":\"below\",\"button\":{\"type\":\"text\",\"text\":\"Submit\",\"imageUrl\":\"\"},\"fields\":[{\"type\":\"text\",\"id\":2,\"label\":\"Name\",\"adminLabel\":\"\",\"isRequired\":false,\"size\":\"large\",\"errorMessage\":\"\",\"inputs\":null,\"formId\":4,\"description\":\"\",\"allowsPrepopulate\":false,\"inputMask\":false,\"inputMaskValue\":\"\",\"inputType\":\"\",\"labelPlacement\":\"\",\"descriptionPlacement\":\"\",\"subLabelPlacement\":\"\",\"placeholder\":\"\",\"cssClass\":\"\",\"inputName\":\"\",\"noDuplicates\":false,\"defaultValue\":\"\",\"choices\":\"\",\"conditionalLogic\":\"\",\"productField\":\"\",\"enablePasswordInput\":\"\",\"maxLength\":\"\",\"multipleFiles\":false,\"maxFiles\":\"\",\"calculationFormula\":\"\",\"calculationRounding\":\"\",\"enableCalculation\":\"\",\"disableQuantity\":false,\"displayAllCategories\":false,\"useRichTextEditor\":false,\"pageNumber\":1,\"displayOnly\":\"\",\"visibility\":\"visible\",\"fields\":\"\",\"inputMaskIsCustom\":\"\"},{\"type\":\"text\",\"id\":1,\"label\":\"Company Name\",\"adminLabel\":\"\",\"isRequired\":false,\"size\":\"large\",\"errorMessage\":\"\",\"inputs\":null,\"formId\":4,\"description\":\"\",\"allowsPrepopulate\":false,\"inputMask\":false,\"inputMaskValue\":\"\",\"inputType\":\"\",\"labelPlacement\":\"\",\"descriptionPlacement\":\"\",\"subLabelPlacement\":\"\",\"placeholder\":\"\",\"cssClass\":\"gf_right_half\",\"inputName\":\"\",\"noDuplicates\":false,\"defaultValue\":\"\",\"choices\":\"\",\"conditionalLogic\":\"\",\"productField\":\"\",\"enablePasswordInput\":\"\",\"maxLength\":\"\",\"multipleFiles\":false,\"maxFiles\":\"\",\"calculationFormula\":\"\",\"calculationRounding\":\"\",\"enableCalculation\":\"\",\"disableQuantity\":false,\"displayAllCategories\":false,\"useRichTextEditor\":false,\"pageNumber\":1,\"displayOnly\":\"\",\"visibility\":\"visible\",\"fields\":\"\",\"inputMaskIsCustom\":\"\"},{\"type\":\"email\",\"id\":3,\"label\":\"Email\",\"adminLabel\":\"\",\"isRequired\":false,\"size\":\"medium\",\"errorMessage\":\"\",\"inputs\":null,\"formId\":4,\"description\":\"\",\"allowsPrepopulate\":false,\"inputMask\":false,\"inputMaskValue\":\"\",\"inputType\":\"\",\"labelPlacement\":\"\",\"descriptionPlacement\":\"\",\"subLabelPlacement\":\"\",\"placeholder\":\"\",\"cssClass\":\"gf_left_half\",\"inputName\":\"\",\"noDuplicates\":false,\"defaultValue\":\"\",\"choices\":\"\",\"conditionalLogic\":\"\",\"productField\":\"\",\"emailConfirmEnabled\":\"\",\"multipleFiles\":false,\"maxFiles\":\"\",\"calculationFormula\":\"\",\"calculationRounding\":\"\",\"enableCalculation\":\"\",\"disableQuantity\":false,\"displayAllCategories\":false,\"useRichTextEditor\":false,\"pageNumber\":1,\"displayOnly\":\"\",\"visibility\":\"visible\",\"fields\":\"\",\"inputMaskIsCustom\":\"\",\"maxLength\":\"\"},{\"type\":\"phone\",\"id\":4,\"label\":\"Tel no.\",\"adminLabel\":\"\",\"isRequired\":false,\"size\":\"large\",\"errorMessage\":\"\",\"inputs\":null,\"phoneFormat\":\"standard\",\"formId\":4,\"description\":\"\",\"allowsPrepopulate\":false,\"inputMask\":false,\"inputMaskValue\":\"\",\"inputType\":\"\",\"labelPlacement\":\"\",\"descriptionPlacement\":\"\",\"subLabelPlacement\":\"\",\"placeholder\":\"\",\"cssClass\":\"gf_right_half\",\"inputName\":\"\",\"noDuplicates\":false,\"defaultValue\":\"\",\"choices\":\"\",\"conditionalLogic\":\"\",\"form_id\":\"\",\"productField\":\"\",\"multipleFiles\":false,\"maxFiles\":\"\",\"calculationFormula\":\"\",\"calculationRounding\":\"\",\"enableCalculation\":\"\",\"disableQuantity\":false,\"displayAllCategories\":false,\"useRichTextEditor\":false,\"pageNumber\":1,\"displayOnly\":\"\",\"visibility\":\"visible\",\"fields\":\"\",\"inputMaskIsCustom\":\"\",\"maxLength\":\"\"},{\"type\":\"text\",\"id\":8,\"label\":\"Occasion\",\"adminLabel\":\"\",\"isRequired\":false,\"size\":\"large\",\"errorMessage\":\"\",\"inputs\":null,\"formId\":4,\"description\":\"\",\"allowsPrepopulate\":false,\"inputMask\":false,\"inputMaskValue\":\"\",\"inputType\":\"\",\"labelPlacement\":\"\",\"descriptionPlacement\":\"\",\"subLabelPlacement\":\"\",\"placeholder\":\"\",\"cssClass\":\"gf_left_half\",\"inputName\":\"\",\"noDuplicates\":false,\"defaultValue\":\"\",\"choices\":\"\",\"conditionalLogic\":\"\",\"productField\":\"\",\"enablePasswordInput\":\"\",\"maxLength\":\"\",\"multipleFiles\":false,\"maxFiles\":\"\",\"calculationFormula\":\"\",\"calculationRounding\":\"\",\"enableCalculation\":\"\",\"disableQuantity\":false,\"displayAllCategories\":false,\"useRichTextEditor\":false,\"pageNumber\":1,\"displayOnly\":\"\",\"visibility\":\"visible\",\"fields\":\"\",\"inputMaskIsCustom\":\"\"},{\"type\":\"date\",\"id\":9,\"label\":\"Deadline\",\"adminLabel\":\"\",\"isRequired\":false,\"size\":\"medium\",\"errorMessage\":\"\",\"inputs\":null,\"dateType\":\"datepicker\",\"calendarIconType\":\"none\",\"formId\":4,\"description\":\"\",\"allowsPrepopulate\":false,\"inputMask\":false,\"inputMaskValue\":\"\",\"inputType\":\"\",\"labelPlacement\":\"\",\"descriptionPlacement\":\"\",\"subLabelPlacement\":\"\",\"placeholder\":\"\",\"cssClass\":\"gf_left_half\",\"inputName\":\"\",\"noDuplicates\":false,\"defaultValue\":\"\",\"choices\":\"\",\"conditionalLogic\":\"\",\"calendarIconUrl\":\"\",\"dateFormat\":\"dmy\",\"productField\":\"\",\"multipleFiles\":false,\"maxFiles\":\"\",\"calculationFormula\":\"\",\"calculationRounding\":\"\",\"enableCalculation\":\"\",\"disableQuantity\":false,\"displayAllCategories\":false,\"useRichTextEditor\":false,\"pageNumber\":1,\"displayOnly\":\"\",\"visibility\":\"visible\",\"fields\":\"\",\"inputMaskIsCustom\":\"\",\"maxLength\":\"\"},{\"type\":\"text\",\"id\":10,\"label\":\"Budget\",\"adminLabel\":\"\",\"isRequired\":false,\"size\":\"large\",\"errorMessage\":\"\",\"inputs\":null,\"formId\":4,\"description\":\"\",\"allowsPrepopulate\":false,\"inputMask\":false,\"inputMaskValue\":\"\",\"inputType\":\"\",\"labelPlacement\":\"\",\"descriptionPlacement\":\"\",\"subLabelPlacement\":\"\",\"placeholder\":\"\",\"cssClass\":\"gf_right_half\",\"inputName\":\"\",\"noDuplicates\":false,\"defaultValue\":\"\",\"choices\":\"\",\"conditionalLogic\":\"\",\"productField\":\"\",\"enablePasswordInput\":\"\",\"maxLength\":\"\",\"multipleFiles\":false,\"maxFiles\":\"\",\"calculationFormula\":\"\",\"calculationRounding\":\"\",\"enableCalculation\":\"\",\"disableQuantity\":false,\"displayAllCategories\":false,\"useRichTextEditor\":false,\"pageNumber\":1,\"displayOnly\":\"\",\"visibility\":\"visible\",\"fields\":\"\",\"inputMaskIsCustom\":\"\"},{\"type\":\"textarea\",\"id\":12,\"label\":\"Extra Notes\",\"adminLabel\":\"\",\"isRequired\":false,\"size\":\"medium\",\"errorMessage\":\"\",\"inputs\":null,\"formId\":4,\"description\":\"\",\"allowsPrepopulate\":false,\"inputMask\":false,\"inputMaskValue\":\"\",\"inputType\":\"\",\"labelPlacement\":\"\",\"descriptionPlacement\":\"\",\"subLabelPlacement\":\"\",\"placeholder\":\"\",\"cssClass\":\"\",\"inputName\":\"\",\"noDuplicates\":false,\"defaultValue\":\"\",\"choices\":\"\",\"conditionalLogic\":\"\",\"productField\":\"\",\"form_id\":\"\",\"useRichTextEditor\":false,\"multipleFiles\":false,\"maxFiles\":\"\",\"calculationFormula\":\"\",\"calculationRounding\":\"\",\"enableCalculation\":\"\",\"disableQuantity\":false,\"displayAllCategories\":false,\"pageNumber\":1,\"displayOnly\":\"\",\"visibility\":\"visible\",\"fields\":\"\",\"inputMaskIsCustom\":\"\",\"maxLength\":\"\"}],\"version\":\"2.4.11.4\",\"id\":4,\"useCurrentUserAsAuthor\":true,\"postContentTemplateEnabled\":false,\"postTitleTemplateEnabled\":false,\"postTitleTemplate\":\"\",\"postContentTemplate\":\"\",\"lastPageButton\":null,\"pagination\":null,\"firstPageCssClass\":null,\"nextFieldId\":14}', NULL, '{\"5d5ec488c219a\":{\"id\":\"5d5ec488c219a\",\"name\":\"Default Confirmation\",\"isDefault\":true,\"type\":\"message\",\"message\":\"Thanks for contacting us! We will get in touch with you shortly.\",\"url\":\"\",\"pageId\":\"\",\"queryString\":\"\"}}', '{\"5d5ec488c1cdb\":{\"isActive\":true,\"id\":\"5d5ec488c1cdb\",\"name\":\"Admin Notification\",\"service\":\"wordpress\",\"event\":\"form_submission\",\"to\":\"info@kids.shweetproducts.com, amander@kids.shweetproducts.com\",\"toType\":\"email\",\"bcc\":\"\",\"subject\":\"New submission from {form_title}\",\"message\":\"{all_fields}\",\"from\":\"{admin_email}\",\"fromName\":\"Shweet Products Website\",\"replyTo\":\"\",\"routing\":null,\"conditionalLogic\":null,\"disableAutoformat\":false},\"5d5ec94aed0ce\":{\"isActive\":true,\"id\":\"5d5ec94aed0ce\",\"name\":\"Client Notification\",\"service\":\"wordpress\",\"event\":\"form_submission\",\"to\":\"3\",\"toType\":\"field\",\"bcc\":\"\",\"subject\":\"Shweet Products Corporate Gifting\",\"message\":\"\\r\\nDear {Name:2}\\r\\n \\r\\nMany thanks for taking the time to fill out the form. We will get back to you as soon as possible with inspiring ideas that will fit your requirements.  Something 100% locally made, something Shweet\\u2026\\r\\n \\r\\nIf you have any questions in the meantime, please do not hesitate to contact me directly. \\r\\n \\r\\nBest regards. \\r\\n \\r\\nFlore de Vries\\r\\n \\r\\nShweet Products (Pty) Ltd\\r\\n \\r\\n + 27 78 8626 044\\r\\n \\r\\nLOVE AFRICA. BE SHWEET\\r\\n\",\"from\":\"info@kids.shweetproducts.com\",\"fromName\":\"Shweet Products\",\"replyTo\":\"info@kids.shweetproducts.com\",\"routing\":null,\"conditionalLogic\":null,\"disableAutoformat\":false}}');
INSERT INTO `wpva_gf_form_meta` (`form_id`, `display_meta`, `entries_grid_meta`, `confirmations`, `notifications`) VALUES
(5, '{\"title\":\"Corporate Gifts (1)\",\"description\":\"\",\"labelPlacement\":\"top_label\",\"descriptionPlacement\":\"below\",\"button\":{\"type\":\"text\",\"text\":\"Submit\",\"imageUrl\":\"\"},\"fields\":[{\"type\":\"text\",\"id\":2,\"label\":\"Name\",\"adminLabel\":\"\",\"isRequired\":false,\"size\":\"large\",\"errorMessage\":\"\",\"inputs\":null,\"formId\":3,\"description\":\"\",\"allowsPrepopulate\":false,\"inputMask\":false,\"inputMaskValue\":\"\",\"inputType\":\"\",\"labelPlacement\":\"\",\"descriptionPlacement\":\"\",\"subLabelPlacement\":\"\",\"placeholder\":\"\",\"cssClass\":\"\",\"inputName\":\"\",\"noDuplicates\":false,\"defaultValue\":\"\",\"choices\":\"\",\"conditionalLogic\":\"\",\"productField\":\"\",\"enablePasswordInput\":\"\",\"maxLength\":\"\",\"multipleFiles\":false,\"maxFiles\":\"\",\"calculationFormula\":\"\",\"calculationRounding\":\"\",\"enableCalculation\":\"\",\"disableQuantity\":false,\"displayAllCategories\":false,\"useRichTextEditor\":false,\"pageNumber\":1,\"displayOnly\":\"\",\"visibility\":\"visible\",\"fields\":\"\"},{\"type\":\"text\",\"id\":1,\"label\":\"Company Name\",\"adminLabel\":\"\",\"isRequired\":false,\"size\":\"large\",\"errorMessage\":\"\",\"inputs\":null,\"formId\":3,\"description\":\"\",\"allowsPrepopulate\":false,\"inputMask\":false,\"inputMaskValue\":\"\",\"inputType\":\"\",\"labelPlacement\":\"\",\"descriptionPlacement\":\"\",\"subLabelPlacement\":\"\",\"placeholder\":\"\",\"cssClass\":\"gf_right_half\",\"inputName\":\"\",\"noDuplicates\":false,\"defaultValue\":\"\",\"choices\":\"\",\"conditionalLogic\":\"\",\"productField\":\"\",\"enablePasswordInput\":\"\",\"maxLength\":\"\",\"multipleFiles\":false,\"maxFiles\":\"\",\"calculationFormula\":\"\",\"calculationRounding\":\"\",\"enableCalculation\":\"\",\"disableQuantity\":false,\"displayAllCategories\":false,\"useRichTextEditor\":false,\"pageNumber\":1,\"displayOnly\":\"\",\"visibility\":\"visible\",\"fields\":\"\"},{\"type\":\"email\",\"id\":3,\"label\":\"Email\",\"adminLabel\":\"\",\"isRequired\":false,\"size\":\"medium\",\"errorMessage\":\"\",\"inputs\":null,\"formId\":3,\"description\":\"\",\"allowsPrepopulate\":false,\"inputMask\":false,\"inputMaskValue\":\"\",\"inputType\":\"\",\"labelPlacement\":\"\",\"descriptionPlacement\":\"\",\"subLabelPlacement\":\"\",\"placeholder\":\"\",\"cssClass\":\"gf_left_half\",\"inputName\":\"\",\"noDuplicates\":false,\"defaultValue\":\"\",\"choices\":\"\",\"conditionalLogic\":\"\",\"productField\":\"\",\"emailConfirmEnabled\":\"\",\"multipleFiles\":false,\"maxFiles\":\"\",\"calculationFormula\":\"\",\"calculationRounding\":\"\",\"enableCalculation\":\"\",\"disableQuantity\":false,\"displayAllCategories\":false,\"useRichTextEditor\":false,\"pageNumber\":1,\"displayOnly\":\"\",\"visibility\":\"visible\",\"fields\":\"\"},{\"type\":\"phone\",\"id\":4,\"label\":\"Tel no.\",\"adminLabel\":\"\",\"isRequired\":false,\"size\":\"large\",\"errorMessage\":\"\",\"inputs\":null,\"phoneFormat\":\"standard\",\"formId\":3,\"description\":\"\",\"allowsPrepopulate\":false,\"inputMask\":false,\"inputMaskValue\":\"\",\"inputType\":\"\",\"labelPlacement\":\"\",\"descriptionPlacement\":\"\",\"subLabelPlacement\":\"\",\"placeholder\":\"\",\"cssClass\":\"gf_right_half\",\"inputName\":\"\",\"noDuplicates\":false,\"defaultValue\":\"\",\"choices\":\"\",\"conditionalLogic\":\"\",\"form_id\":\"\",\"productField\":\"\",\"multipleFiles\":false,\"maxFiles\":\"\",\"calculationFormula\":\"\",\"calculationRounding\":\"\",\"enableCalculation\":\"\",\"disableQuantity\":false,\"displayAllCategories\":false,\"useRichTextEditor\":false,\"pageNumber\":1,\"displayOnly\":\"\",\"visibility\":\"visible\",\"fields\":\"\"},{\"type\":\"select\",\"id\":6,\"label\":\"Intrested in\",\"adminLabel\":\"\",\"isRequired\":false,\"size\":\"medium\",\"errorMessage\":\"\",\"inputs\":null,\"choices\":[{\"text\":\"Shweshwe Notebooks\",\"value\":\"Shweshwe Notebooks\",\"isSelected\":false,\"price\":\"\"},{\"text\":\"Bags\",\"value\":\"Bags\",\"isSelected\":false,\"price\":\"\"},{\"text\":\"Your Shweet Ideas please!\",\"value\":\"Your Shweet Ideas please!\",\"isSelected\":false,\"price\":\"\"},{\"text\":\"Other\",\"value\":\"Other\",\"isSelected\":false,\"price\":\"\"}],\"formId\":3,\"description\":\"\",\"allowsPrepopulate\":false,\"inputMask\":false,\"inputMaskValue\":\"\",\"inputType\":\"\",\"labelPlacement\":\"\",\"descriptionPlacement\":\"\",\"subLabelPlacement\":\"\",\"placeholder\":\"\",\"cssClass\":\"gf_left_half\",\"inputName\":\"\",\"noDuplicates\":false,\"defaultValue\":\"\",\"conditionalLogic\":\"\",\"productField\":\"\",\"enablePrice\":\"\",\"multipleFiles\":false,\"maxFiles\":\"\",\"calculationFormula\":\"\",\"calculationRounding\":\"\",\"enableCalculation\":\"\",\"disableQuantity\":false,\"displayAllCategories\":false,\"useRichTextEditor\":false,\"enableChoiceValue\":false,\"pageNumber\":1,\"displayOnly\":\"\",\"visibility\":\"visible\",\"fields\":\"\"},{\"type\":\"text\",\"id\":13,\"label\":\"If Other, please specify\",\"adminLabel\":\"\",\"isRequired\":false,\"size\":\"medium\",\"errorMessage\":\"\",\"inputs\":null,\"formId\":3,\"description\":\"\",\"allowsPrepopulate\":false,\"inputMask\":false,\"inputMaskValue\":\"\",\"inputType\":\"\",\"labelPlacement\":\"\",\"descriptionPlacement\":\"\",\"subLabelPlacement\":\"\",\"placeholder\":\"\",\"cssClass\":\"\",\"inputName\":\"\",\"noDuplicates\":false,\"defaultValue\":\"\",\"choices\":\"\",\"conditionalLogic\":{\"actionType\":\"show\",\"logicType\":\"all\",\"rules\":[{\"fieldId\":\"6\",\"operator\":\"is\",\"value\":\"Other\"}]},\"productField\":\"\",\"enablePasswordInput\":\"\",\"maxLength\":\"\",\"multipleFiles\":false,\"maxFiles\":\"\",\"calculationFormula\":\"\",\"calculationRounding\":\"\",\"enableCalculation\":\"\",\"disableQuantity\":false,\"displayAllCategories\":false,\"useRichTextEditor\":false,\"pageNumber\":1,\"displayOnly\":\"\",\"visibility\":\"visible\",\"fields\":\"\"},{\"type\":\"number\",\"id\":7,\"label\":\"Quantity (MOQ 100 units)\",\"adminLabel\":\"\",\"isRequired\":false,\"size\":\"large\",\"errorMessage\":\"\",\"inputs\":null,\"numberFormat\":\"decimal_dot\",\"formId\":3,\"description\":\"\",\"allowsPrepopulate\":false,\"inputMask\":false,\"inputMaskValue\":\"\",\"inputType\":\"\",\"labelPlacement\":\"\",\"descriptionPlacement\":\"\",\"subLabelPlacement\":\"\",\"placeholder\":\"\",\"cssClass\":\"gf_right_half\",\"inputName\":\"\",\"noDuplicates\":false,\"defaultValue\":\"\",\"choices\":\"\",\"conditionalLogic\":\"\",\"enableCalculation\":false,\"rangeMin\":\"\",\"productField\":\"\",\"rangeMax\":\"\",\"multipleFiles\":false,\"maxFiles\":\"\",\"calculationFormula\":\"\",\"calculationRounding\":\"\",\"disableQuantity\":false,\"displayAllCategories\":false,\"useRichTextEditor\":false,\"pageNumber\":1,\"displayOnly\":\"\",\"visibility\":\"visible\",\"fields\":\"\"},{\"type\":\"text\",\"id\":8,\"label\":\"Occasion\",\"adminLabel\":\"\",\"isRequired\":false,\"size\":\"large\",\"errorMessage\":\"\",\"inputs\":null,\"formId\":3,\"description\":\"\",\"allowsPrepopulate\":false,\"inputMask\":false,\"inputMaskValue\":\"\",\"inputType\":\"\",\"labelPlacement\":\"\",\"descriptionPlacement\":\"\",\"subLabelPlacement\":\"\",\"placeholder\":\"\",\"cssClass\":\"gf_left_half\",\"inputName\":\"\",\"noDuplicates\":false,\"defaultValue\":\"\",\"choices\":\"\",\"conditionalLogic\":\"\",\"productField\":\"\",\"enablePasswordInput\":\"\",\"maxLength\":\"\",\"multipleFiles\":false,\"maxFiles\":\"\",\"calculationFormula\":\"\",\"calculationRounding\":\"\",\"enableCalculation\":\"\",\"disableQuantity\":false,\"displayAllCategories\":false,\"useRichTextEditor\":false,\"pageNumber\":1,\"displayOnly\":\"\",\"visibility\":\"visible\",\"fields\":\"\"},{\"type\":\"date\",\"id\":9,\"label\":\"Deadline\",\"adminLabel\":\"\",\"isRequired\":false,\"size\":\"medium\",\"errorMessage\":\"\",\"inputs\":null,\"dateType\":\"datepicker\",\"calendarIconType\":\"none\",\"formId\":3,\"description\":\"\",\"allowsPrepopulate\":false,\"inputMask\":false,\"inputMaskValue\":\"\",\"inputType\":\"\",\"labelPlacement\":\"\",\"descriptionPlacement\":\"\",\"subLabelPlacement\":\"\",\"placeholder\":\"\",\"cssClass\":\"gf_left_half\",\"inputName\":\"\",\"noDuplicates\":false,\"defaultValue\":\"\",\"choices\":\"\",\"conditionalLogic\":\"\",\"calendarIconUrl\":\"\",\"dateFormat\":\"dmy\",\"productField\":\"\",\"multipleFiles\":false,\"maxFiles\":\"\",\"calculationFormula\":\"\",\"calculationRounding\":\"\",\"enableCalculation\":\"\",\"disableQuantity\":false,\"displayAllCategories\":false,\"useRichTextEditor\":false,\"pageNumber\":1,\"displayOnly\":\"\",\"visibility\":\"visible\",\"fields\":\"\"},{\"type\":\"text\",\"id\":10,\"label\":\"Budget\",\"adminLabel\":\"\",\"isRequired\":false,\"size\":\"large\",\"errorMessage\":\"\",\"inputs\":null,\"formId\":3,\"description\":\"\",\"allowsPrepopulate\":false,\"inputMask\":false,\"inputMaskValue\":\"\",\"inputType\":\"\",\"labelPlacement\":\"\",\"descriptionPlacement\":\"\",\"subLabelPlacement\":\"\",\"placeholder\":\"\",\"cssClass\":\"gf_right_half\",\"inputName\":\"\",\"noDuplicates\":false,\"defaultValue\":\"\",\"choices\":\"\",\"conditionalLogic\":\"\",\"productField\":\"\",\"enablePasswordInput\":\"\",\"maxLength\":\"\",\"multipleFiles\":false,\"maxFiles\":\"\",\"calculationFormula\":\"\",\"calculationRounding\":\"\",\"enableCalculation\":\"\",\"disableQuantity\":false,\"displayAllCategories\":false,\"useRichTextEditor\":false,\"pageNumber\":1,\"displayOnly\":\"\",\"visibility\":\"visible\",\"fields\":\"\"},{\"type\":\"textarea\",\"id\":12,\"label\":\"Extra Notes\",\"adminLabel\":\"\",\"isRequired\":false,\"size\":\"medium\",\"errorMessage\":\"\",\"inputs\":null,\"formId\":3,\"description\":\"\",\"allowsPrepopulate\":false,\"inputMask\":false,\"inputMaskValue\":\"\",\"inputType\":\"\",\"labelPlacement\":\"\",\"descriptionPlacement\":\"\",\"subLabelPlacement\":\"\",\"placeholder\":\"\",\"cssClass\":\"\",\"inputName\":\"\",\"noDuplicates\":false,\"defaultValue\":\"\",\"choices\":\"\",\"conditionalLogic\":\"\",\"productField\":\"\",\"form_id\":\"\",\"useRichTextEditor\":false,\"multipleFiles\":false,\"maxFiles\":\"\",\"calculationFormula\":\"\",\"calculationRounding\":\"\",\"enableCalculation\":\"\",\"disableQuantity\":false,\"displayAllCategories\":false,\"pageNumber\":1,\"displayOnly\":\"\",\"visibility\":\"visible\",\"fields\":\"\"}],\"version\":\"2.0.6\",\"id\":5,\"useCurrentUserAsAuthor\":true,\"postContentTemplateEnabled\":false,\"postTitleTemplateEnabled\":false,\"postTitleTemplate\":\"\",\"postContentTemplate\":\"\",\"lastPageButton\":null,\"pagination\":null,\"firstPageCssClass\":null,\"nextFieldId\":14}', NULL, '{\"5d5ec488c219a\":{\"id\":\"5d5ec488c219a\",\"name\":\"Default Confirmation\",\"isDefault\":true,\"type\":\"message\",\"message\":\"Thanks for contacting us! We will get in touch with you shortly.\",\"url\":\"\",\"pageId\":\"\",\"queryString\":\"\"}}', '{\"5d5ec488c1cdb\":{\"isActive\":true,\"id\":\"5d5ec488c1cdb\",\"name\":\"Admin Notification\",\"service\":\"wordpress\",\"event\":\"form_submission\",\"to\":\"info@kids.shweetproducts.com, amander@kids.shweetproducts.com\",\"toType\":\"email\",\"bcc\":\"\",\"subject\":\"New submission from {form_title}\",\"message\":\"{all_fields}\",\"from\":\"{admin_email}\",\"fromName\":\"Shweet Products Website\",\"replyTo\":\"\",\"routing\":null,\"conditionalLogic\":null,\"disableAutoformat\":false},\"5d5ec94aed0ce\":{\"isActive\":true,\"id\":\"5d5ec94aed0ce\",\"name\":\"Client Notification\",\"service\":\"wordpress\",\"event\":\"form_submission\",\"to\":\"3\",\"toType\":\"field\",\"bcc\":\"\",\"subject\":\"Shweet Products Corporate Gifting\",\"message\":\"\\r\\nDear {Name:2}\\r\\n \\r\\nMany thanks for taking the time to fill out the form. We will get back to you as soon as possible with inspiring ideas that will fit your requirements.  Something 100% locally made, something Shweet\\u2026\\r\\n \\r\\nIf you have any questions in the meantime, please do not hesitate to contact me directly. \\r\\n \\r\\nBest regards. \\r\\n \\r\\nFlore de Vries\\r\\n \\r\\nShweet Products (Pty) Ltd\\r\\n \\r\\n + 27 78 8626 044\\r\\n \\r\\nLOVE AFRICA. BE SHWEET\\r\\n\",\"from\":\"info@kids.shweetproducts.com\",\"fromName\":\"Shweet Products\",\"replyTo\":\"info@kids.shweetproducts.com\",\"routing\":null,\"conditionalLogic\":null,\"disableAutoformat\":false}}'),
(6, '{\"title\":\"Corporate Gifts 2\",\"description\":\"\",\"labelPlacement\":\"top_label\",\"descriptionPlacement\":\"below\",\"button\":{\"type\":\"text\",\"text\":\"Submit\",\"imageUrl\":\"\"},\"fields\":[{\"type\":\"text\",\"id\":1,\"label\":\"Name\",\"adminLabel\":\"\",\"isRequired\":false,\"size\":\"medium\",\"errorMessage\":\"\",\"visibility\":\"visible\",\"inputs\":null,\"formId\":6,\"description\":\"\",\"allowsPrepopulate\":false,\"inputMask\":false,\"inputMaskValue\":\"\",\"inputMaskIsCustom\":false,\"maxLength\":\"\",\"inputType\":\"\",\"labelPlacement\":\"\",\"descriptionPlacement\":\"\",\"subLabelPlacement\":\"\",\"placeholder\":\"\",\"cssClass\":\"\",\"inputName\":\"\",\"noDuplicates\":false,\"defaultValue\":\"\",\"choices\":\"\",\"conditionalLogic\":\"\",\"productField\":\"\",\"enablePasswordInput\":\"\",\"pageNumber\":1,\"fields\":\"\",\"displayOnly\":\"\",\"multipleFiles\":false,\"maxFiles\":\"\",\"calculationFormula\":\"\",\"calculationRounding\":\"\",\"enableCalculation\":\"\",\"disableQuantity\":false,\"displayAllCategories\":false,\"useRichTextEditor\":false},{\"type\":\"text\",\"id\":2,\"label\":\"Company Name\",\"adminLabel\":\"\",\"isRequired\":false,\"size\":\"medium\",\"errorMessage\":\"\",\"visibility\":\"visible\",\"inputs\":null,\"formId\":6,\"description\":\"\",\"allowsPrepopulate\":false,\"inputMask\":false,\"inputMaskValue\":\"\",\"inputMaskIsCustom\":false,\"maxLength\":\"\",\"inputType\":\"\",\"labelPlacement\":\"\",\"descriptionPlacement\":\"\",\"subLabelPlacement\":\"\",\"placeholder\":\"\",\"cssClass\":\"\",\"inputName\":\"\",\"noDuplicates\":false,\"defaultValue\":\"\",\"choices\":\"\",\"conditionalLogic\":\"\",\"productField\":\"\",\"enablePasswordInput\":\"\",\"pageNumber\":1,\"fields\":\"\",\"displayOnly\":\"\",\"multipleFiles\":false,\"maxFiles\":\"\",\"calculationFormula\":\"\",\"calculationRounding\":\"\",\"enableCalculation\":\"\",\"disableQuantity\":false,\"displayAllCategories\":false,\"useRichTextEditor\":false},{\"type\":\"email\",\"id\":3,\"label\":\"Email\",\"adminLabel\":\"\",\"isRequired\":false,\"size\":\"medium\",\"errorMessage\":\"\",\"visibility\":\"visible\",\"inputs\":null,\"formId\":6,\"description\":\"\",\"allowsPrepopulate\":false,\"inputMask\":false,\"inputMaskValue\":\"\",\"inputMaskIsCustom\":\"\",\"maxLength\":\"\",\"inputType\":\"\",\"labelPlacement\":\"\",\"descriptionPlacement\":\"\",\"subLabelPlacement\":\"\",\"placeholder\":\"\",\"cssClass\":\"\",\"inputName\":\"\",\"noDuplicates\":false,\"defaultValue\":\"\",\"choices\":\"\",\"conditionalLogic\":\"\",\"productField\":\"\",\"emailConfirmEnabled\":\"\",\"pageNumber\":1,\"fields\":\"\",\"displayOnly\":\"\"},{\"type\":\"text\",\"id\":5,\"label\":\"Tel no.\",\"adminLabel\":\"\",\"isRequired\":false,\"size\":\"medium\",\"errorMessage\":\"\",\"visibility\":\"visible\",\"inputs\":null,\"formId\":6,\"description\":\"\",\"allowsPrepopulate\":false,\"inputMask\":false,\"inputMaskValue\":\"\",\"inputMaskIsCustom\":false,\"maxLength\":\"\",\"inputType\":\"\",\"labelPlacement\":\"\",\"descriptionPlacement\":\"\",\"subLabelPlacement\":\"\",\"placeholder\":\"\",\"cssClass\":\"\",\"inputName\":\"\",\"noDuplicates\":false,\"defaultValue\":\"\",\"choices\":\"\",\"conditionalLogic\":\"\",\"productField\":\"\",\"enablePasswordInput\":\"\",\"pageNumber\":1,\"fields\":\"\",\"displayOnly\":\"\",\"multipleFiles\":false,\"maxFiles\":\"\",\"calculationFormula\":\"\",\"calculationRounding\":\"\",\"enableCalculation\":\"\",\"disableQuantity\":false,\"displayAllCategories\":false,\"useRichTextEditor\":false},{\"type\":\"select\",\"id\":6,\"label\":\"Intrested in\",\"adminLabel\":\"\",\"isRequired\":false,\"size\":\"medium\",\"errorMessage\":\"\",\"visibility\":\"visible\",\"inputs\":null,\"choices\":[{\"text\":\"Shweshwe Notebooks\",\"value\":\"Shweshwe Notebooks\",\"isSelected\":false,\"price\":\"\"},{\"text\":\"Bags\",\"value\":\"Bags\",\"isSelected\":false,\"price\":\"\"},{\"text\":\"Your Shweet Ideas please!\",\"value\":\"Your Shweet Ideas please!\",\"isSelected\":false,\"price\":\"\"},{\"text\":\"Other\",\"value\":\"Other\",\"isSelected\":false,\"price\":\"\"}],\"formId\":6,\"description\":\"\",\"allowsPrepopulate\":false,\"inputMask\":false,\"inputMaskValue\":\"\",\"inputMaskIsCustom\":false,\"maxLength\":\"\",\"inputType\":\"\",\"labelPlacement\":\"\",\"descriptionPlacement\":\"\",\"subLabelPlacement\":\"\",\"placeholder\":\"\",\"cssClass\":\"\",\"inputName\":\"\",\"noDuplicates\":false,\"defaultValue\":\"\",\"conditionalLogic\":\"\",\"productField\":\"\",\"enablePrice\":\"\",\"pageNumber\":1,\"fields\":\"\",\"displayOnly\":\"\",\"multipleFiles\":false,\"maxFiles\":\"\",\"calculationFormula\":\"\",\"calculationRounding\":\"\",\"enableCalculation\":\"\",\"disableQuantity\":false,\"displayAllCategories\":false,\"useRichTextEditor\":false},{\"type\":\"text\",\"id\":7,\"label\":\"Quantity (MOQ 100 units)\",\"adminLabel\":\"\",\"isRequired\":false,\"size\":\"medium\",\"errorMessage\":\"\",\"visibility\":\"visible\",\"inputs\":null,\"formId\":6,\"description\":\"\",\"allowsPrepopulate\":false,\"inputMask\":false,\"inputMaskValue\":\"\",\"inputMaskIsCustom\":false,\"maxLength\":\"\",\"inputType\":\"\",\"labelPlacement\":\"\",\"descriptionPlacement\":\"\",\"subLabelPlacement\":\"\",\"placeholder\":\"\",\"cssClass\":\"\",\"inputName\":\"\",\"noDuplicates\":false,\"defaultValue\":\"\",\"choices\":\"\",\"conditionalLogic\":\"\",\"productField\":\"\",\"enablePasswordInput\":\"\",\"pageNumber\":1,\"fields\":\"\",\"displayOnly\":\"\",\"multipleFiles\":false,\"maxFiles\":\"\",\"calculationFormula\":\"\",\"calculationRounding\":\"\",\"enableCalculation\":\"\",\"disableQuantity\":false,\"displayAllCategories\":false,\"useRichTextEditor\":false},{\"type\":\"text\",\"id\":11,\"label\":\"Occassion\",\"adminLabel\":\"\",\"isRequired\":false,\"size\":\"medium\",\"errorMessage\":\"\",\"visibility\":\"visible\",\"inputs\":null,\"formId\":6,\"description\":\"\",\"allowsPrepopulate\":false,\"inputMask\":false,\"inputMaskValue\":\"\",\"inputMaskIsCustom\":false,\"maxLength\":\"\",\"inputType\":\"\",\"labelPlacement\":\"\",\"descriptionPlacement\":\"\",\"subLabelPlacement\":\"\",\"placeholder\":\"\",\"cssClass\":\"gf_right_half\",\"inputName\":\"\",\"noDuplicates\":false,\"defaultValue\":\"\",\"choices\":\"\",\"conditionalLogic\":\"\",\"productField\":\"\",\"enablePasswordInput\":\"\",\"pageNumber\":1,\"fields\":\"\",\"displayOnly\":\"\",\"multipleFiles\":false,\"maxFiles\":\"\",\"calculationFormula\":\"\",\"calculationRounding\":\"\",\"enableCalculation\":\"\",\"disableQuantity\":false,\"displayAllCategories\":false,\"useRichTextEditor\":false},{\"type\":\"date\",\"id\":12,\"label\":\"Deadline\",\"adminLabel\":\"\",\"isRequired\":false,\"size\":\"medium\",\"errorMessage\":\"\",\"visibility\":\"visible\",\"inputs\":null,\"dateType\":\"datepicker\",\"calendarIconType\":\"none\",\"formId\":6,\"description\":\"\",\"allowsPrepopulate\":false,\"inputMask\":false,\"inputMaskValue\":\"\",\"inputMaskIsCustom\":false,\"maxLength\":\"\",\"inputType\":\"\",\"labelPlacement\":\"\",\"descriptionPlacement\":\"\",\"subLabelPlacement\":\"\",\"placeholder\":\"\",\"cssClass\":\"gf_left_half\",\"inputName\":\"\",\"noDuplicates\":false,\"defaultValue\":\"\",\"choices\":\"\",\"conditionalLogic\":\"\",\"calendarIconUrl\":\"\",\"dateFormat\":\"\",\"productField\":\"\",\"multipleFiles\":false,\"maxFiles\":\"\",\"calculationFormula\":\"\",\"calculationRounding\":\"\",\"enableCalculation\":\"\",\"disableQuantity\":false,\"displayAllCategories\":false,\"useRichTextEditor\":false,\"pageNumber\":1,\"fields\":\"\",\"displayOnly\":\"\"},{\"type\":\"text\",\"id\":8,\"label\":\"Budget\",\"adminLabel\":\"\",\"isRequired\":false,\"size\":\"medium\",\"errorMessage\":\"\",\"visibility\":\"visible\",\"inputs\":null,\"formId\":6,\"description\":\"\",\"allowsPrepopulate\":false,\"inputMask\":false,\"inputMaskValue\":\"\",\"inputMaskIsCustom\":false,\"maxLength\":\"\",\"inputType\":\"\",\"labelPlacement\":\"\",\"descriptionPlacement\":\"\",\"subLabelPlacement\":\"\",\"placeholder\":\"\",\"cssClass\":\"gf_right_half\",\"inputName\":\"\",\"noDuplicates\":false,\"defaultValue\":\"\",\"choices\":\"\",\"conditionalLogic\":\"\",\"productField\":\"\",\"enablePasswordInput\":\"\",\"pageNumber\":1,\"fields\":\"\",\"displayOnly\":\"\",\"multipleFiles\":false,\"maxFiles\":\"\",\"calculationFormula\":\"\",\"calculationRounding\":\"\",\"enableCalculation\":\"\",\"disableQuantity\":false,\"displayAllCategories\":false,\"useRichTextEditor\":false},{\"type\":\"textarea\",\"id\":10,\"label\":\"Extra Notes\",\"adminLabel\":\"\",\"isRequired\":false,\"size\":\"medium\",\"errorMessage\":\"\",\"visibility\":\"visible\",\"inputs\":null,\"formId\":6,\"description\":\"\",\"allowsPrepopulate\":false,\"inputMask\":false,\"inputMaskValue\":\"\",\"inputMaskIsCustom\":false,\"maxLength\":\"\",\"inputType\":\"\",\"labelPlacement\":\"\",\"descriptionPlacement\":\"\",\"subLabelPlacement\":\"\",\"placeholder\":\"\",\"cssClass\":\"\",\"inputName\":\"\",\"noDuplicates\":false,\"defaultValue\":\"\",\"choices\":\"\",\"conditionalLogic\":\"\",\"productField\":\"\",\"form_id\":\"\",\"useRichTextEditor\":false,\"pageNumber\":1,\"fields\":\"\",\"displayOnly\":\"\",\"multipleFiles\":false,\"maxFiles\":\"\",\"calculationFormula\":\"\",\"calculationRounding\":\"\",\"enableCalculation\":\"\",\"disableQuantity\":false,\"displayAllCategories\":false}],\"version\":\"2.4.11.4\",\"id\":6,\"nextFieldId\":14,\"useCurrentUserAsAuthor\":true,\"postContentTemplateEnabled\":false,\"postTitleTemplateEnabled\":false,\"postTitleTemplate\":\"\",\"postContentTemplate\":\"\",\"lastPageButton\":null,\"pagination\":null,\"firstPageCssClass\":null}', NULL, '{\"5d63d6941874e\":{\"id\":\"5d63d6941874e\",\"name\":\"Default Confirmation\",\"isDefault\":true,\"type\":\"message\",\"message\":\"Thanks for contacting us! We will get in touch with you shortly.\",\"url\":\"\",\"pageId\":\"\",\"queryString\":\"\"}}', '{\"5d63d694184e5\":{\"id\":\"5d63d694184e5\",\"isActive\":true,\"to\":\"{admin_email}\",\"name\":\"Admin Notification\",\"event\":\"form_submission\",\"toType\":\"email\",\"subject\":\"New submission from {form_title}\",\"message\":\"{all_fields}\"}}');

-- --------------------------------------------------------

--
